78.129.161.54 - - [08/Aug/2016:12:06:17 +0100] "GET /checkout/shipping HTTP/1.0" 200 30768 "https://www.paiskincare.com/index.php?main_page=checkout_shipping_address" "Mozilla/5.0 (Macintosh; Intel Mac OS X 10_10_5) AppleWebKit/537.36 (KHTML, like Gecko) Chrome/51.0.2704.103 Safari/537.36"
78.129.161.54 - - [08/Aug/2016:12:06:20 +0100] "POST /cto_osc_link.php HTTP/1.0" 200 1389 "-" "CarryTheOne"
78.129.161.54 - - [08/Aug/2016:12:06:22 +0100] "GET /travel-kits-7/ HTTP/1.0" 200 34255 "https://www.paiskincare.com/" "Mozilla/5.0 (iPhone; CPU iPhone OS 9_3_3 like Mac OS X) AppleWebKit/601.1.46 (KHTML, like Gecko) Version/9.0 Mobile/13G34 Safari/601.1"
78.129.161.54 - - [08/Aug/2016:12:06:24 +0100] "POST /index.php?main_page=checkout_shipping HTTP/1.0" 302 786 "https://www.paiskincare.com/checkout/shipping" "Mozilla/5.0 (Macintosh; Intel Mac OS X 10_10_5) AppleWebKit/537.36 (KHTML, like Gecko) Chrome/51.0.2704.103 Safari/537.36"
78.129.161.54 - - [08/Aug/2016:12:06:25 +0100] "GET /index.php?main_page=checkout_payment HTTP/1.0" 200 38309 "https://www.paiskincare.com/checkout/shipping" "Mozilla/5.0 (Macintosh; Intel Mac OS X 10_10_5) AppleWebKit/537.36 (KHTML, like Gecko) Chrome/51.0.2704.103 Safari/537.36"
78.129.161.54 - - [08/Aug/2016:12:06:40 +0100] "GET /index.php?main_page=checkout_payment_address HTTP/1.0" 200 66896 "https://www.paiskincare.com/index.php?main_page=checkout_payment" "Mozilla/5.0 (Macintosh; Intel Mac OS X 10_10_5) AppleWebKit/537.36 (KHTML, like Gecko) Chrome/51.0.2704.103 Safari/537.36"
78.129.161.54 - - [08/Aug/2016:12:07:17 +0100] "GET /index.php?main_page=checkout_payment_address HTTP/1.0" 200 66896 "https://www.paiskincare.com/index.php?main_page=checkout_payment" "Mozilla/5.0 (Macintosh; Intel Mac OS X 10_10_5) AppleWebKit/537.36 (KHTML, like Gecko) Chrome/51.0.2704.103 Safari/537.36"
78.129.161.54 - - [08/Aug/2016:12:07:36 +0100] "POST /index.php?main_page=checkout_payment_address HTTP/1.0" 302 786 "https://www.paiskincare.com/index.php?main_page=checkout_payment_address" "Mozilla/5.0 (Macintosh; Intel Mac OS X 10_10_5) AppleWebKit/537.36 (KHTML, like Gecko) Chrome/51.0.2704.103 Safari/537.36"
78.129.161.54 - - [08/Aug/2016:12:07:36 +0100] "GET /index.php?main_page=checkout_payment HTTP/1.0" 200 38340 "https://www.paiskincare.com/index.php?main_page=checkout_payment_address" "Mozilla/5.0 (Macintosh; Intel Mac OS X 10_10_5) AppleWebKit/537.36 (KHTML, like Gecko) Chrome/51.0.2704.103 Safari/537.36"
78.129.161.54 - - [08/Aug/2016:12:08:03 +0100] "GET /checkout/shipping HTTP/1.0" 200 30796 "http://www.paiskincare.com/index.php?main_page=shopping_cart&product_id=48" "Mozilla/5.0 (Macintosh; Intel Mac OS X 10_10_5) AppleWebKit/537.36 (KHTML, like Gecko) Chrome/51.0.2704.103 Safari/537.36"
78.129.161.54 - - [08/Aug/2016:12:08:10 +0100] "POST /index.php?main_page=checkout_shipping HTTP/1.0" 302 786 "https://www.paiskincare.com/checkout/shipping" "Mozilla/5.0 (Macintosh; Intel Mac OS X 10_10_5) AppleWebKit/537.36 (KHTML, like Gecko) Chrome/51.0.2704.103 Safari/537.36"
78.129.161.54 - - [08/Aug/2016:12:08:10 +0100] "GET /index.php?main_page=checkout_payment HTTP/1.0" 200 38339 "https://www.paiskincare.com/checkout/shipping" "Mozilla/5.0 (Macintosh; Intel Mac OS X 10_10_5) AppleWebKit/537.36 (KHTML, like Gecko) Chrome/51.0.2704.103 Safari/537.36"
162.158.73.154 - - [08/Aug/2016:12:09:17 +0100] "POST /cto_osc_link.php HTTP/1.0" 200 1133 "-" "CarryTheOne"
78.129.161.54 - - [08/Aug/2016:12:11:45 +0100] "GET /checkout/shipping HTTP/1.0" 200 30796 "http://www.paiskincare.com/shopping-cart/" "Mozilla/5.0 (Macintosh; Intel Mac OS X 10_10_5) AppleWebKit/537.36 (KHTML, like Gecko) Chrome/51.0.2704.103 Safari/537.36"
78.129.161.54 - - [08/Aug/2016:12:11:52 +0100] "GET /log-off HTTP/1.0" 302 776 "https://www.paiskincare.com/checkout/shipping" "Mozilla/5.0 (Macintosh; Intel Mac OS X 10_10_5) AppleWebKit/537.36 (KHTML, like Gecko) Chrome/51.0.2704.103 Safari/537.36"
78.129.161.54 - - [08/Aug/2016:12:11:52 +0100] "GET /index.php?main_page=logoff HTTP/1.0" 301 704 "https://www.paiskincare.com/checkout/shipping" "Mozilla/5.0 (Macintosh; Intel Mac OS X 10_10_5) AppleWebKit/537.36 (KHTML, like Gecko) Chrome/51.0.2704.103 Safari/537.36"
78.129.161.54 - - [08/Aug/2016:12:11:53 +0100] "GET /log-off HTTP/1.0" 200 30778 "https://www.paiskincare.com/checkout/shipping" "Mozilla/5.0 (Macintosh; Intel Mac OS X 10_10_5) AppleWebKit/537.36 (KHTML, like Gecko) Chrome/51.0.2704.103 Safari/537.36"
78.129.161.54 - - [08/Aug/2016:12:12:17 +0100] "POST /cto_osc_link.php HTTP/1.0" 200 1389 "-" "CarryTheOne"
78.129.161.54 - - [08/Aug/2016:12:15:29 +0100] "GET /checkout/shipping HTTP/1.0" 302 775 "http://www.paiskincare.com/index.php?main_page=shopping_cart&number_of_uploads=0" "Mozilla/5.0 (compatible; MSIE 10.0; Windows NT 6.1; Trident/6.0)"
78.129.161.54 - - [08/Aug/2016:12:15:29 +0100] "GET /index.php?main_page=login HTTP/1.0" 301 710 "http://www.paiskincare.com/index.php?main_page=shopping_cart&number_of_uploads=0" "Mozilla/5.0 (compatible; MSIE 10.0; Windows NT 6.1; Trident/6.0)"
78.129.161.54 - - [08/Aug/2016:12:15:30 +0100] "GET /account/login HTTP/1.0" 200 68026 "http://www.paiskincare.com/index.php?main_page=shopping_cart&number_of_uploads=0" "Mozilla/5.0 (compatible; MSIE 10.0; Windows NT 6.1; Trident/6.0)"
162.158.73.154 - - [08/Aug/2016:12:15:29 +0100] "POST /cto_osc_link.php HTTP/1.0" 200 1133 "-" "CarryTheOne"
78.129.161.54 - - [08/Aug/2016:12:15:43 +0100] "POST /index.php?main_page=login&action=process HTTP/1.0" 302 869 "https://www.paiskincare.com/account/login" "Mozilla/5.0 (compatible; MSIE 10.0; Windows NT 6.1; Trident/6.0)"
78.129.161.54 - - [08/Aug/2016:12:15:43 +0100] "GET /index.php?main_page=checkout_shipping HTTP/1.0" 301 714 "https://www.paiskincare.com/account/login" "Mozilla/5.0 (compatible; MSIE 10.0; Windows NT 6.1; Trident/6.0)"
78.129.161.54 - - [08/Aug/2016:12:15:44 +0100] "GET /checkout/shipping HTTP/1.0" 200 30796 "https://www.paiskincare.com/account/login" "Mozilla/5.0 (compatible; MSIE 10.0; Windows NT 6.1; Trident/6.0)"
78.129.161.54 - - [08/Aug/2016:12:16:00 +0100] "POST /index.php?main_page=checkout_shipping HTTP/1.0" 302 786 "https://www.paiskincare.com/checkout/shipping" "Mozilla/5.0 (compatible; MSIE 10.0; Windows NT 6.1; Trident/6.0)"
78.129.161.54 - - [08/Aug/2016:12:16:00 +0100] "GET /index.php?main_page=checkout_payment HTTP/1.0" 200 38333 "https://www.paiskincare.com/checkout/shipping" "Mozilla/5.0 (compatible; MSIE 10.0; Windows NT 6.1; Trident/6.0)"
162.158.108.202 - - [08/Aug/2016:12:17:58 +0100] "GET /blog/tag/manicure/feed/ HTTP/1.0" 301 955 "-" "Mozilla/5.0 (compatible; AhrefsBot/5.1; +http://ahrefs.com/robot/)"
78.129.161.54 - - [08/Aug/2016:12:18:18 +0100] "POST /cto_osc_link.php HTTP/1.0" 200 1389 "-" "CarryTheOne"
162.158.73.154 - - [08/Aug/2016:12:21:21 +0100] "POST /cto_osc_link.php HTTP/1.0" 200 1133 "-" "CarryTheOne"
78.129.161.54 - - [08/Aug/2016:12:24:17 +0100] "POST /cto_osc_link.php HTTP/1.0" 200 1389 "-" "CarryTheOne"
78.129.161.54 - - [08/Aug/2016:12:25:13 +0100] "GET /checkout/shipping HTTP/1.0" 200 30795 "http://www.paiskincare.com/shopping-cart/" "Mozilla/5.0 (compatible; MSIE 10.0; Windows NT 6.1; Trident/6.0)"
78.129.161.54 - - [08/Aug/2016:12:25:17 +0100] "POST /index.php?main_page=checkout_shipping HTTP/1.0" 302 786 "https://www.paiskincare.com/checkout/shipping" "Mozilla/5.0 (compatible; MSIE 10.0; Windows NT 6.1; Trident/6.0)"
78.129.161.54 - - [08/Aug/2016:12:25:18 +0100] "GET /index.php?main_page=checkout_payment HTTP/1.0" 200 38329 "https://www.paiskincare.com/checkout/shipping" "Mozilla/5.0 (compatible; MSIE 10.0; Windows NT 6.1; Trident/6.0)"
157.55.39.66 - - [08/Aug/2016:12:25:44 +0100] "GET / HTTP/1.0" 200 9275 "-" "Mozilla/5.0 (compatible; bingbot/2.0; +http://www.bing.com/bingbot.htm)"
78.129.161.54 - - [08/Aug/2016:12:26:01 +0100] "POST /index.php?main_page=checkout_confirmation HTTP/1.0" 200 34911 "https://www.paiskincare.com/index.php?main_page=checkout_payment" "Mozilla/5.0 (compatible; MSIE 10.0; Windows NT 6.1; Trident/6.0)"
141.101.70.126 - - [08/Aug/2016:12:26:13 +0100] "POST /index.php?main_page=checkout_process HTTP/1.0" 302 918 "https://www.paiskincare.com/index.php?main_page=checkout_confirmation" "Mozilla/5.0 (compatible; MSIE 10.0; Windows NT 6.1; Trident/6.0)"
78.129.161.54 - - [08/Aug/2016:12:26:17 +0100] "GET /index.php?main_page=checkout_success HTTP/1.0" 200 27142 "https://www.paiskincare.com/index.php?main_page=checkout_confirmation" "Mozilla/5.0 (compatible; MSIE 10.0; Windows NT 6.1; Trident/6.0)"
162.158.73.154 - - [08/Aug/2016:12:27:18 +0100] "POST /cto_osc_link.php HTTP/1.0" 200 1855 "-" "CarryTheOne"
78.129.161.54 - - [08/Aug/2016:12:30:17 +0100] "POST /cto_osc_link.php HTTP/1.0" 200 1389 "-" "CarryTheOne"
162.158.73.154 - - [08/Aug/2016:12:33:18 +0100] "POST /cto_osc_link.php HTTP/1.0" 200 1133 "-" "CarryTheOne"
207.46.13.171 - - [08/Aug/2016:12:34:02 +0100] "GET /pages/organic-certification-137 HTTP/1.0" 200 9326 "-" "Mozilla/5.0 (compatible; bingbot/2.0; +http://www.bing.com/bingbot.htm)"
78.129.161.54 - - [08/Aug/2016:12:36:16 +0100] "POST /cto_osc_link.php HTTP/1.0" 200 6705 "-" "CarryTheOne"
141.101.70.126 - - [08/Aug/2016:12:38:10 +0100] "POST /index.php?main_page=checkout_success HTTP/1.0" 302 916 "https://www.paiskincare.com/index.php?main_page=checkout_success" "Mozilla/5.0 (compatible; MSIE 10.0; Windows NT 6.1; Trident/6.0)"
78.129.161.54 - - [08/Aug/2016:12:38:11 +0100] "GET /index.php?main_page=signup_success HTTP/1.0" 200 29664 "https://www.paiskincare.com/index.php?main_page=checkout_success" "Mozilla/5.0 (compatible; MSIE 10.0; Windows NT 6.1; Trident/6.0)"
157.55.39.66 - - [08/Aug/2016:12:38:25 +0100] "GET /pages/company-history-2 HTTP/1.0" 200 9746 "-" "Mozilla/5.0 (compatible; bingbot/2.0; +http://www.bing.com/bingbot.htm)"
162.158.73.154 - - [08/Aug/2016:12:39:19 +0100] "POST /cto_osc_link.php HTTP/1.0" 200 1133 "-" "CarryTheOne"
207.46.13.171 - - [08/Aug/2016:12:40:04 +0100] "GET /pages/gift-guide-180 HTTP/1.0" 200 9809 "-" "Mozilla/5.0 (compatible; bingbot/2.0; +http://www.bing.com/bingbot.htm)"
207.46.13.63 - - [08/Aug/2016:12:40:22 +0100] "GET /cleanse-tone-2/ HTTP/1.0" 200 9561 "-" "Mozilla/5.0 (compatible; bingbot/2.0; +http://www.bing.com/bingbot.htm)"
207.46.13.63 - - [08/Aug/2016:12:40:27 +0100] "GET /pages/pai-stockists-store-locator-62 HTTP/1.0" 200 11357 "-" "Mozilla/5.0 (compatible; bingbot/2.0; +http://www.bing.com/bingbot.htm)"
78.129.161.54 - - [08/Aug/2016:12:42:30 +0100] "POST /cto_osc_link.php HTTP/1.0" 200 1389 "-" "CarryTheOne"
157.55.39.246 - - [08/Aug/2016:12:44:27 +0100] "GET /dull-skin-10/ HTTP/1.0" 200 9492 "-" "Mozilla/5.0 (compatible; bingbot/2.0; +http://www.bing.com/bingbot.htm)"
162.158.108.196 - - [08/Aug/2016:12:45:03 +0100] "GET /blog/2013/01/07/5-ways-to-clean-your-beauty-regime/ HTTP/1.0" 301 1006 "-" "Mozilla/5.0 (compatible; AhrefsBot/5.1; +http://ahrefs.com/robot/)"
162.158.73.154 - - [08/Aug/2016:12:45:18 +0100] "POST /cto_osc_link.php HTTP/1.0" 200 1133 "-" "CarryTheOne"
78.129.161.54 - - [08/Aug/2016:12:48:18 +0100] "POST /cto_osc_link.php HTTP/1.0" 200 1389 "-" "CarryTheOne"
162.158.73.154 - - [08/Aug/2016:12:51:18 +0100] "POST /cto_osc_link.php HTTP/1.0" 200 1133 "-" "CarryTheOne"
5.104.241.192 - - [08/Aug/2016:12:53:10 +0100] "GET / HTTP/1.0" 200 9465 "-" "Opera/9.25 (Windows NT 6.0; U; en)"
78.129.161.54 - - [08/Aug/2016:12:54:19 +0100] "POST /cto_osc_link.php HTTP/1.0" 200 1389 "-" "CarryTheOne"
157.55.39.246 - - [08/Aug/2016:12:55:18 +0100] "GET /pages/recruitment-138 HTTP/1.0" 200 8882 "-" "Mozilla/5.0 (compatible; bingbot/2.0; +http://www.bing.com/bingbot.htm)"
78.129.161.54 - - [08/Aug/2016:12:55:46 +0100] "GET /pages/terms-conditions-50 HTTP/1.0" 200 51579 "-" "Mozilla/5.0 (compatible; bingbot/2.0; +http://www.bing.com/bingbot.htm)"
162.158.73.154 - - [08/Aug/2016:12:57:33 +0100] "POST /cto_osc_link.php HTTP/1.0" 200 1133 "-" "CarryTheOne"
162.158.153.10 - - [08/Aug/2016:12:58:56 +0100] "GET /index.php?main_page=checkout_payment HTTP/1.0" 302 910 "-" "Mozilla/5.0 (Macintosh; Intel Mac OS X 10_10_5) AppleWebKit/537.36 (KHTML, like Gecko) Chrome/51.0.2704.103 Safari/537.36"
78.129.161.54 - - [08/Aug/2016:12:58:57 +0100] "GET /index.php?main_page=time_out HTTP/1.0" 302 801 "-" "Mozilla/5.0 (Macintosh; Intel Mac OS X 10_10_5) AppleWebKit/537.36 (KHTML, like Gecko) Chrome/51.0.2704.103 Safari/537.36"
207.46.13.63 - - [08/Aug/2016:12:59:15 +0100] "GET /dry-dehydrated-20/ HTTP/1.0" 200 10088 "-" "Mozilla/5.0 (compatible; bingbot/2.0; +http://www.bing.com/bingbot.htm)"
78.129.161.54 - - [08/Aug/2016:12:59:35 +0100] "GET /blog/industry-beauty-awards/ HTTP/1.0" 301 962 "-" "Mozilla/5.0 (compatible; bingbot/2.0; +http://www.bing.com/bingbot.htm)"
78.129.161.54 - - [08/Aug/2016:12:59:36 +0100] "GET /blog/ HTTP/1.0" 301 916 "-" "Mozilla/5.0 (compatible; bingbot/2.0; +http://www.bing.com/bingbot.htm)"
78.129.161.54 - - [08/Aug/2016:12:59:54 +0100] "POST /index.php?main_page=login&action=process HTTP/1.0" 302 857 "http://www.paiskincare.com/index.php?main_page=login&action=process" "Mozilla/5.0 (Macintosh; Intel Mac OS X 10_10_5) AppleWebKit/537.36 (KHTML, like Gecko) Chrome/51.0.2704.103 Safari/537.36"
78.129.161.54 - - [08/Aug/2016:12:59:54 +0100] "GET /index.php?main_page=index HTTP/1.0" 301 697 "http://www.paiskincare.com/index.php?main_page=login&action=process" "Mozilla/5.0 (Macintosh; Intel Mac OS X 10_10_5) AppleWebKit/537.36 (KHTML, like Gecko) Chrome/51.0.2704.103 Safari/537.36"
78.129.161.54 - - [08/Aug/2016:12:59:54 +0100] "GET / HTTP/1.0" 200 31064 "http://www.paiskincare.com/index.php?main_page=login&action=process" "Mozilla/5.0 (Macintosh; Intel Mac OS X 10_10_5) AppleWebKit/537.36 (KHTML, like Gecko) Chrome/51.0.2704.103 Safari/537.36"
78.129.161.54 - - [08/Aug/2016:13:00:10 +0100] "GET /blog/category/diet-and-lifestyle/ HTTP/1.0" 301 954 "-" "Mozilla/5.0 (compatible; bingbot/2.0; +http://www.bing.com/bingbot.htm)"
78.129.161.54 - - [08/Aug/2016:13:00:31 +0100] "POST /cto_osc_link.php HTTP/1.0" 200 1389 "-" "CarryTheOne"
207.46.13.171 - - [08/Aug/2016:13:02:10 +0100] "GET /petit-pai-35/ HTTP/1.0" 200 9360 "-" "Mozilla/5.0 (compatible; bingbot/2.0; +http://www.bing.com/bingbot.htm)"
162.158.73.154 - - [08/Aug/2016:13:03:18 +0100] "POST /cto_osc_link.php HTTP/1.0" 200 1133 "-" "CarryTheOne"
207.46.13.171 - - [08/Aug/2016:13:03:37 +0100] "GET /pregnancy-28/ HTTP/1.0" 200 9491 "-" "Mozilla/5.0 (compatible; bingbot/2.0; +http://www.bing.com/bingbot.htm)"
78.129.161.54 - - [08/Aug/2016:13:06:16 +0100] "POST /cto_osc_link.php HTTP/1.0" 200 1389 "-" "CarryTheOne"
62.232.56.222 - - [08/Aug/2016:13:08:40 +0100] "GET / HTTP/1.0" 200 9464 "-" "Mozilla/5.0 (Macintosh; Intel Mac OS X 10_11_6) AppleWebKit/601.7.7 (KHTML, like Gecko)"
78.129.161.54 - - [08/Aug/2016:13:08:41 +0100] "GET / HTTP/1.0" 200 31061 "-" "Mozilla/5.0 (iPhone; CPU iPhone OS 9_3 like Mac OS X) AppleWebKit/601.1.46 (KHTML, like Gecko) Version/9.0 Mobile/13E188a Safari/601.1"
157.55.39.246 - - [08/Aug/2016:13:08:48 +0100] "GET /masks-exfoliators-25/ HTTP/1.0" 200 9500 "-" "Mozilla/5.0 (compatible; bingbot/2.0; +http://www.bing.com/bingbot.htm)"
162.158.73.154 - - [08/Aug/2016:13:09:20 +0100] "POST /cto_osc_link.php HTTP/1.0" 200 1133 "-" "CarryTheOne"
78.129.161.54 - - [08/Aug/2016:13:09:30 +0100] "GET /checkout/shipping HTTP/1.0" 302 775 "http://www.paiskincare.com/index.php?main_page=shopping_cart&number_of_uploads=0" "Mozilla/5.0 (Windows NT 6.1; WOW64) AppleWebKit/537.36 (KHTML, like Gecko) Chrome/52.0.2743.116 Safari/537.36"
78.129.161.54 - - [08/Aug/2016:13:09:31 +0100] "GET /index.php?main_page=login HTTP/1.0" 301 710 "http://www.paiskincare.com/index.php?main_page=shopping_cart&number_of_uploads=0" "Mozilla/5.0 (Windows NT 6.1; WOW64) AppleWebKit/537.36 (KHTML, like Gecko) Chrome/52.0.2743.116 Safari/537.36"
78.129.161.54 - - [08/Aug/2016:13:09:31 +0100] "GET /account/login HTTP/1.0" 200 67998 "http://www.paiskincare.com/index.php?main_page=shopping_cart&number_of_uploads=0" "Mozilla/5.0 (Windows NT 6.1; WOW64) AppleWebKit/537.36 (KHTML, like Gecko) Chrome/52.0.2743.116 Safari/537.36"
78.129.161.54 - - [08/Aug/2016:13:09:43 +0100] "GET /ipn_main_handler.php?type=ec HTTP/1.0" 302 823 "https://www.paiskincare.com/account/login" "Mozilla/5.0 (Windows NT 6.1; WOW64) AppleWebKit/537.36 (KHTML, like Gecko) Chrome/52.0.2743.116 Safari/537.36"
78.129.161.54 - - [08/Aug/2016:13:10:06 +0100] "GET /ipn_main_handler.php?type=ec&token=EC-7RY50843206670244&PayerID=95XXC4Y5K83Q6 HTTP/1.0" 302 868 "https://www.paypal.com/cgi-bin/webscr?cmd=_express-checkout&token=EC-7RY50843206670244&useraction=continue" "Mozilla/5.0 (Windows NT 6.1; WOW64) AppleWebKit/537.36 (KHTML, like Gecko) Chrome/52.0.2743.116 Safari/537.36"
78.129.161.54 - - [08/Aug/2016:13:10:08 +0100] "GET /index.php?main_page=checkout_payment HTTP/1.0" 200 34264 "https://www.paypal.com/cgi-bin/webscr?cmd=_express-checkout&token=EC-7RY50843206670244&useraction=continue" "Mozilla/5.0 (Windows NT 6.1; WOW64) AppleWebKit/537.36 (KHTML, like Gecko) Chrome/52.0.2743.116 Safari/537.36"
78.129.161.54 - - [08/Aug/2016:13:10:30 +0100] "POST /index.php?main_page=checkout_confirmation HTTP/1.0" 200 33398 "https://www.paiskincare.com/index.php?main_page=checkout_payment" "Mozilla/5.0 (Windows NT 6.1; WOW64) AppleWebKit/537.36 (KHTML, like Gecko) Chrome/52.0.2743.116 Safari/537.36"
78.129.161.54 - - [08/Aug/2016:13:11:14 +0100] "POST /index.php?main_page=checkout_process HTTP/1.0" 302 786 "https://www.paiskincare.com/index.php?main_page=checkout_confirmation" "Mozilla/5.0 (Windows NT 6.1; WOW64) AppleWebKit/537.36 (KHTML, like Gecko) Chrome/52.0.2743.116 Safari/537.36"
78.129.161.54 - - [08/Aug/2016:13:11:20 +0100] "GET /index.php?main_page=checkout_success HTTP/1.0" 200 27015 "https://www.paiskincare.com/index.php?main_page=checkout_confirmation" "Mozilla/5.0 (Windows NT 6.1; WOW64) AppleWebKit/537.36 (KHTML, like Gecko) Chrome/52.0.2743.116 Safari/537.36"
78.129.161.54 - - [08/Aug/2016:13:11:52 +0100] "GET /pages/delivery-information-52 HTTP/1.0" 200 31136 "https://www.paiskincare.com/index.php?main_page=checkout_success" "Mozilla/5.0 (Windows NT 6.1; WOW64) AppleWebKit/537.36 (KHTML, like Gecko) Chrome/52.0.2743.116 Safari/537.36"
78.129.161.54 - - [08/Aug/2016:13:12:17 +0100] "POST /cto_osc_link.php HTTP/1.0" 200 2873 "-" "CarryTheOne"
207.46.13.171 - - [08/Aug/2016:13:12:49 +0100] "GET /combination-blemish-prone-skin-19/ HTTP/1.0" 200 10151 "-" "Mozilla/5.0 (compatible; bingbot/2.0; +http://www.bing.com/bingbot.htm)"
78.129.161.54 - - [08/Aug/2016:13:14:23 +0100] "GET /pages/30-day-satisfaction-guarantee-146 HTTP/1.0" 200 35543 "-" "Mozilla/5.0 (compatible; bingbot/2.0; +http://www.bing.com/bingbot.htm)"
78.129.161.54 - - [08/Aug/2016:13:15:09 +0100] "GET /pages/trade-wholesale-enquiries-110 HTTP/1.0" 200 28434 "-" "Mozilla/5.0 (compatible; bingbot/2.0; +http://www.bing.com/bingbot.htm)"
162.158.73.154 - - [08/Aug/2016:13:15:32 +0100] "POST /cto_osc_link.php HTTP/1.0" 200 1133 "-" "CarryTheOne"
86.2.86.47 - - [08/Aug/2016:13:18:16 +0100] "GET /checkout/shipping HTTP/1.0" 200 9087 "http://www.paiskincare.com/shopping-cart/" "Mozilla/5.0 (Macintosh; Intel Mac OS X 10_10_5) AppleWebKit/537.36 (KHTML, like Gecko) Chrome/51.0.2704.103 Safari/537.36"
78.129.161.54 - - [08/Aug/2016:13:18:20 +0100] "POST /cto_osc_link.php HTTP/1.0" 200 1389 "-" "CarryTheOne"
78.129.161.54 - - [08/Aug/2016:13:18:20 +0100] "GET /index.php?main_page=checkout_shipping_address HTTP/1.0" 200 69350 "https://www.paiskincare.com/checkout/shipping" "Mozilla/5.0 (Macintosh; Intel Mac OS X 10_10_5) AppleWebKit/537.36 (KHTML, like Gecko) Chrome/51.0.2704.103 Safari/537.36"
78.129.161.54 - - [08/Aug/2016:13:18:26 +0100] "POST /index.php?main_page=checkout_shipping_address HTTP/1.0" 302 787 "https://www.paiskincare.com/index.php?main_page=checkout_shipping_address" "Mozilla/5.0 (Macintosh; Intel Mac OS X 10_10_5) AppleWebKit/537.36 (KHTML, like Gecko) Chrome/51.0.2704.103 Safari/537.36"
162.158.153.10 - - [08/Aug/2016:13:18:26 +0100] "GET /index.php?main_page=checkout_shipping HTTP/1.0" 301 846 "https://www.paiskincare.com/index.php?main_page=checkout_shipping_address" "Mozilla/5.0 (Macintosh; Intel Mac OS X 10_10_5) AppleWebKit/537.36 (KHTML, like Gecko) Chrome/51.0.2704.103 Safari/537.36"
78.129.161.54 - - [08/Aug/2016:13:18:26 +0100] "GET /checkout/shipping HTTP/1.0" 200 30796 "https://www.paiskincare.com/index.php?main_page=checkout_shipping_address" "Mozilla/5.0 (Macintosh; Intel Mac OS X 10_10_5) AppleWebKit/537.36 (KHTML, like Gecko) Chrome/51.0.2704.103 Safari/537.36"
78.129.161.54 - - [08/Aug/2016:13:18:33 +0100] "POST /index.php?main_page=checkout_shipping HTTP/1.0" 302 6102 "https://www.paiskincare.com/checkout/shipping" "Mozilla/5.0 (Macintosh; Intel Mac OS X 10_10_5) AppleWebKit/537.36 (KHTML, like Gecko) Chrome/51.0.2704.103 Safari/537.36"
78.129.161.54 - - [08/Aug/2016:13:18:33 +0100] "GET /index.php?main_page=checkout_payment HTTP/1.0" 200 38337 "https://www.paiskincare.com/checkout/shipping" "Mozilla/5.0 (Macintosh; Intel Mac OS X 10_10_5) AppleWebKit/537.36 (KHTML, like Gecko) Chrome/51.0.2704.103 Safari/537.36"
78.129.161.54 - - [08/Aug/2016:13:18:36 +0100] "GET /index.php?main_page=checkout_payment_address HTTP/1.0" 200 66895 "https://www.paiskincare.com/index.php?main_page=checkout_payment" "Mozilla/5.0 (Macintosh; Intel Mac OS X 10_10_5) AppleWebKit/537.36 (KHTML, like Gecko) Chrome/51.0.2704.103 Safari/537.36"
78.129.161.54 - - [08/Aug/2016:13:18:40 +0100] "POST /index.php?main_page=checkout_payment_address HTTP/1.0" 302 786 "https://www.paiskincare.com/index.php?main_page=checkout_payment_address" "Mozilla/5.0 (Macintosh; Intel Mac OS X 10_10_5) AppleWebKit/537.36 (KHTML, like Gecko) Chrome/51.0.2704.103 Safari/537.36"
78.129.161.54 - - [08/Aug/2016:13:18:40 +0100] "GET /index.php?main_page=checkout_payment HTTP/1.0" 200 38339 "https://www.paiskincare.com/index.php?main_page=checkout_payment_address" "Mozilla/5.0 (Macintosh; Intel Mac OS X 10_10_5) AppleWebKit/537.36 (KHTML, like Gecko) Chrome/51.0.2704.103 Safari/537.36"
78.129.161.54 - - [08/Aug/2016:13:19:19 +0100] "POST /index.php?main_page=checkout_confirmation HTTP/1.0" 200 34527 "https://www.paiskincare.com/index.php?main_page=checkout_payment" "Mozilla/5.0 (Macintosh; Intel Mac OS X 10_10_5) AppleWebKit/537.36 (KHTML, like Gecko) Chrome/51.0.2704.103 Safari/537.36"
78.129.161.54 - - [08/Aug/2016:13:19:28 +0100] "POST /index.php?main_page=checkout_process HTTP/1.0" 302 786 "https://www.paiskincare.com/index.php?main_page=checkout_confirmation" "Mozilla/5.0 (Macintosh; Intel Mac OS X 10_10_5) AppleWebKit/537.36 (KHTML, like Gecko) Chrome/51.0.2704.103 Safari/537.36"
78.129.161.54 - - [08/Aug/2016:13:19:33 +0100] "GET /index.php?main_page=checkout_success HTTP/1.0" 200 26952 "https://www.paiskincare.com/index.php?main_page=checkout_confirmation" "Mozilla/5.0 (Macintosh; Intel Mac OS X 10_10_5) AppleWebKit/537.36 (KHTML, like Gecko) Chrome/51.0.2704.103 Safari/537.36"
78.129.161.54 - - [08/Aug/2016:13:19:39 +0100] "POST /index.php?main_page=checkout_success HTTP/1.0" 200 26590 "https://www.paiskincare.com/index.php?main_page=checkout_success" "Mozilla/5.0 (Macintosh; Intel Mac OS X 10_10_5) AppleWebKit/537.36 (KHTML, like Gecko) Chrome/51.0.2704.103 Safari/537.36"
78.129.161.54 - - [08/Aug/2016:13:19:47 +0100] "GET /pages/about-pai-1 HTTP/1.0" 200 32119 "https://www.paiskincare.com/index.php?main_page=checkout_success" "Mozilla/5.0 (Macintosh; Intel Mac OS X 10_10_5) AppleWebKit/537.36 (KHTML, like Gecko) Chrome/51.0.2704.103 Safari/537.36"
78.129.161.54 - - [08/Aug/2016:13:19:49 +0100] "GET /moisturisers-1/ HTTP/1.0" 200 35213 "https://www.paiskincare.com/pages/about-pai-1" "Mozilla/5.0 (Macintosh; Intel Mac OS X 10_10_5) AppleWebKit/537.36 (KHTML, like Gecko) Chrome/51.0.2704.103 Safari/537.36"
162.158.73.154 - - [08/Aug/2016:13:21:25 +0100] "POST /cto_osc_link.php HTTP/1.0" 200 1752 "-" "CarryTheOne"
78.129.161.54 - - [08/Aug/2016:13:22:11 +0100] "GET /eye-care-3/ HTTP/1.0" 200 32459 "-" "Mozilla/5.0 (compatible; bingbot/2.0; +http://www.bing.com/bingbot.htm)"
78.129.161.54 - - [08/Aug/2016:13:24:20 +0100] "POST /cto_osc_link.php HTTP/1.0" 200 1389 "-" "CarryTheOne"
162.158.76.70 - - [08/Aug/2016:13:25:18 +0100] "GET /index.php?main_page=product_info&cPath=17&products_id=34 HTTP/1.0" 301 805 "-" "Mozilla/5.0 (compatible; Googlebot/2.1; +http://www.google.com/bot.html)"
66.249.66.141 - - [08/Aug/2016:13:25:19 +0100] "GET /pomegranate-pumpkin-seed-stretch-mark-system-34 HTTP/1.0" 200 12047 "-" "Mozilla/5.0 (compatible; Googlebot/2.1; +http://www.google.com/bot.html)"
78.129.161.54 - - [08/Aug/2016:13:25:19 +0100] "GET /pomegranate-pumpkin-seed-stretch-mark-system-34 HTTP/1.0" 200 41137 "-" "Mozilla/5.0 (compatible; Googlebot/2.1; +http://www.google.com/bot.html)"
157.55.39.66 - - [08/Aug/2016:13:25:58 +0100] "GET /pages/company-ethics-3 HTTP/1.0" 200 9219 "-" "Mozilla/5.0 (compatible; bingbot/2.0; +http://www.bing.com/bingbot.htm)"
78.129.161.54 - - [08/Aug/2016:13:27:07 +0100] "GET /checkout/shipping HTTP/1.0" 302 775 "http://www.paiskincare.com/index.php?main_page=shopping_cart&number_of_uploads=0" "Mozilla/5.0 (iPhone; CPU iPhone OS 9_3_2 like Mac OS X) AppleWebKit/601.1.46 (KHTML, like Gecko) Version/9.0 Mobile/13F69 Safari/601.1"
78.129.161.54 - - [08/Aug/2016:13:27:08 +0100] "GET /index.php?main_page=login HTTP/1.0" 301 710 "http://www.paiskincare.com/index.php?main_page=shopping_cart&number_of_uploads=0" "Mozilla/5.0 (iPhone; CPU iPhone OS 9_3_2 like Mac OS X) AppleWebKit/601.1.46 (KHTML, like Gecko) Version/9.0 Mobile/13F69 Safari/601.1"
78.129.161.54 - - [08/Aug/2016:13:27:08 +0100] "GET /account/login HTTP/1.0" 200 68026 "http://www.paiskincare.com/index.php?main_page=shopping_cart&number_of_uploads=0" "Mozilla/5.0 (iPhone; CPU iPhone OS 9_3_2 like Mac OS X) AppleWebKit/601.1.46 (KHTML, like Gecko) Version/9.0 Mobile/13F69 Safari/601.1"
78.129.161.54 - - [08/Aug/2016:13:27:18 +0100] "GET /index.php?main_page=no_account HTTP/1.0" 200 67704 "https://www.paiskincare.com/account/login" "Mozilla/5.0 (iPhone; CPU iPhone OS 9_3_2 like Mac OS X) AppleWebKit/601.1.46 (KHTML, like Gecko) Version/9.0 Mobile/13F69 Safari/601.1"
162.158.73.154 - - [08/Aug/2016:13:27:28 +0100] "POST /cto_osc_link.php HTTP/1.0" 200 1133 "-" "CarryTheOne"
108.162.228.166 - - [08/Aug/2016:13:27:44 +0100] "GET /blog/tag/charcoal/ HTTP/1.0" 301 947 "-" "Mozilla/5.0 (compatible; AhrefsBot/5.1; +http://ahrefs.com/robot/)"
207.46.13.171 - - [08/Aug/2016:13:28:37 +0100] "GET /pages/delivery-information-52 HTTP/1.0" 200 8812 "-" "Mozilla/5.0 (compatible; bingbot/2.0; +http://www.bing.com/bingbot.htm)"
78.129.161.54 - - [08/Aug/2016:13:30:43 +0100] "POST /cto_osc_link.php HTTP/1.0" 200 1389 "-" "CarryTheOne"
78.129.161.54 - - [08/Aug/2016:13:31:48 +0100] "GET /checkout/shipping HTTP/1.0" 302 775 "http://www.paiskincare.com/index.php?main_page=shopping_cart&number_of_uploads=0" "Mozilla/5.0 (Macintosh; Intel Mac OS X 10_11_4) AppleWebKit/601.5.17 (KHTML, like Gecko) Version/9.1 Safari/601.5.17"
78.129.161.54 - - [08/Aug/2016:13:31:49 +0100] "GET /index.php?main_page=login HTTP/1.0" 301 710 "http://www.paiskincare.com/index.php?main_page=shopping_cart&number_of_uploads=0" "Mozilla/5.0 (Macintosh; Intel Mac OS X 10_11_4) AppleWebKit/601.5.17 (KHTML, like Gecko) Version/9.1 Safari/601.5.17"
78.129.161.54 - - [08/Aug/2016:13:31:49 +0100] "GET /account/login HTTP/1.0" 200 67998 "http://www.paiskincare.com/index.php?main_page=shopping_cart&number_of_uploads=0" "Mozilla/5.0 (Macintosh; Intel Mac OS X 10_11_4) AppleWebKit/601.5.17 (KHTML, like Gecko) Version/9.1 Safari/601.5.17"
78.129.161.54 - - [08/Aug/2016:13:31:57 +0100] "GET /index.php?main_page=no_account HTTP/1.0" 200 67705 "https://www.paiskincare.com/account/login" "Mozilla/5.0 (Macintosh; Intel Mac OS X 10_11_4) AppleWebKit/601.5.17 (KHTML, like Gecko) Version/9.1 Safari/601.5.17"
162.158.153.130 - - [08/Aug/2016:13:33:02 +0100] "POST /index.php?main_page=no_account HTTP/1.0" 302 1001 "https://www.paiskincare.com/index.php?main_page=no_account" "Mozilla/5.0 (Macintosh; Intel Mac OS X 10_11_4) AppleWebKit/601.5.17 (KHTML, like Gecko) Version/9.1 Safari/601.5.17"
78.129.161.54 - - [08/Aug/2016:13:33:02 +0100] "GET /index.php?main_page=checkout_shipping HTTP/1.0" 301 714 "https://www.paiskincare.com/index.php?main_page=no_account" "Mozilla/5.0 (Macintosh; Intel Mac OS X 10_11_4) AppleWebKit/601.5.17 (KHTML, like Gecko) Version/9.1 Safari/601.5.17"
86.164.41.1 - - [08/Aug/2016:13:33:02 +0100] "GET /checkout/shipping HTTP/1.0" 200 9073 "https://www.paiskincare.com/index.php?main_page=no_account" "Mozilla/5.0 (Macintosh; Intel Mac OS X 10_11_4) AppleWebKit/601.5.17 (KHTML, like Gecko) Version/9.1 Safari/601.5.17"
78.129.161.54 - - [08/Aug/2016:13:33:15 +0100] "POST /index.php?main_page=checkout_shipping HTTP/1.0" 302 786 "https://www.paiskincare.com/checkout/shipping" "Mozilla/5.0 (Macintosh; Intel Mac OS X 10_11_4) AppleWebKit/601.5.17 (KHTML, like Gecko) Version/9.1 Safari/601.5.17"
78.129.161.54 - - [08/Aug/2016:13:33:16 +0100] "GET /index.php?main_page=checkout_payment HTTP/1.0" 200 37544 "https://www.paiskincare.com/checkout/shipping" "Mozilla/5.0 (Macintosh; Intel Mac OS X 10_11_4) AppleWebKit/601.5.17 (KHTML, like Gecko) Version/9.1 Safari/601.5.17"
162.158.73.154 - - [08/Aug/2016:13:33:20 +0100] "POST /cto_osc_link.php HTTP/1.0" 200 1133 "-" "CarryTheOne"
78.129.161.54 - - [08/Aug/2016:13:34:24 +0100] "POST /index.php?main_page=checkout_confirmation HTTP/1.0" 200 40549 "https://www.paiskincare.com/index.php?main_page=checkout_payment" "Mozilla/5.0 (Macintosh; Intel Mac OS X 10_11_4) AppleWebKit/601.5.17 (KHTML, like Gecko) Version/9.1 Safari/601.5.17"
78.129.161.54 - - [08/Aug/2016:13:34:39 +0100] "POST /index.php?main_page=checkout_process HTTP/1.0" 302 786 "https://www.paiskincare.com/index.php?main_page=checkout_confirmation" "Mozilla/5.0 (Macintosh; Intel Mac OS X 10_11_4) AppleWebKit/601.5.17 (KHTML, like Gecko) Version/9.1 Safari/601.5.17"
78.129.161.54 - - [08/Aug/2016:13:34:44 +0100] "GET /index.php?main_page=checkout_success HTTP/1.0" 200 26975 "https://www.paiskincare.com/index.php?main_page=checkout_confirmation" "Mozilla/5.0 (Macintosh; Intel Mac OS X 10_11_4) AppleWebKit/601.5.17 (KHTML, like Gecko) Version/9.1 Safari/601.5.17"
162.158.33.95 - - [08/Aug/2016:13:35:29 +0100] "GET /index.php?main_page=time_out&zenid=48oh42j4ms3acufutvvur91p14 HTTP/1.0" 200 9243 "-" "Mozilla/5.0 (Linux; Android 6.0.1; Nexus 5 Build/MOB30Y) AppleWebKit/537.36 (KHTML, like Gecko) Chrome/51.0.2704.81 Mobile Safari/537.36"
78.129.161.54 - - [08/Aug/2016:13:36:14 +0100] "GET /account/login HTTP/1.0" 200 66946 "http://www.paiskincare.com/" "Mozilla/5.0 (Linux; Android 6.0.1; Nexus 5 Build/MOB30Y) AppleWebKit/537.36 (KHTML, like Gecko) Chrome/51.0.2704.81 Mobile Safari/537.36"
78.129.161.54 - - [08/Aug/2016:13:36:17 +0100] "POST /cto_osc_link.php HTTP/1.0" 200 3243 "-" "CarryTheOne"
78.129.161.54 - - [08/Aug/2016:13:36:33 +0100] "POST /index.php?main_page=login&action=process HTTP/1.0" 302 857 "https://www.paiskincare.com/account/login" "Mozilla/5.0 (Linux; Android 6.0.1; Nexus 5 Build/MOB30Y) AppleWebKit/537.36 (KHTML, like Gecko) Chrome/51.0.2704.81 Mobile Safari/537.36"
78.129.161.54 - - [08/Aug/2016:13:36:33 +0100] "GET /index.php?main_page=index HTTP/1.0" 301 697 "https://www.paiskincare.com/account/login" "Mozilla/5.0 (Linux; Android 6.0.1; Nexus 5 Build/MOB30Y) AppleWebKit/537.36 (KHTML, like Gecko) Chrome/51.0.2704.81 Mobile Safari/537.36"
78.129.161.54 - - [08/Aug/2016:13:36:34 +0100] "GET / HTTP/1.0" 200 30914 "https://www.paiskincare.com/account/login" "Mozilla/5.0 (Linux; Android 6.0.1; Nexus 5 Build/MOB30Y) AppleWebKit/537.36 (KHTML, like Gecko) Chrome/51.0.2704.81 Mobile Safari/537.36"
78.129.161.54 - - [08/Aug/2016:13:36:49 +0100] "GET /moisturisers-1/ HTTP/1.0" 200 35213 "https://www.paiskincare.com/" "Mozilla/5.0 (Linux; Android 6.0.1; Nexus 5 Build/MOB30Y) AppleWebKit/537.36 (KHTML, like Gecko) Chrome/51.0.2704.81 Mobile Safari/537.36"
162.158.73.154 - - [08/Aug/2016:13:39:18 +0100] "POST /cto_osc_link.php HTTP/1.0" 200 1133 "-" "CarryTheOne"
157.55.39.66 - - [08/Aug/2016:13:40:22 +0100] "GET /pages/delivery-returns-52 HTTP/1.0" 301 787 "-" "Mozilla/5.0 (compatible; bingbot/2.0; +http://www.bing.com/bingbot.htm)"
78.129.161.54 - - [08/Aug/2016:13:41:16 +0100] "GET /checkout/shipping HTTP/1.0" 200 30784 "http://www.paiskincare.com/index.php?main_page=shopping_cart&number_of_uploads=0" "Mozilla/5.0 (Linux; Android 6.0.1; Nexus 5 Build/MOB30Y) AppleWebKit/537.36 (KHTML, like Gecko) Chrome/51.0.2704.81 Mobile Safari/537.36"
78.129.161.54 - - [08/Aug/2016:13:41:31 +0100] "POST /index.php?main_page=checkout_shipping HTTP/1.0" 302 786 "https://www.paiskincare.com/checkout/shipping" "Mozilla/5.0 (Linux; Android 6.0.1; Nexus 5 Build/MOB30Y) AppleWebKit/537.36 (KHTML, like Gecko) Chrome/51.0.2704.81 Mobile Safari/537.36"
194.75.63.11 - - [08/Aug/2016:13:41:32 +0100] "GET / HTTP/1.0" 200 9456 "-" "Mozilla/5.0 (Windows NT 6.1; WOW64) AppleWebKit/537.36 (KHTML, like Gecko) Chrome/51.0.2704.103 Safari/537.36"
78.129.161.54 - - [08/Aug/2016:13:41:32 +0100] "GET /index.php?main_page=checkout_payment HTTP/1.0" 200 38318 "https://www.paiskincare.com/checkout/shipping" "Mozilla/5.0 (Linux; Android 6.0.1; Nexus 5 Build/MOB30Y) AppleWebKit/537.36 (KHTML, like Gecko) Chrome/51.0.2704.81 Mobile Safari/537.36"
78.129.161.54 - - [08/Aug/2016:13:42:09 +0100] "GET /blog/ HTTP/1.0" 301 916 "https://www.paiskincare.com/" "Mozilla/5.0 (Windows NT 6.1; WOW64) AppleWebKit/537.36 (KHTML, like Gecko) Chrome/51.0.2704.103 Safari/537.36"
78.129.161.54 - - [08/Aug/2016:13:42:17 +0100] "POST /cto_osc_link.php HTTP/1.0" 200 1389 "-" "CarryTheOne"
78.129.161.54 - - [08/Aug/2016:13:43:11 +0100] "GET /checkout/shipping HTTP/1.0" 200 30784 "http://www.paiskincare.com/index.php?main_page=shopping_cart&number_of_uploads=0" "Mozilla/5.0 (Linux; Android 6.0.1; Nexus 5 Build/MOB30Y) AppleWebKit/537.36 (KHTML, like Gecko) Chrome/51.0.2704.81 Mobile Safari/537.36"
78.129.161.54 - - [08/Aug/2016:13:43:37 +0100] "GET /checkout/shipping HTTP/1.0" 200 30783 "http://www.paiskincare.com/index.php?main_page=shopping_cart&product_id=22%3A4987f9666c41d0ac747ed74996cfb132" "Mozilla/5.0 (Linux; Android 6.0.1; Nexus 5 Build/MOB30Y) AppleWebKit/537.36 (KHTML, like Gecko) Chrome/51.0.2704.81 Mobile Safari/537.36"
78.129.161.54 - - [08/Aug/2016:13:43:42 +0100] "POST /index.php?main_page=checkout_shipping HTTP/1.0" 302 786 "https://www.paiskincare.com/checkout/shipping" "Mozilla/5.0 (Linux; Android 6.0.1; Nexus 5 Build/MOB30Y) AppleWebKit/537.36 (KHTML, like Gecko) Chrome/51.0.2704.81 Mobile Safari/537.36"
78.129.161.54 - - [08/Aug/2016:13:43:42 +0100] "GET /index.php?main_page=checkout_payment HTTP/1.0" 200 38317 "https://www.paiskincare.com/checkout/shipping" "Mozilla/5.0 (Linux; Android 6.0.1; Nexus 5 Build/MOB30Y) AppleWebKit/537.36 (KHTML, like Gecko) Chrome/51.0.2704.81 Mobile Safari/537.36"
78.129.161.54 - - [08/Aug/2016:13:44:08 +0100] "POST /index.php?main_page=checkout_confirmation HTTP/1.0" 200 34493 "https://www.paiskincare.com/index.php?main_page=checkout_payment" "Mozilla/5.0 (Linux; Android 6.0.1; Nexus 5 Build/MOB30Y) AppleWebKit/537.36 (KHTML, like Gecko) Chrome/51.0.2704.81 Mobile Safari/537.36"
78.129.161.54 - - [08/Aug/2016:13:44:21 +0100] "POST /index.php?main_page=checkout_process HTTP/1.0" 302 786 "https://www.paiskincare.com/index.php?main_page=checkout_confirmation" "Mozilla/5.0 (Linux; Android 6.0.1; Nexus 5 Build/MOB30Y) AppleWebKit/537.36 (KHTML, like Gecko) Chrome/51.0.2704.81 Mobile Safari/537.36"
78.129.161.54 - - [08/Aug/2016:13:44:25 +0100] "GET /index.php?main_page=checkout_success HTTP/1.0" 200 26944 "https://www.paiskincare.com/index.php?main_page=checkout_confirmation" "Mozilla/5.0 (Linux; Android 6.0.1; Nexus 5 Build/MOB30Y) AppleWebKit/537.36 (KHTML, like Gecko) Chrome/51.0.2704.81 Mobile Safari/537.36"
141.101.64.142 - - [08/Aug/2016:13:44:33 +0100] "GET /blog/tag/luxury/feed/ HTTP/1.0" 301 6269 "-" "Mozilla/5.0 (compatible; AhrefsBot/5.1; +http://ahrefs.com/robot/)"
78.129.161.54 - - [08/Aug/2016:13:44:35 +0100] "POST /index.php?main_page=checkout_success HTTP/1.0" 200 26561 "https://www.paiskincare.com/index.php?main_page=checkout_success" "Mozilla/5.0 (Linux; Android 6.0.1; Nexus 5 Build/MOB30Y) AppleWebKit/537.36 (KHTML, like Gecko) Chrome/51.0.2704.81 Mobile Safari/537.36"
162.158.73.154 - - [08/Aug/2016:13:45:18 +0100] "POST /cto_osc_link.php HTTP/1.0" 200 1762 "-" "CarryTheOne"
78.129.161.54 - - [08/Aug/2016:13:48:28 +0100] "POST /cto_osc_link.php HTTP/1.0" 200 1389 "-" "CarryTheOne"
157.55.39.246 - - [08/Aug/2016:13:49:50 +0100] "GET /pages/a-z-of-ingredients-46 HTTP/1.0" 200 14822 "-" "Mozilla/5.0 (compatible; bingbot/2.0; +http://www.bing.com/bingbot.htm)"
162.158.73.154 - - [08/Aug/2016:13:51:19 +0100] "POST /cto_osc_link.php HTTP/1.0" 200 1133 "-" "CarryTheOne"
108.162.228.166 - - [08/Aug/2016:13:51:42 +0100] "GET /blog/tag/the-allergy-show/feed/ HTTP/1.0" 301 968 "-" "Mozilla/5.0 (compatible; AhrefsBot/5.1; +http://ahrefs.com/robot/)"
108.162.228.172 - - [08/Aug/2016:13:52:29 +0100] "GET /blog/tag/regeneration/ HTTP/1.0" 301 954 "-" "Mozilla/5.0 (compatible; AhrefsBot/5.1; +http://ahrefs.com/robot/)"
100.0.46.18 - - [08/Aug/2016:13:53:28 +0100] "GET / HTTP/1.0" 301 911 "-" "curl/7.19.7 (x86_64-redhat-linux-gnu) libcurl/7.19.7 NSS/3.21 Basic ECC zlib/1.2.3 libidn/1.18 libssh2/1.4.2"
108.162.244.42 - - [08/Aug/2016:13:53:32 +0100] "GET /blog/2016/02/ HTTP/1.0" 301 941 "-" "Mozilla/5.0 (compatible; bingbot/2.0; +http://www.bing.com/bingbot.htm)"
78.129.161.54 - - [08/Aug/2016:13:54:29 +0100] "POST /cto_osc_link.php HTTP/1.0" 200 1389 "-" "CarryTheOne"
162.158.73.154 - - [08/Aug/2016:13:57:21 +0100] "POST /cto_osc_link.php HTTP/1.0" 200 1133 "-" "CarryTheOne"
157.55.39.66 - - [08/Aug/2016:13:57:49 +0100] "GET /facial-oils-serums-29/ HTTP/1.0" 200 9538 "-" "Mozilla/5.0 (compatible; bingbot/2.0; +http://www.bing.com/bingbot.htm)"
78.129.161.54 - - [08/Aug/2016:13:58:18 +0100] "GET /gift-certificate-faq HTTP/1.0" 200 31609 "-" "Mozilla/5.0 (compatible; bingbot/2.0; +http://www.bing.com/bingbot.htm)"
78.129.161.54 - - [08/Aug/2016:13:59:02 +0100] "GET /checkout/shipping HTTP/1.0" 302 775 "http://www.paiskincare.com/index.php?main_page=shopping_cart&number_of_uploads=0" "Mozilla/5.0 (Macintosh; Intel Mac OS X 10_11_5) AppleWebKit/537.36 (KHTML, like Gecko) Chrome/51.0.2704.106 Safari/537.36"
78.129.161.54 - - [08/Aug/2016:13:59:02 +0100] "GET /index.php?main_page=login HTTP/1.0" 301 710 "http://www.paiskincare.com/index.php?main_page=shopping_cart&number_of_uploads=0" "Mozilla/5.0 (Macintosh; Intel Mac OS X 10_11_5) AppleWebKit/537.36 (KHTML, like Gecko) Chrome/51.0.2704.106 Safari/537.36"
78.129.161.54 - - [08/Aug/2016:13:59:03 +0100] "GET /account/login HTTP/1.0" 200 68026 "http://www.paiskincare.com/index.php?main_page=shopping_cart&number_of_uploads=0" "Mozilla/5.0 (Macintosh; Intel Mac OS X 10_11_5) AppleWebKit/537.36 (KHTML, like Gecko) Chrome/51.0.2704.106 Safari/537.36"
78.129.161.54 - - [08/Aug/2016:13:59:41 +0100] "GET /blog/category/industry-news/ HTTP/1.0" 301 944 "-" "Mozilla/5.0 (compatible; bingbot/2.0; +http://www.bing.com/bingbot.htm)"
78.129.161.54 - - [08/Aug/2016:14:00:20 +0100] "POST /cto_osc_link.php HTTP/1.0" 200 1389 "-" "CarryTheOne"
162.158.73.154 - - [08/Aug/2016:14:03:24 +0100] "POST /cto_osc_link.php HTTP/1.0" 200 1133 "-" "CarryTheOne"
78.129.161.54 - - [08/Aug/2016:14:04:06 +0100] "GET /pages/about-pai-1 HTTP/1.0" 200 32010 "-" "Mozilla/5.0 (compatible; bingbot/2.0; +http://www.bing.com/bingbot.htm)"
78.129.161.54 - - [08/Aug/2016:14:06:20 +0100] "POST /cto_osc_link.php HTTP/1.0" 200 1389 "-" "CarryTheOne"
162.158.73.154 - - [08/Aug/2016:14:09:19 +0100] "POST /cto_osc_link.php HTTP/1.0" 200 1133 "-" "CarryTheOne"
78.129.161.54 - - [08/Aug/2016:14:12:20 +0100] "POST /cto_osc_link.php HTTP/1.0" 200 1389 "-" "CarryTheOne"
207.46.13.171 - - [08/Aug/2016:14:13:04 +0100] "GET /hand-body-17/ HTTP/1.0" 200 9608 "-" "Mozilla/5.0 (compatible; bingbot/2.0; +http://www.bing.com/bingbot.htm)"
162.158.108.196 - - [08/Aug/2016:14:14:05 +0100] "GET /blog/tag/urticaria/feed/ HTTP/1.0" 301 956 "-" "Mozilla/5.0 (compatible; AhrefsBot/5.1; +http://ahrefs.com/robot/)"
162.158.73.154 - - [08/Aug/2016:14:15:17 +0100] "POST /cto_osc_link.php HTTP/1.0" 200 1133 "-" "CarryTheOne"
78.129.161.54 - - [08/Aug/2016:14:18:32 +0100] "POST /cto_osc_link.php HTTP/1.0" 200 1389 "-" "CarryTheOne"
141.101.64.142 - - [08/Aug/2016:14:19:42 +0100] "GET /blog/tag/skin-type/ HTTP/1.0" 301 948 "-" "Mozilla/5.0 (compatible; AhrefsBot/5.1; +http://ahrefs.com/robot/)"
78.129.161.54 - - [08/Aug/2016:14:21:28 +0100] "GET /checkout/shipping HTTP/1.0" 302 775 "http://www.paiskincare.com/index.php?main_page=shopping_cart&number_of_uploads=0" "Mozilla/5.0 (Windows NT 6.1; WOW64) AppleWebKit/537.36 (KHTML, like Gecko) Chrome/51.0.2704.103 Safari/537.36"
78.129.161.54 - - [08/Aug/2016:14:21:28 +0100] "GET /index.php?main_page=login HTTP/1.0" 301 710 "http://www.paiskincare.com/index.php?main_page=shopping_cart&number_of_uploads=0" "Mozilla/5.0 (Windows NT 6.1; WOW64) AppleWebKit/537.36 (KHTML, like Gecko) Chrome/51.0.2704.103 Safari/537.36"
78.129.161.54 - - [08/Aug/2016:14:21:29 +0100] "GET /account/login HTTP/1.0" 200 68028 "http://www.paiskincare.com/index.php?main_page=shopping_cart&number_of_uploads=0" "Mozilla/5.0 (Windows NT 6.1; WOW64) AppleWebKit/537.36 (KHTML, like Gecko) Chrome/51.0.2704.103 Safari/537.36"
78.129.161.54 - - [08/Aug/2016:14:21:42 +0100] "POST /index.php?main_page=login&action=process HTTP/1.0" 302 869 "https://www.paiskincare.com/account/login" "Mozilla/5.0 (Windows NT 6.1; WOW64) AppleWebKit/537.36 (KHTML, like Gecko) Chrome/51.0.2704.103 Safari/537.36"
78.129.161.54 - - [08/Aug/2016:14:21:42 +0100] "GET /index.php?main_page=checkout_shipping HTTP/1.0" 301 714 "https://www.paiskincare.com/account/login" "Mozilla/5.0 (Windows NT 6.1; WOW64) AppleWebKit/537.36 (KHTML, like Gecko) Chrome/51.0.2704.103 Safari/537.36"
78.129.161.54 - - [08/Aug/2016:14:21:42 +0100] "GET /checkout/shipping HTTP/1.0" 200 30791 "https://www.paiskincare.com/account/login" "Mozilla/5.0 (Windows NT 6.1; WOW64) AppleWebKit/537.36 (KHTML, like Gecko) Chrome/51.0.2704.103 Safari/537.36"
162.158.73.154 - - [08/Aug/2016:14:21:49 +0100] "POST /cto_osc_link.php HTTP/1.0" 200 1133 "-" "CarryTheOne"
78.129.161.54 - - [08/Aug/2016:14:22:02 +0100] "POST /index.php?main_page=checkout_shipping HTTP/1.0" 302 786 "https://www.paiskincare.com/checkout/shipping" "Mozilla/5.0 (Windows NT 6.1; WOW64) AppleWebKit/537.36 (KHTML, like Gecko) Chrome/51.0.2704.103 Safari/537.36"
78.129.161.54 - - [08/Aug/2016:14:22:03 +0100] "GET /index.php?main_page=checkout_payment HTTP/1.0" 200 38329 "https://www.paiskincare.com/checkout/shipping" "Mozilla/5.0 (Windows NT 6.1; WOW64) AppleWebKit/537.36 (KHTML, like Gecko) Chrome/51.0.2704.103 Safari/537.36"
78.129.161.54 - - [08/Aug/2016:14:22:06 +0100] "GET /index.php?main_page=checkout_payment_address HTTP/1.0" 200 67270 "https://www.paiskincare.com/index.php?main_page=checkout_payment" "Mozilla/5.0 (Windows NT 6.1; WOW64) AppleWebKit/537.36 (KHTML, like Gecko) Chrome/51.0.2704.103 Safari/537.36"
108.162.244.84 - - [08/Aug/2016:14:22:19 +0100] "GET /index.php?main_page=product_info&products_id=12 HTTP/1.0" 301 785 "-" "Mozilla/5.0 (compatible; bingbot/2.0; +http://www.bing.com/bingbot.htm)"
87.224.8.194 - - [08/Aug/2016:14:23:11 +0100] "GET /checkout/shipping HTTP/1.0" 200 9085 "http://www.paiskincare.com/shopping-cart/" "Mozilla/5.0 (Windows NT 6.1; WOW64) AppleWebKit/537.36 (KHTML, like Gecko) Chrome/51.0.2704.103 Safari/537.36"
162.158.152.58 - - [08/Aug/2016:14:23:17 +0100] "GET /index.php?main_page=checkout_shipping_address HTTP/1.0" 200 16175 "https://www.paiskincare.com/checkout/shipping" "Mozilla/5.0 (Windows NT 6.1; WOW64) AppleWebKit/537.36 (KHTML, like Gecko) Chrome/51.0.2704.103 Safari/537.36"
78.129.161.54 - - [08/Aug/2016:14:23:25 +0100] "POST /index.php?main_page=checkout_shipping_address HTTP/1.0" 302 787 "https://www.paiskincare.com/index.php?main_page=checkout_shipping_address" "Mozilla/5.0 (Windows NT 6.1; WOW64) AppleWebKit/537.36 (KHTML, like Gecko) Chrome/51.0.2704.103 Safari/537.36"
78.129.161.54 - - [08/Aug/2016:14:23:26 +0100] "GET /index.php?main_page=checkout_shipping HTTP/1.0" 301 714 "https://www.paiskincare.com/index.php?main_page=checkout_shipping_address" "Mozilla/5.0 (Windows NT 6.1; WOW64) AppleWebKit/537.36 (KHTML, like Gecko) Chrome/51.0.2704.103 Safari/537.36"
78.129.161.54 - - [08/Aug/2016:14:23:26 +0100] "GET /checkout/shipping HTTP/1.0" 200 30812 "https://www.paiskincare.com/index.php?main_page=checkout_shipping_address" "Mozilla/5.0 (Windows NT 6.1; WOW64) AppleWebKit/537.36 (KHTML, like Gecko) Chrome/51.0.2704.103 Safari/537.36"
78.129.161.54 - - [08/Aug/2016:14:23:40 +0100] "POST /index.php?main_page=checkout_shipping HTTP/1.0" 302 786 "https://www.paiskincare.com/checkout/shipping" "Mozilla/5.0 (Windows NT 6.1; WOW64) AppleWebKit/537.36 (KHTML, like Gecko) Chrome/51.0.2704.103 Safari/537.36"
78.129.161.54 - - [08/Aug/2016:14:23:41 +0100] "GET /index.php?main_page=checkout_payment HTTP/1.0" 200 38329 "https://www.paiskincare.com/checkout/shipping" "Mozilla/5.0 (Windows NT 6.1; WOW64) AppleWebKit/537.36 (KHTML, like Gecko) Chrome/51.0.2704.103 Safari/537.36"
78.129.161.54 - - [08/Aug/2016:14:24:20 +0100] "POST /cto_osc_link.php HTTP/1.0" 200 1389 "-" "CarryTheOne"
78.129.161.54 - - [08/Aug/2016:14:24:39 +0100] "POST /index.php?main_page=checkout_confirmation HTTP/1.0" 200 35597 "https://www.paiskincare.com/index.php?main_page=checkout_payment" "Mozilla/5.0 (Windows NT 6.1; WOW64) AppleWebKit/537.36 (KHTML, like Gecko) Chrome/51.0.2704.103 Safari/537.36"
78.129.161.54 - - [08/Aug/2016:14:24:49 +0100] "POST /index.php?main_page=checkout_process HTTP/1.0" 302 786 "https://www.paiskincare.com/index.php?main_page=checkout_confirmation" "Mozilla/5.0 (Windows NT 6.1; WOW64) AppleWebKit/537.36 (KHTML, like Gecko) Chrome/51.0.2704.103 Safari/537.36"
78.129.161.54 - - [08/Aug/2016:14:24:54 +0100] "GET /index.php?main_page=checkout_success HTTP/1.0" 200 27383 "https://www.paiskincare.com/index.php?main_page=checkout_confirmation" "Mozilla/5.0 (Windows NT 6.1; WOW64) AppleWebKit/537.36 (KHTML, like Gecko) Chrome/51.0.2704.103 Safari/537.36"
78.129.161.54 - - [08/Aug/2016:14:25:02 +0100] "POST /index.php?main_page=checkout_success HTTP/1.0" 200 26558 "https://www.paiskincare.com/index.php?main_page=checkout_success" "Mozilla/5.0 (Windows NT 6.1; WOW64) AppleWebKit/537.36 (KHTML, like Gecko) Chrome/51.0.2704.103 Safari/537.36"
78.129.161.54 - - [08/Aug/2016:14:25:48 +0100] "GET /pages/organic-certification-137 HTTP/1.0" 200 32594 "-" "Mozilla/5.0 (compatible; bingbot/2.0; +http://www.bing.com/bingbot.htm)"
78.129.161.54 - - [08/Aug/2016:14:26:24 +0100] "GET /pages/company-history-2 HTTP/1.0" 200 32752 "-" "Mozilla/5.0 (compatible; bingbot/2.0; +http://www.bing.com/bingbot.htm)"
162.158.73.154 - - [08/Aug/2016:14:27:19 +0100] "POST /cto_osc_link.php HTTP/1.0" 200 2047 "-" "CarryTheOne"
207.46.13.171 - - [08/Aug/2016:14:27:53 +0100] "GET /pages/gift-guide-180 HTTP/1.0" 200 9809 "-" "Mozilla/5.0 (compatible; bingbot/2.0; +http://www.bing.com/bingbot.htm)"
157.55.39.246 - - [08/Aug/2016:14:28:04 +0100] "GET /dull-skin-10/ HTTP/1.0" 200 9492 "-" "Mozilla/5.0 (compatible; bingbot/2.0; +http://www.bing.com/bingbot.htm)"
78.129.161.54 - - [08/Aug/2016:14:28:14 +0100] "GET /pages/recruitment-138 HTTP/1.0" 200 29450 "-" "Mozilla/5.0 (compatible; bingbot/2.0; +http://www.bing.com/bingbot.htm)"
207.46.13.171 - - [08/Aug/2016:14:28:42 +0100] "GET /pregnancy-28/ HTTP/1.0" 200 9491 "-" "Mozilla/5.0 (compatible; bingbot/2.0; +http://www.bing.com/bingbot.htm)"
78.129.161.54 - - [08/Aug/2016:14:28:52 +0100] "GET /pages/terms-conditions-50 HTTP/1.0" 200 51579 "-" "Mozilla/5.0 (compatible; bingbot/2.0; +http://www.bing.com/bingbot.htm)"
207.46.13.171 - - [08/Aug/2016:14:29:06 +0100] "GET /pages/trade-wholesale-enquiries-110 HTTP/1.0" 200 8256 "-" "Mozilla/5.0 (compatible; bingbot/2.0; +http://www.bing.com/bingbot.htm)"
78.129.161.54 - - [08/Aug/2016:14:30:09 +0100] "GET /blog/category/diet-and-lifestyle/ HTTP/1.0" 301 954 "-" "Mozilla/5.0 (compatible; bingbot/2.0; +http://www.bing.com/bingbot.htm)"
78.129.161.54 - - [08/Aug/2016:14:30:18 +0100] "POST /cto_osc_link.php HTTP/1.0" 200 1389 "-" "CarryTheOne"
207.46.13.171 - - [08/Aug/2016:14:30:26 +0100] "GET /petit-pai-35/ HTTP/1.0" 200 9360 "-" "Mozilla/5.0 (compatible; bingbot/2.0; +http://www.bing.com/bingbot.htm)"
78.129.161.54 - - [08/Aug/2016:14:30:34 +0100] "GET /masks-exfoliators-25/ HTTP/1.0" 200 34213 "-" "Mozilla/5.0 (compatible; bingbot/2.0; +http://www.bing.com/bingbot.htm)"
207.46.13.171 - - [08/Aug/2016:14:30:47 +0100] "GET /combination-blemish-prone-skin-19/ HTTP/1.0" 200 10151 "-" "Mozilla/5.0 (compatible; bingbot/2.0; +http://www.bing.com/bingbot.htm)"
207.46.13.171 - - [08/Aug/2016:14:30:53 +0100] "GET /pages/30-day-satisfaction-guarantee-146 HTTP/1.0" 200 10301 "-" "Mozilla/5.0 (compatible; bingbot/2.0; +http://www.bing.com/bingbot.htm)"
78.129.161.54 - - [08/Aug/2016:14:30:58 +0100] "GET /pages/company-ethics-3 HTTP/1.0" 200 32639 "-" "Mozilla/5.0 (compatible; bingbot/2.0; +http://www.bing.com/bingbot.htm)"
78.129.161.54 - - [08/Aug/2016:14:31:05 +0100] "GET /eye-care-3/ HTTP/1.0" 200 32459 "-" "Mozilla/5.0 (compatible; bingbot/2.0; +http://www.bing.com/bingbot.htm)"
207.46.13.171 - - [08/Aug/2016:14:31:08 +0100] "GET /pages/delivery-information-52 HTTP/1.0" 200 8812 "-" "Mozilla/5.0 (compatible; bingbot/2.0; +http://www.bing.com/bingbot.htm)"
78.129.161.54 - - [08/Aug/2016:14:31:43 +0100] "GET /pages/delivery-returns-52 HTTP/1.0" 301 5971 "-" "Mozilla/5.0 (compatible; bingbot/2.0; +http://www.bing.com/bingbot.htm)"
