162.158.65.151 - - [10/Aug/2016:16:58:57 +0100] "GET / HTTP/1.0" 200 9448 "-" "Mozilla/5.0 (compatible; CloudFlare-AlwaysOnline/1.0; +http://www.cloudflare.com/always-online) AppleWebKit/534.34"
173.245.56.138 - - [10/Aug/2016:16:59:04 +0100] "GET /blog/made-in-london/ HTTP/1.0" 301 951 "-" "Mozilla/5.0 (compatible; CloudFlare-AlwaysOnline/1.0; +http://www.cloudflare.com/always-online) AppleWebKit/534.34"
162.158.65.151 - - [10/Aug/2016:16:59:05 +0100] "GET /pages/sensitive-skincare-109 HTTP/1.0" 200 9732 "-" "Mozilla/5.0 (compatible; CloudFlare-AlwaysOnline/1.0; +http://www.cloudflare.com/always-online) AppleWebKit/534.34"
162.158.65.151 - - [10/Aug/2016:16:59:06 +0100] "GET /pages/organic-certification-137 HTTP/1.0" 200 9585 "-" "Mozilla/5.0 (compatible; CloudFlare-AlwaysOnline/1.0; +http://www.cloudflare.com/always-online) AppleWebKit/534.34"
162.158.65.151 - - [10/Aug/2016:16:59:08 +0100] "GET /pages/company-ethics-3 HTTP/1.0" 200 9487 "-" "Mozilla/5.0 (compatible; CloudFlare-AlwaysOnline/1.0; +http://www.cloudflare.com/always-online) AppleWebKit/534.34"
162.158.64.153 - - [10/Aug/2016:16:59:19 +0100] "HEAD / HTTP/1.0" 301 760 "-" "Mozilla/5.0 (compatible; CloudFlare-AlwaysOnline/1.0; +http://www.cloudflare.com/always-online)"
162.158.64.153 - - [10/Aug/2016:16:59:21 +0100] "GET / HTTP/1.0" 301 911 "-" "Mozilla/5.0 (compatible; CloudFlare-AlwaysOnline/1.0; +http://www.cloudflare.com/always-online) AppleWebKit/534.34"
162.158.65.151 - - [10/Aug/2016:16:59:16 +0100] "GET /pages/company-history-2 HTTP/1.0" 200 10007 "-" "Mozilla/5.0 (compatible; CloudFlare-AlwaysOnline/1.0; +http://www.cloudflare.com/always-online) AppleWebKit/534.34"
162.158.64.153 - - [10/Aug/2016:16:59:28 +0100] "GET / HTTP/1.0" 200 9449 "-" "Mozilla/5.0 (compatible; CloudFlare-AlwaysOnline/1.0; +http://www.cloudflare.com/always-online) AppleWebKit/534.34"
162.158.65.151 - - [10/Aug/2016:16:59:29 +0100] "GET /pages/about-pai-1 HTTP/1.0" 200 9591 "-" "Mozilla/5.0 (compatible; CloudFlare-AlwaysOnline/1.0; +http://www.cloudflare.com/always-online) AppleWebKit/534.34"
162.158.65.151 - - [10/Aug/2016:16:59:37 +0100] "GET /account/login?zenid=ave6cka7kblus6ahpp7i2eugf6 HTTP/1.0" 200 16071 "-" "Mozilla/5.0 (compatible; CloudFlare-AlwaysOnline/1.0; +http://www.cloudflare.com/always-online) AppleWebKit/534.34"
173.245.56.150 - - [10/Aug/2016:16:59:39 +0100] "GET /index.php?main_page=product_info&products_id=95 HTTP/1.0" 301 922 "-" "Mozilla/5.0 (compatible; CloudFlare-AlwaysOnline/1.0; +http://www.cloudflare.com/always-online) AppleWebKit/534.34"
162.158.65.151 - - [10/Aug/2016:16:59:39 +0100] "GET /mask-duo-95 HTTP/1.0" 200 10313 "-" "Mozilla/5.0 (compatible; CloudFlare-AlwaysOnline/1.0; +http://www.cloudflare.com/always-online) AppleWebKit/534.34"
162.158.65.151 - - [10/Aug/2016:16:59:48 +0100] "GET /pages/30-day-money-back-guarantee-146 HTTP/1.0" 301 950 "-" "Mozilla/5.0 (compatible; CloudFlare-AlwaysOnline/1.0; +http://www.cloudflare.com/always-online) AppleWebKit/534.34"
162.158.65.151 - - [10/Aug/2016:16:59:48 +0100] "GET /pages/30-day-satisfaction-guarantee-146 HTTP/1.0" 200 10565 "-" "Mozilla/5.0 (compatible; CloudFlare-AlwaysOnline/1.0; +http://www.cloudflare.com/always-online) AppleWebKit/534.34"
162.158.73.154 - - [10/Aug/2016:17:00:18 +0100] "POST /cto_osc_link.php HTTP/1.0" 200 1133 "-" "CarryTheOne"
78.129.161.54 - - [10/Aug/2016:17:03:19 +0100] "POST /cto_osc_link.php HTTP/1.0" 200 1389 "-" "CarryTheOne"
141.101.64.142 - - [10/Aug/2016:17:04:32 +0100] "GET /blog/tag/top-sante/feed/ HTTP/1.0" 301 957 "-" "Mozilla/5.0 (compatible; AhrefsBot/5.1; +http://ahrefs.com/robot/)"
162.158.73.154 - - [10/Aug/2016:17:06:19 +0100] "POST /cto_osc_link.php HTTP/1.0" 200 6449 "-" "CarryTheOne"
78.129.161.54 - - [10/Aug/2016:17:08:03 +0100] "GET /blog/2015/11/12/personalise-your-gifts/feed/ HTTP/1.0" 301 994 "-" "Mozilla/5.0 (compatible; AhrefsBot/5.1; +http://ahrefs.com/robot/)"
78.129.161.54 - - [10/Aug/2016:17:09:35 +0100] "POST /cto_osc_link.php HTTP/1.0" 200 1389 "-" "CarryTheOne"
108.162.244.138 - - [10/Aug/2016:17:12:05 +0100] "GET /blog/activity/ HTTP/1.0" 301 940 "-" "Mozilla/5.0 (compatible; Yahoo! Slurp; http://help.yahoo.com/help/us/ysearch/slurp)"
162.158.73.154 - - [10/Aug/2016:17:12:21 +0100] "POST /cto_osc_link.php HTTP/1.0" 200 1133 "-" "CarryTheOne"
78.129.161.54 - - [10/Aug/2016:17:15:27 +0100] "POST /cto_osc_link.php HTTP/1.0" 200 1389 "-" "CarryTheOne"
162.158.73.154 - - [10/Aug/2016:17:18:18 +0100] "POST /cto_osc_link.php HTTP/1.0" 200 1133 "-" "CarryTheOne"
78.129.161.54 - - [10/Aug/2016:17:21:16 +0100] "POST /cto_osc_link.php HTTP/1.0" 200 1389 "-" "CarryTheOne"
66.249.65.149 - - [10/Aug/2016:17:22:12 +0100] "GET /.well-known/assetlinks.json HTTP/1.0" 404 1200 "-" "Mozilla/5.0 (compatible; Googlebot/2.1; +http://www.google.com/bot.html)"
162.158.73.154 - - [10/Aug/2016:17:24:20 +0100] "POST /cto_osc_link.php HTTP/1.0" 200 1133 "-" "CarryTheOne"
157.55.39.66 - - [10/Aug/2016:17:24:33 +0100] "GET / HTTP/1.0" 301 758 "-" "Mozilla/5.0 (compatible; bingbot/2.0; +http://www.bing.com/bingbot.htm)"
78.129.161.54 - - [10/Aug/2016:17:27:35 +0100] "POST /cto_osc_link.php HTTP/1.0" 200 1389 "-" "CarryTheOne"
162.158.73.154 - - [10/Aug/2016:17:30:35 +0100] "POST /cto_osc_link.php HTTP/1.0" 200 1133 "-" "CarryTheOne"
66.249.65.153 - - [10/Aug/2016:17:31:32 +0100] "GET /.well-known/apple-app-site-association HTTP/1.0" 404 1200 "-" "Mozilla/5.0 (compatible; Googlebot/2.1; +http://www.google.com/bot.html)"
162.158.108.202 - - [10/Aug/2016:17:33:16 +0100] "GET /blog/2011/04/13/skin-allergy-snapshot-keratosis-pilaris-or-%E2%80%98chicken-skin%E2%80%99/feed/ HTTP/1.0" 301 1076 "-" "Mozilla/5.0 (compatible; AhrefsBot/5.1; +http://ahrefs.com/robot/)"
78.129.161.54 - - [10/Aug/2016:17:33:23 +0100] "POST /cto_osc_link.php HTTP/1.0" 200 1389 "-" "CarryTheOne"
162.158.73.154 - - [10/Aug/2016:17:36:19 +0100] "POST /cto_osc_link.php HTTP/1.0" 200 1133 "-" "CarryTheOne"
78.129.161.54 - - [10/Aug/2016:17:39:20 +0100] "POST /cto_osc_link.php HTTP/1.0" 200 1389 "-" "CarryTheOne"
162.158.73.154 - - [10/Aug/2016:17:42:20 +0100] "POST /cto_osc_link.php HTTP/1.0" 200 1133 "-" "CarryTheOne"
78.129.161.54 - - [10/Aug/2016:17:45:17 +0100] "POST /cto_osc_link.php HTTP/1.0" 200 1389 "-" "CarryTheOne"
162.158.73.154 - - [10/Aug/2016:17:48:15 +0100] "POST /cto_osc_link.php HTTP/1.0" 200 1133 "-" "CarryTheOne"
78.129.161.54 - - [10/Aug/2016:17:51:16 +0100] "POST /cto_osc_link.php HTTP/1.0" 200 1389 "-" "CarryTheOne"
66.249.65.137 - - [10/Aug/2016:17:53:02 +0100] "GET /apple-app-site-association HTTP/1.0" 301 6122 "-" "Mozilla/5.0 (compatible; Googlebot/2.1; +http://www.google.com/bot.html)"
162.158.68.58 - - [10/Aug/2016:17:53:03 +0100] "GET /index.php?main_page=product_info&products_id=aca HTTP/1.0" 404 8641 "-" "Mozilla/5.0 (compatible; Googlebot/2.1; +http://www.google.com/bot.html)"
162.158.73.154 - - [10/Aug/2016:17:54:25 +0100] "POST /cto_osc_link.php HTTP/1.0" 200 1133 "-" "CarryTheOne"
78.129.161.54 - - [10/Aug/2016:17:57:17 +0100] "POST /cto_osc_link.php HTTP/1.0" 200 1389 "-" "CarryTheOne"
108.162.228.166 - - [10/Aug/2016:17:59:55 +0100] "GET /blog/tag/sarah-brown/ HTTP/1.0" 301 952 "-" "Mozilla/5.0 (compatible; AhrefsBot/5.1; +http://ahrefs.com/robot/)"
162.158.73.154 - - [10/Aug/2016:18:00:17 +0100] "POST /cto_osc_link.php HTTP/1.0" 200 1133 "-" "CarryTheOne"
78.129.161.54 - - [10/Aug/2016:18:00:36 +0100] "GET /account/login HTTP/1.0" 200 66946 "http://www.paiskincare.com/" "Mozilla/5.0 (Linux; Android 6.0.1; SM-G920F Build/MMB29K) AppleWebKit/537.36 (KHTML, like Gecko) Chrome/52.0.2743.98 Mobile Safari/537.36"
78.129.161.54 - - [10/Aug/2016:18:03:17 +0100] "POST /cto_osc_link.php HTTP/1.0" 200 6705 "-" "CarryTheOne"
141.101.64.142 - - [10/Aug/2016:18:04:44 +0100] "GET /blog/tag/sarah/feed/ HTTP/1.0" 301 949 "-" "Mozilla/5.0 (compatible; AhrefsBot/5.1; +http://ahrefs.com/robot/)"
162.158.73.154 - - [10/Aug/2016:18:06:19 +0100] "POST /cto_osc_link.php HTTP/1.0" 200 1133 "-" "CarryTheOne"
108.162.228.172 - - [10/Aug/2016:18:08:55 +0100] "GET /blog/tag/redness/feed/ HTTP/1.0" 301 953 "-" "Mozilla/5.0 (compatible; AhrefsBot/5.1; +http://ahrefs.com/robot/)"
78.129.161.54 - - [10/Aug/2016:18:09:46 +0100] "POST /cto_osc_link.php HTTP/1.0" 200 1389 "-" "CarryTheOne"
141.101.64.142 - - [10/Aug/2016:18:10:29 +0100] "GET /blog/tag/male-skincare/feed/ HTTP/1.0" 301 960 "-" "Mozilla/5.0 (compatible; AhrefsBot/5.1; +http://ahrefs.com/robot/)"
162.158.73.154 - - [10/Aug/2016:18:12:19 +0100] "POST /cto_osc_link.php HTTP/1.0" 200 1133 "-" "CarryTheOne"
108.162.244.138 - - [10/Aug/2016:18:12:57 +0100] "GET /blog/tag/sister-day/feed/ HTTP/1.0" 301 958 "-" "Mozilla/5.0 (compatible; Yahoo! Slurp; http://help.yahoo.com/help/us/ysearch/slurp)"
78.129.161.54 - - [10/Aug/2016:18:15:18 +0100] "POST /cto_osc_link.php HTTP/1.0" 200 1389 "-" "CarryTheOne"
162.158.73.154 - - [10/Aug/2016:18:18:17 +0100] "POST /cto_osc_link.php HTTP/1.0" 200 1133 "-" "CarryTheOne"
78.129.161.54 - - [10/Aug/2016:18:21:17 +0100] "POST /cto_osc_link.php HTTP/1.0" 200 1389 "-" "CarryTheOne"
162.158.73.154 - - [10/Aug/2016:18:24:17 +0100] "POST /cto_osc_link.php HTTP/1.0" 200 1133 "-" "CarryTheOne"
108.162.244.138 - - [10/Aug/2016:18:27:00 +0100] "GET /blog/tag/walnuts/ HTTP/1.0" 301 946 "-" "Mozilla/5.0 (compatible; Yahoo! Slurp; http://help.yahoo.com/help/us/ysearch/slurp)"
78.129.161.54 - - [10/Aug/2016:18:27:18 +0100] "POST /cto_osc_link.php HTTP/1.0" 200 1389 "-" "CarryTheOne"
162.158.73.154 - - [10/Aug/2016:18:30:18 +0100] "POST /cto_osc_link.php HTTP/1.0" 200 1133 "-" "CarryTheOne"
162.158.108.196 - - [10/Aug/2016:18:32:25 +0100] "GET /blog/tag/celebrities/ HTTP/1.0" 301 952 "-" "Mozilla/5.0 (compatible; AhrefsBot/5.1; +http://ahrefs.com/robot/)"
78.129.161.54 - - [10/Aug/2016:18:33:15 +0100] "POST /cto_osc_link.php HTTP/1.0" 200 1389 "-" "CarryTheOne"
78.129.161.54 - - [10/Aug/2016:18:33:41 +0100] "GET /account/login HTTP/1.0" 302 711 "-" "Domain Re-Animator Bot (http://domainreanimator.com) - support@domainreanimator.com"
78.129.161.54 - - [10/Aug/2016:18:33:42 +0100] "GET /index.php?main_page=cookie_usage HTTP/1.0" 200 32362 "-" "Domain Re-Animator Bot (http://domainreanimator.com) - support@domainreanimator.com"
162.158.73.154 - - [10/Aug/2016:18:36:18 +0100] "POST /cto_osc_link.php HTTP/1.0" 200 6449 "-" "CarryTheOne"
78.129.161.54 - - [10/Aug/2016:18:37:29 +0100] "GET /blog/2011/03/02/skin-allergy-snapshot-psoriasis/ HTTP/1.0" 301 1002 "-" "Domain Re-Animator Bot (http://domainreanimator.com) - support@domainreanimator.com"
78.129.161.54 - - [10/Aug/2016:18:39:17 +0100] "POST /cto_osc_link.php HTTP/1.0" 200 1389 "-" "CarryTheOne"
162.158.73.154 - - [10/Aug/2016:18:42:18 +0100] "POST /cto_osc_link.php HTTP/1.0" 200 1133 "-" "CarryTheOne"
108.162.244.138 - - [10/Aug/2016:18:44:30 +0100] "GET /blog/2013/07/17/my-top-ten-ingredients-to-avoid/feed/ HTTP/1.0" 301 1007 "-" "Mozilla/5.0 (compatible; Yahoo! Slurp; http://help.yahoo.com/help/us/ysearch/slurp)"
78.129.161.54 - - [10/Aug/2016:18:45:18 +0100] "POST /cto_osc_link.php HTTP/1.0" 200 1389 "-" "CarryTheOne"
162.158.73.154 - - [10/Aug/2016:18:49:18 +0100] "POST /cto_osc_link.php HTTP/1.0" 200 1133 "-" "CarryTheOne"
207.46.13.1 - - [10/Aug/2016:18:51:21 +0100] "GET /pages/pai-skin-confidence-facials-150 HTTP/1.0" 301 802 "-" "Mozilla/5.0 (compatible; bingbot/2.0; +http://www.bing.com/bingbot.htm)"
78.129.161.54 - - [10/Aug/2016:18:51:28 +0100] "POST /cto_osc_link.php HTTP/1.0" 200 1389 "-" "CarryTheOne"
141.101.64.142 - - [10/Aug/2016:18:53:04 +0100] "GET /blog/category/industry-news/page/7/ HTTP/1.0" 301 962 "-" "Mozilla/5.0 (compatible; AhrefsBot/5.1; +http://ahrefs.com/robot/)"
162.158.73.154 - - [10/Aug/2016:18:54:20 +0100] "POST /cto_osc_link.php HTTP/1.0" 200 1133 "-" "CarryTheOne"
78.129.161.54 - - [10/Aug/2016:18:57:27 +0100] "POST /cto_osc_link.php HTTP/1.0" 200 1389 "-" "CarryTheOne"
66.249.65.145 - - [10/Aug/2016:18:57:52 +0100] "GET / HTTP/1.0" 200 9259 "-" "Mozilla/5.0 (compatible; Googlebot/2.1; +http://www.google.com/bot.html)"
78.129.161.54 - - [10/Aug/2016:18:57:53 +0100] "GET / HTTP/1.0" 200 36134 "-" "Mozilla/5.0 (compatible; Googlebot/2.1; +http://www.google.com/bot.html)"
162.158.73.154 - - [10/Aug/2016:19:00:29 +0100] "POST /cto_osc_link.php HTTP/1.0" 200 1133 "-" "CarryTheOne"
78.129.161.54 - - [10/Aug/2016:19:03:20 +0100] "POST /cto_osc_link.php HTTP/1.0" 200 6705 "-" "CarryTheOne"
141.101.64.142 - - [10/Aug/2016:19:05:02 +0100] "GET /blog/tag/edinburgh/feed/ HTTP/1.0" 301 958 "-" "Mozilla/5.0 (compatible; AhrefsBot/5.1; +http://ahrefs.com/robot/)"
157.55.39.181 - - [10/Aug/2016:19:06:05 +0100] "GET /pages/organic-facials-for-sensitive-skin-150 HTTP/1.0" 200 9541 "-" "Mozilla/5.0 (compatible; bingbot/2.0; +http://www.bing.com/bingbot.htm)"
79.180.182.93 - - [10/Aug/2016:19:06:22 +0100] "GET / HTTP/1.0" 200 9452 "-" "Chrome"
78.129.161.54 - - [10/Aug/2016:19:06:22 +0100] "GET / HTTP/1.0" 200 31084 "-" "Chrome"
78.129.161.54 - - [10/Aug/2016:19:06:22 +0100] "GET / HTTP/1.0" 200 31084 "-" "Chrome"
78.129.161.54 - - [10/Aug/2016:19:06:22 +0100] "GET / HTTP/1.0" 200 31084 "-" "Chrome"
78.129.161.54 - - [10/Aug/2016:19:06:22 +0100] "GET / HTTP/1.0" 200 31084 "-" "Chrome"
162.158.73.154 - - [10/Aug/2016:19:06:35 +0100] "POST /cto_osc_link.php HTTP/1.0" 200 1133 "-" "CarryTheOne"
78.129.161.54 - - [10/Aug/2016:19:09:17 +0100] "POST /cto_osc_link.php HTTP/1.0" 200 1389 "-" "CarryTheOne"
162.158.108.202 - - [10/Aug/2016:19:12:13 +0100] "GET /blog/tag/pollution/feed/ HTTP/1.0" 301 958 "-" "Mozilla/5.0 (compatible; AhrefsBot/5.1; +http://ahrefs.com/robot/)"
162.158.73.154 - - [10/Aug/2016:19:12:17 +0100] "POST /cto_osc_link.php HTTP/1.0" 200 1133 "-" "CarryTheOne"
78.129.161.54 - - [10/Aug/2016:19:12:33 +0100] "GET /ipn_main_handler.php?type=ec HTTP/1.0" 302 823 "http://www.paiskincare.com/index.php?main_page=shopping_cart&number_of_uploads=0" "Mozilla/5.0 (Windows NT 6.3; WOW64) AppleWebKit/537.36 (KHTML, like Gecko) Chrome/51.0.2704.103 Safari/537.36"
5.104.241.187 - - [10/Aug/2016:19:12:38 +0100] "GET / HTTP/1.0" 200 9448 "-" "Opera/7.50 (Windows ME; U) [en]"
78.129.161.54 - - [10/Aug/2016:19:12:56 +0100] "GET /index.php?main_page=login&ec_cancel=1&token=EC-6EM400410W4190330 HTTP/1.0" 200 68663 "https://www.paypal.com/cgi-bin/webscr?cmd=_express-checkout&token=EC-6EM400410W4190330&useraction=continue" "Mozilla/5.0 (Windows NT 6.3; WOW64) AppleWebKit/537.36 (KHTML, like Gecko) Chrome/51.0.2704.103 Safari/537.36"
78.129.161.54 - - [10/Aug/2016:19:13:20 +0100] "GET /index.php?main_page=password_forgotten HTTP/1.0" 200 31968 "https://www.paiskincare.com/index.php?main_page=login&ec_cancel=1&token=EC-6EM400410W4190330" "Mozilla/5.0 (Windows NT 6.3; WOW64) AppleWebKit/537.36 (KHTML, like Gecko) Chrome/51.0.2704.103 Safari/537.36"
162.158.153.22 - - [10/Aug/2016:19:13:37 +0100] "POST /index.php?main_page=password_forgotten&action=process HTTP/1.0" 302 1033 "https://www.paiskincare.com/index.php?main_page=password_forgotten" "Mozilla/5.0 (Windows NT 6.3; WOW64) AppleWebKit/537.36 (KHTML, like Gecko) Chrome/51.0.2704.103 Safari/537.36"
78.129.161.54 - - [10/Aug/2016:19:13:38 +0100] "GET /index.php?main_page=login HTTP/1.0" 301 710 "https://www.paiskincare.com/index.php?main_page=password_forgotten" "Mozilla/5.0 (Windows NT 6.3; WOW64) AppleWebKit/537.36 (KHTML, like Gecko) Chrome/51.0.2704.103 Safari/537.36"
78.129.161.54 - - [10/Aug/2016:19:13:38 +0100] "GET /account/login HTTP/1.0" 200 68026 "https://www.paiskincare.com/index.php?main_page=password_forgotten" "Mozilla/5.0 (Windows NT 6.3; WOW64) AppleWebKit/537.36 (KHTML, like Gecko) Chrome/51.0.2704.103 Safari/537.36"
78.129.161.54 - - [10/Aug/2016:19:14:45 +0100] "POST /index.php?main_page=login&action=process HTTP/1.0" 302 857 "https://www.paiskincare.com/account/login" "Mozilla/5.0 (Windows NT 6.3; WOW64) AppleWebKit/537.36 (KHTML, like Gecko) Chrome/51.0.2704.103 Safari/537.36"
78.129.161.54 - - [10/Aug/2016:19:14:46 +0100] "GET /index.php?main_page=index HTTP/1.0" 301 697 "https://www.paiskincare.com/account/login" "Mozilla/5.0 (Windows NT 6.3; WOW64) AppleWebKit/537.36 (KHTML, like Gecko) Chrome/51.0.2704.103 Safari/537.36"
78.129.161.54 - - [10/Aug/2016:19:14:46 +0100] "GET / HTTP/1.0" 200 31106 "https://www.paiskincare.com/account/login" "Mozilla/5.0 (Windows NT 6.3; WOW64) AppleWebKit/537.36 (KHTML, like Gecko) Chrome/51.0.2704.103 Safari/537.36"
78.129.161.54 - - [10/Aug/2016:19:15:20 +0100] "GET /checkout/shipping HTTP/1.0" 200 30804 "http://www.paiskincare.com/shopping-cart/" "Mozilla/5.0 (Windows NT 6.3; WOW64) AppleWebKit/537.36 (KHTML, like Gecko) Chrome/51.0.2704.103 Safari/537.36"
78.129.161.54 - - [10/Aug/2016:19:15:26 +0100] "POST /cto_osc_link.php HTTP/1.0" 200 1389 "-" "CarryTheOne"
78.129.161.54 - - [10/Aug/2016:19:15:31 +0100] "POST /index.php?main_page=checkout_shipping HTTP/1.0" 302 786 "https://www.paiskincare.com/checkout/shipping" "Mozilla/5.0 (Windows NT 6.3; WOW64) AppleWebKit/537.36 (KHTML, like Gecko) Chrome/51.0.2704.103 Safari/537.36"
78.129.161.54 - - [10/Aug/2016:19:15:31 +0100] "GET /index.php?main_page=checkout_payment HTTP/1.0" 200 38356 "https://www.paiskincare.com/checkout/shipping" "Mozilla/5.0 (Windows NT 6.3; WOW64) AppleWebKit/537.36 (KHTML, like Gecko) Chrome/51.0.2704.103 Safari/537.36"
78.129.161.54 - - [10/Aug/2016:19:16:01 +0100] "GET /log-off HTTP/1.0" 302 776 "https://www.paiskincare.com/index.php?main_page=checkout_payment" "Mozilla/5.0 (Windows NT 6.3; WOW64) AppleWebKit/537.36 (KHTML, like Gecko) Chrome/51.0.2704.103 Safari/537.36"
78.129.161.54 - - [10/Aug/2016:19:16:02 +0100] "GET /index.php?main_page=logoff HTTP/1.0" 301 704 "https://www.paiskincare.com/index.php?main_page=checkout_payment" "Mozilla/5.0 (Windows NT 6.3; WOW64) AppleWebKit/537.36 (KHTML, like Gecko) Chrome/51.0.2704.103 Safari/537.36"
78.129.161.54 - - [10/Aug/2016:19:16:02 +0100] "GET /log-off HTTP/1.0" 200 30778 "https://www.paiskincare.com/index.php?main_page=checkout_payment" "Mozilla/5.0 (Windows NT 6.3; WOW64) AppleWebKit/537.36 (KHTML, like Gecko) Chrome/51.0.2704.103 Safari/537.36"
173.245.63.173 - - [10/Aug/2016:19:18:07 +0100] "GET /blog/tag/healthy/feed/ HTTP/1.0" 301 953 "-" "Mozilla/5.0 (compatible; linkdexbot/2.0; +http://www.linkdex.com/bots/)"
162.158.73.154 - - [10/Aug/2016:19:18:23 +0100] "POST /cto_osc_link.php HTTP/1.0" 200 1133 "-" "CarryTheOne"
78.129.161.54 - - [10/Aug/2016:19:21:28 +0100] "POST /cto_osc_link.php HTTP/1.0" 200 1389 "-" "CarryTheOne"
162.158.73.154 - - [10/Aug/2016:19:24:17 +0100] "POST /cto_osc_link.php HTTP/1.0" 200 1133 "-" "CarryTheOne"
141.101.64.142 - - [10/Aug/2016:19:26:15 +0100] "GET /blog/tag/geranium-thistle-rebalancing-day-cream/feed/ HTTP/1.0" 301 1006 "-" "Mozilla/5.0 (compatible; AhrefsBot/5.1; +http://ahrefs.com/robot/)"
78.129.161.54 - - [10/Aug/2016:19:27:17 +0100] "POST /cto_osc_link.php HTTP/1.0" 200 1389 "-" "CarryTheOne"
162.158.73.154 - - [10/Aug/2016:19:30:26 +0100] "POST /cto_osc_link.php HTTP/1.0" 200 1133 "-" "CarryTheOne"
78.129.161.54 - - [10/Aug/2016:19:33:17 +0100] "POST /cto_osc_link.php HTTP/1.0" 200 1389 "-" "CarryTheOne"
141.101.64.142 - - [10/Aug/2016:19:34:55 +0100] "GET /blog/tag/scientists/ HTTP/1.0" 301 950 "-" "Mozilla/5.0 (compatible; AhrefsBot/5.1; +http://ahrefs.com/robot/)"
162.158.73.154 - - [10/Aug/2016:19:36:18 +0100] "POST /cto_osc_link.php HTTP/1.0" 200 1133 "-" "CarryTheOne"
78.129.161.54 - - [10/Aug/2016:19:39:17 +0100] "POST /cto_osc_link.php HTTP/1.0" 200 1389 "-" "CarryTheOne"
162.158.73.154 - - [10/Aug/2016:19:42:27 +0100] "POST /cto_osc_link.php HTTP/1.0" 200 1133 "-" "CarryTheOne"
162.158.76.52 - - [10/Aug/2016:19:42:30 +0100] "GET /blog/2015/06/02/speedy-and-slow-healthy-breakfast-ideas/ HTTP/1.0" 301 1013 "-" "Mozilla/5.0 (compatible; linkdexbot/2.0; +http://www.linkdex.com/bots/)"
78.129.161.54 - - [10/Aug/2016:19:45:17 +0100] "POST /cto_osc_link.php HTTP/1.0" 200 1389 "-" "CarryTheOne"
162.158.73.154 - - [10/Aug/2016:19:48:18 +0100] "POST /cto_osc_link.php HTTP/1.0" 200 1133 "-" "CarryTheOne"
78.129.161.54 - - [10/Aug/2016:19:50:40 +0100] "GET /checkout/shipping HTTP/1.0" 302 775 "http://www.paiskincare.com/shopping-cart/" "Mozilla/5.0 (iPad; CPU OS 8_1_3 like Mac OS X) AppleWebKit/600.1.4 (KHTML, like Gecko) Version/8.0 Mobile/12B466 Safari/600.1.4"
78.129.161.54 - - [10/Aug/2016:19:50:40 +0100] "GET /index.php?main_page=login HTTP/1.0" 301 710 "http://www.paiskincare.com/shopping-cart/" "Mozilla/5.0 (iPad; CPU OS 8_1_3 like Mac OS X) AppleWebKit/600.1.4 (KHTML, like Gecko) Version/8.0 Mobile/12B466 Safari/600.1.4"
78.129.161.54 - - [10/Aug/2016:19:50:40 +0100] "GET /account/login HTTP/1.0" 200 68028 "http://www.paiskincare.com/shopping-cart/" "Mozilla/5.0 (iPad; CPU OS 8_1_3 like Mac OS X) AppleWebKit/600.1.4 (KHTML, like Gecko) Version/8.0 Mobile/12B466 Safari/600.1.4"
78.129.161.54 - - [10/Aug/2016:19:51:03 +0100] "POST /index.php?main_page=login&action=process HTTP/1.0" 200 68583 "https://www.paiskincare.com/account/login" "Mozilla/5.0 (iPad; CPU OS 8_1_3 like Mac OS X) AppleWebKit/600.1.4 (KHTML, like Gecko) Version/8.0 Mobile/12B466 Safari/600.1.4"
108.162.244.138 - - [10/Aug/2016:19:51:04 +0100] "GET /blog/tag/campaign/ HTTP/1.0" 301 947 "-" "Mozilla/5.0 (compatible; Yahoo! Slurp; http://help.yahoo.com/help/us/ysearch/slurp)"
78.129.161.54 - - [10/Aug/2016:19:51:16 +0100] "POST /cto_osc_link.php HTTP/1.0" 200 1389 "-" "CarryTheOne"
78.129.161.54 - - [10/Aug/2016:19:51:25 +0100] "POST /index.php?main_page=login&action=process HTTP/1.0" 200 68583 "https://www.paiskincare.com/index.php?main_page=login&action=process" "Mozilla/5.0 (iPad; CPU OS 8_1_3 like Mac OS X) AppleWebKit/600.1.4 (KHTML, like Gecko) Version/8.0 Mobile/12B466 Safari/600.1.4"
78.129.161.54 - - [10/Aug/2016:19:51:49 +0100] "POST /index.php?main_page=login&action=process HTTP/1.0" 200 68583 "https://www.paiskincare.com/index.php?main_page=login&action=process" "Mozilla/5.0 (iPad; CPU OS 8_1_3 like Mac OS X) AppleWebKit/600.1.4 (KHTML, like Gecko) Version/8.0 Mobile/12B466 Safari/600.1.4"
78.129.161.54 - - [10/Aug/2016:19:52:09 +0100] "POST /index.php?main_page=login&action=process HTTP/1.0" 302 869 "https://www.paiskincare.com/index.php?main_page=login&action=process" "Mozilla/5.0 (iPad; CPU OS 8_1_3 like Mac OS X) AppleWebKit/600.1.4 (KHTML, like Gecko) Version/8.0 Mobile/12B466 Safari/600.1.4"
78.129.161.54 - - [10/Aug/2016:19:52:09 +0100] "GET /index.php?main_page=checkout_shipping HTTP/1.0" 301 714 "https://www.paiskincare.com/index.php?main_page=login&action=process" "Mozilla/5.0 (iPad; CPU OS 8_1_3 like Mac OS X) AppleWebKit/600.1.4 (KHTML, like Gecko) Version/8.0 Mobile/12B466 Safari/600.1.4"
78.129.161.54 - - [10/Aug/2016:19:52:10 +0100] "GET /checkout/shipping HTTP/1.0" 200 30784 "https://www.paiskincare.com/index.php?main_page=login&action=process" "Mozilla/5.0 (iPad; CPU OS 8_1_3 like Mac OS X) AppleWebKit/600.1.4 (KHTML, like Gecko) Version/8.0 Mobile/12B466 Safari/600.1.4"
78.129.161.54 - - [10/Aug/2016:19:52:16 +0100] "GET /index.php?main_page=checkout_shipping_address HTTP/1.0" 200 69390 "https://www.paiskincare.com/checkout/shipping" "Mozilla/5.0 (iPad; CPU OS 8_1_3 like Mac OS X) AppleWebKit/600.1.4 (KHTML, like Gecko) Version/8.0 Mobile/12B466 Safari/600.1.4"
162.158.108.196 - - [10/Aug/2016:19:53:06 +0100] "GET /blog/tag/be-beautiful/feed/ HTTP/1.0" 301 962 "-" "Mozilla/5.0 (compatible; AhrefsBot/5.1; +http://ahrefs.com/robot/)"
78.129.161.54 - - [10/Aug/2016:19:53:20 +0100] "POST /index.php?main_page=checkout_shipping_address HTTP/1.0" 302 787 "https://www.paiskincare.com/index.php?main_page=checkout_shipping_address" "Mozilla/5.0 (iPad; CPU OS 8_1_3 like Mac OS X) AppleWebKit/600.1.4 (KHTML, like Gecko) Version/8.0 Mobile/12B466 Safari/600.1.4"
78.129.161.54 - - [10/Aug/2016:19:53:20 +0100] "GET /index.php?main_page=checkout_shipping HTTP/1.0" 301 714 "https://www.paiskincare.com/index.php?main_page=checkout_shipping_address" "Mozilla/5.0 (iPad; CPU OS 8_1_3 like Mac OS X) AppleWebKit/600.1.4 (KHTML, like Gecko) Version/8.0 Mobile/12B466 Safari/600.1.4"
78.129.161.54 - - [10/Aug/2016:19:53:20 +0100] "GET /checkout/shipping HTTP/1.0" 200 30800 "https://www.paiskincare.com/index.php?main_page=checkout_shipping_address" "Mozilla/5.0 (iPad; CPU OS 8_1_3 like Mac OS X) AppleWebKit/600.1.4 (KHTML, like Gecko) Version/8.0 Mobile/12B466 Safari/600.1.4"
78.129.161.54 - - [10/Aug/2016:19:53:34 +0100] "POST /index.php?main_page=checkout_shipping HTTP/1.0" 302 786 "https://www.paiskincare.com/checkout/shipping" "Mozilla/5.0 (iPad; CPU OS 8_1_3 like Mac OS X) AppleWebKit/600.1.4 (KHTML, like Gecko) Version/8.0 Mobile/12B466 Safari/600.1.4"
78.129.161.54 - - [10/Aug/2016:19:53:35 +0100] "GET /index.php?main_page=checkout_payment HTTP/1.0" 200 38353 "https://www.paiskincare.com/checkout/shipping" "Mozilla/5.0 (iPad; CPU OS 8_1_3 like Mac OS X) AppleWebKit/600.1.4 (KHTML, like Gecko) Version/8.0 Mobile/12B466 Safari/600.1.4"
78.129.161.54 - - [10/Aug/2016:19:53:48 +0100] "GET /index.php?main_page=checkout_payment_address HTTP/1.0" 200 67310 "https://www.paiskincare.com/index.php?main_page=checkout_payment" "Mozilla/5.0 (iPad; CPU OS 8_1_3 like Mac OS X) AppleWebKit/600.1.4 (KHTML, like Gecko) Version/8.0 Mobile/12B466 Safari/600.1.4"
78.129.161.54 - - [10/Aug/2016:19:53:57 +0100] "POST /index.php?main_page=checkout_payment_address HTTP/1.0" 302 786 "https://www.paiskincare.com/index.php?main_page=checkout_payment_address" "Mozilla/5.0 (iPad; CPU OS 8_1_3 like Mac OS X) AppleWebKit/600.1.4 (KHTML, like Gecko) Version/8.0 Mobile/12B466 Safari/600.1.4"
78.129.161.54 - - [10/Aug/2016:19:53:57 +0100] "GET /index.php?main_page=checkout_payment HTTP/1.0" 200 38340 "https://www.paiskincare.com/index.php?main_page=checkout_payment_address" "Mozilla/5.0 (iPad; CPU OS 8_1_3 like Mac OS X) AppleWebKit/600.1.4 (KHTML, like Gecko) Version/8.0 Mobile/12B466 Safari/600.1.4"
162.158.73.154 - - [10/Aug/2016:19:54:17 +0100] "POST /cto_osc_link.php HTTP/1.0" 200 1133 "-" "CarryTheOne"
78.129.161.54 - - [10/Aug/2016:19:54:36 +0100] "POST /index.php?main_page=checkout_confirmation HTTP/1.0" 200 35279 "https://www.paiskincare.com/index.php?main_page=checkout_payment" "Mozilla/5.0 (iPad; CPU OS 8_1_3 like Mac OS X) AppleWebKit/600.1.4 (KHTML, like Gecko) Version/8.0 Mobile/12B466 Safari/600.1.4"
78.129.161.54 - - [10/Aug/2016:19:54:48 +0100] "POST /index.php?main_page=checkout_process HTTP/1.0" 302 786 "https://www.paiskincare.com/index.php?main_page=checkout_confirmation" "Mozilla/5.0 (iPad; CPU OS 8_1_3 like Mac OS X) AppleWebKit/600.1.4 (KHTML, like Gecko) Version/8.0 Mobile/12B466 Safari/600.1.4"
78.129.161.54 - - [10/Aug/2016:19:54:52 +0100] "GET /index.php?main_page=checkout_success HTTP/1.0" 200 27297 "https://www.paiskincare.com/index.php?main_page=checkout_confirmation" "Mozilla/5.0 (iPad; CPU OS 8_1_3 like Mac OS X) AppleWebKit/600.1.4 (KHTML, like Gecko) Version/8.0 Mobile/12B466 Safari/600.1.4"
78.129.161.54 - - [10/Aug/2016:19:55:07 +0100] "GET /log-off HTTP/1.0" 302 776 "https://www.paiskincare.com/index.php?main_page=checkout_success" "Mozilla/5.0 (iPad; CPU OS 8_1_3 like Mac OS X) AppleWebKit/600.1.4 (KHTML, like Gecko) Version/8.0 Mobile/12B466 Safari/600.1.4"
78.129.161.54 - - [10/Aug/2016:19:55:07 +0100] "GET /index.php?main_page=logoff HTTP/1.0" 301 704 "https://www.paiskincare.com/index.php?main_page=checkout_success" "Mozilla/5.0 (iPad; CPU OS 8_1_3 like Mac OS X) AppleWebKit/600.1.4 (KHTML, like Gecko) Version/8.0 Mobile/12B466 Safari/600.1.4"
78.129.161.54 - - [10/Aug/2016:19:55:07 +0100] "GET /log-off HTTP/1.0" 200 30778 "https://www.paiskincare.com/index.php?main_page=checkout_success" "Mozilla/5.0 (iPad; CPU OS 8_1_3 like Mac OS X) AppleWebKit/600.1.4 (KHTML, like Gecko) Version/8.0 Mobile/12B466 Safari/600.1.4"
78.129.161.54 - - [10/Aug/2016:19:55:13 +0100] "GET /blog/2011/02/04/top-tips-for-killer-legs/ HTTP/1.0" 301 988 "-" "Mozilla/5.0 (compatible; Yahoo! Slurp; http://help.yahoo.com/help/us/ysearch/slurp)"
78.129.161.54 - - [10/Aug/2016:19:56:05 +0100] "GET /blog/tag/nail-polish/feed/ HTTP/1.0" 301 958 "-" "Mozilla/5.0 (compatible; AhrefsBot/5.1; +http://ahrefs.com/robot/)"
78.129.161.54 - - [10/Aug/2016:19:56:48 +0100] "GET /blog/tag/greens/feed/ HTTP/1.0" 301 948 "-" "Mozilla/5.0 (compatible; AhrefsBot/5.1; +http://ahrefs.com/robot/)"
78.129.161.54 - - [10/Aug/2016:19:57:18 +0100] "POST /cto_osc_link.php HTTP/1.0" 200 3222 "-" "CarryTheOne"
162.158.73.154 - - [10/Aug/2016:20:00:33 +0100] "POST /cto_osc_link.php HTTP/1.0" 200 1133 "-" "CarryTheOne"
78.129.161.54 - - [10/Aug/2016:20:03:21 +0100] "POST /cto_osc_link.php HTTP/1.0" 200 1389 "-" "CarryTheOne"
162.158.73.154 - - [10/Aug/2016:20:06:23 +0100] "POST /cto_osc_link.php HTTP/1.0" 200 1133 "-" "CarryTheOne"
207.46.13.1 - - [10/Aug/2016:20:08:04 +0100] "GET /pomegranate-pumpkin-seed-stretch-mark-system-34 HTTP/1.0" 200 12047 "-" "Mozilla/5.0 (compatible; bingbot/2.0; +http://www.bing.com/bingbot.htm)"
78.129.161.54 - - [10/Aug/2016:20:09:18 +0100] "POST /cto_osc_link.php HTTP/1.0" 200 1389 "-" "CarryTheOne"
78.129.161.54 - - [10/Aug/2016:20:09:22 +0100] "GET /blog/tag/plane/ HTTP/1.0" 301 936 "-" "Mozilla/5.0 (compatible; AhrefsBot/5.1; +http://ahrefs.com/robot/)"
162.158.73.154 - - [10/Aug/2016:20:12:26 +0100] "POST /cto_osc_link.php HTTP/1.0" 200 1133 "-" "CarryTheOne"
108.162.244.138 - - [10/Aug/2016:20:14:06 +0100] "GET /blog/tag/loreal/ HTTP/1.0" 301 943 "-" "Mozilla/5.0 (compatible; Yahoo! Slurp; http://help.yahoo.com/help/us/ysearch/slurp)"
78.129.161.54 - - [10/Aug/2016:20:15:18 +0100] "POST /cto_osc_link.php HTTP/1.0" 200 1389 "-" "CarryTheOne"
162.158.73.154 - - [10/Aug/2016:20:18:18 +0100] "POST /cto_osc_link.php HTTP/1.0" 200 1133 "-" "CarryTheOne"
78.129.161.54 - - [10/Aug/2016:20:21:20 +0100] "POST /cto_osc_link.php HTTP/1.0" 200 1389 "-" "CarryTheOne"
162.158.73.154 - - [10/Aug/2016:20:24:19 +0100] "POST /cto_osc_link.php HTTP/1.0" 200 1133 "-" "CarryTheOne"
78.129.161.54 - - [10/Aug/2016:20:27:18 +0100] "POST /cto_osc_link.php HTTP/1.0" 200 1389 "-" "CarryTheOne"
108.162.244.138 - - [10/Aug/2016:20:28:39 +0100] "GET /blog/tag/thank-you/ HTTP/1.0" 301 6265 "-" "Mozilla/5.0 (compatible; Yahoo! Slurp; http://help.yahoo.com/help/us/ysearch/slurp)"
162.158.73.154 - - [10/Aug/2016:20:30:18 +0100] "POST /cto_osc_link.php HTTP/1.0" 200 1133 "-" "CarryTheOne"
78.129.161.54 - - [10/Aug/2016:20:33:29 +0100] "POST /cto_osc_link.php HTTP/1.0" 200 1389 "-" "CarryTheOne"
108.162.244.138 - - [10/Aug/2016:20:34:43 +0100] "GET /blog/category/diet-and-lifestyle/page/5/ HTTP/1.0" 301 970 "-" "Mozilla/5.0 (compatible; Yahoo! Slurp; http://help.yahoo.com/help/us/ysearch/slurp)"
162.158.73.154 - - [10/Aug/2016:20:36:19 +0100] "POST /cto_osc_link.php HTTP/1.0" 200 1133 "-" "CarryTheOne"
78.129.161.54 - - [10/Aug/2016:20:39:17 +0100] "POST /cto_osc_link.php HTTP/1.0" 200 1389 "-" "CarryTheOne"
162.158.73.154 - - [10/Aug/2016:20:42:18 +0100] "POST /cto_osc_link.php HTTP/1.0" 200 1133 "-" "CarryTheOne"
78.129.161.54 - - [10/Aug/2016:20:45:19 +0100] "POST /cto_osc_link.php HTTP/1.0" 200 1389 "-" "CarryTheOne"
162.158.108.196 - - [10/Aug/2016:20:46:19 +0100] "GET /blog/tag/stocking-filler/ HTTP/1.0" 301 959 "-" "Mozilla/5.0 (compatible; AhrefsBot/5.1; +http://ahrefs.com/robot/)"
162.158.73.154 - - [10/Aug/2016:20:48:34 +0100] "POST /cto_osc_link.php HTTP/1.0" 200 1133 "-" "CarryTheOne"
108.162.244.138 - - [10/Aug/2016:20:48:41 +0100] "GET /blog/tag/press/ HTTP/1.0" 301 941 "-" "Mozilla/5.0 (compatible; Yahoo! Slurp; http://help.yahoo.com/help/us/ysearch/slurp)"
78.129.161.54 - - [10/Aug/2016:20:51:34 +0100] "POST /cto_osc_link.php HTTP/1.0" 200 1389 "-" "CarryTheOne"
162.158.73.154 - - [10/Aug/2016:20:54:37 +0100] "POST /cto_osc_link.php HTTP/1.0" 200 6449 "-" "CarryTheOne"
108.162.228.166 - - [10/Aug/2016:20:54:40 +0100] "GET /blog/tag/morroco/ HTTP/1.0" 301 945 "-" "Mozilla/5.0 (compatible; AhrefsBot/5.1; +http://ahrefs.com/robot/)"
78.129.161.54 - - [10/Aug/2016:20:57:23 +0100] "POST /cto_osc_link.php HTTP/1.0" 200 1389 "-" "CarryTheOne"
162.158.108.196 - - [10/Aug/2016:20:58:25 +0100] "GET /blog/2015/09/30/why-eating-seasonal-produce-is-better-for-you-2/ HTTP/1.0" 301 1027 "-" "Mozilla/5.0 (compatible; AhrefsBot/5.1; +http://ahrefs.com/robot/)"
78.129.161.54 - - [10/Aug/2016:21:00:19 +0100] "GET /checkout/shipping HTTP/1.0" 302 775 "http://www.paiskincare.com/index.php?main_page=shopping_cart&number_of_uploads=0" "Mozilla/5.0 (iPad; CPU OS 8_1_2 like Mac OS X) AppleWebKit/600.1.4 (KHTML, like Gecko) GSA/17.1.129017588 Mobile/12B440 Safari/600.1.4"
78.129.161.54 - - [10/Aug/2016:21:00:21 +0100] "GET /index.php?main_page=login HTTP/1.0" 301 710 "http://www.paiskincare.com/index.php?main_page=shopping_cart&number_of_uploads=0" "Mozilla/5.0 (iPad; CPU OS 8_1_2 like Mac OS X) AppleWebKit/600.1.4 (KHTML, like Gecko) GSA/17.1.129017588 Mobile/12B440 Safari/600.1.4"
78.129.161.54 - - [10/Aug/2016:21:00:22 +0100] "GET /account/login HTTP/1.0" 200 67998 "http://www.paiskincare.com/index.php?main_page=shopping_cart&number_of_uploads=0" "Mozilla/5.0 (iPad; CPU OS 8_1_2 like Mac OS X) AppleWebKit/600.1.4 (KHTML, like Gecko) GSA/17.1.129017588 Mobile/12B440 Safari/600.1.4"
162.158.73.154 - - [10/Aug/2016:21:00:40 +0100] "POST /cto_osc_link.php HTTP/1.0" 200 1133 "-" "CarryTheOne"
78.129.161.54 - - [10/Aug/2016:21:00:57 +0100] "POST /index.php?main_page=login&action=process HTTP/1.0" 200 68582 "https://www.paiskincare.com/account/login" "Mozilla/5.0 (iPad; CPU OS 8_1_2 like Mac OS X) AppleWebKit/600.1.4 (KHTML, like Gecko) GSA/17.1.129017588 Mobile/12B440 Safari/600.1.4"
78.129.161.54 - - [10/Aug/2016:21:01:31 +0100] "POST /index.php?main_page=login&action=process HTTP/1.0" 302 869 "https://www.paiskincare.com/index.php?main_page=login&action=process" "Mozilla/5.0 (iPad; CPU OS 8_1_2 like Mac OS X) AppleWebKit/600.1.4 (KHTML, like Gecko) GSA/17.1.129017588 Mobile/12B440 Safari/600.1.4"
78.129.161.54 - - [10/Aug/2016:21:01:32 +0100] "GET /index.php?main_page=checkout_shipping HTTP/1.0" 301 714 "https://www.paiskincare.com/index.php?main_page=login&action=process" "Mozilla/5.0 (iPad; CPU OS 8_1_2 like Mac OS X) AppleWebKit/600.1.4 (KHTML, like Gecko) GSA/17.1.129017588 Mobile/12B440 Safari/600.1.4"
78.129.161.54 - - [10/Aug/2016:21:01:32 +0100] "GET /checkout/shipping HTTP/1.0" 200 30792 "https://www.paiskincare.com/index.php?main_page=login&action=process" "Mozilla/5.0 (iPad; CPU OS 8_1_2 like Mac OS X) AppleWebKit/600.1.4 (KHTML, like Gecko) GSA/17.1.129017588 Mobile/12B440 Safari/600.1.4"
78.129.161.54 - - [10/Aug/2016:21:02:03 +0100] "POST /index.php?main_page=checkout_shipping HTTP/1.0" 302 786 "https://www.paiskincare.com/checkout/shipping" "Mozilla/5.0 (iPad; CPU OS 8_1_2 like Mac OS X) AppleWebKit/600.1.4 (KHTML, like Gecko) GSA/17.1.129017588 Mobile/12B440 Safari/600.1.4"
78.129.161.54 - - [10/Aug/2016:21:02:04 +0100] "GET /index.php?main_page=checkout_payment HTTP/1.0" 200 38390 "https://www.paiskincare.com/checkout/shipping" "Mozilla/5.0 (iPad; CPU OS 8_1_2 like Mac OS X) AppleWebKit/600.1.4 (KHTML, like Gecko) GSA/17.1.129017588 Mobile/12B440 Safari/600.1.4"
78.129.161.54 - - [10/Aug/2016:21:03:20 +0100] "POST /cto_osc_link.php HTTP/1.0" 200 1389 "-" "CarryTheOne"
141.101.106.106 - - [10/Aug/2016:21:04:27 +0100] "POST /index.php?main_page=checkout_confirmation HTTP/1.0" 200 9824 "https://www.paiskincare.com/index.php?main_page=checkout_payment" "Mozilla/5.0 (iPad; CPU OS 8_1_2 like Mac OS X) AppleWebKit/600.1.4 (KHTML, like Gecko) GSA/17.1.129017588 Mobile/12B440 Safari/600.1.4"
78.129.161.54 - - [10/Aug/2016:21:04:48 +0100] "POST /index.php?main_page=checkout_process HTTP/1.0" 302 786 "https://www.paiskincare.com/index.php?main_page=checkout_confirmation" "Mozilla/5.0 (iPad; CPU OS 8_1_2 like Mac OS X) AppleWebKit/600.1.4 (KHTML, like Gecko) GSA/17.1.129017588 Mobile/12B440 Safari/600.1.4"
78.129.161.54 - - [10/Aug/2016:21:04:53 +0100] "GET /index.php?main_page=checkout_success HTTP/1.0" 200 27103 "https://www.paiskincare.com/index.php?main_page=checkout_confirmation" "Mozilla/5.0 (iPad; CPU OS 8_1_2 like Mac OS X) AppleWebKit/600.1.4 (KHTML, like Gecko) GSA/17.1.129017588 Mobile/12B440 Safari/600.1.4"
78.129.161.54 - - [10/Aug/2016:21:05:34 +0100] "GET /blog/tag/drinks/ HTTP/1.0" 301 938 "-" "Mozilla/5.0 (compatible; Yahoo! Slurp; http://help.yahoo.com/help/us/ysearch/slurp)"
78.129.161.54 - - [10/Aug/2016:21:05:44 +0100] "GET /blog/tag/squalene/ HTTP/1.0" 301 942 "-" "Mozilla/5.0 (compatible; Yahoo! Slurp; http://help.yahoo.com/help/us/ysearch/slurp)"
162.158.73.154 - - [10/Aug/2016:21:06:17 +0100] "POST /cto_osc_link.php HTTP/1.0" 200 1884 "-" "CarryTheOne"
78.129.161.54 - - [10/Aug/2016:21:09:18 +0100] "POST /cto_osc_link.php HTTP/1.0" 200 1389 "-" "CarryTheOne"
162.158.73.154 - - [10/Aug/2016:21:12:27 +0100] "POST /cto_osc_link.php HTTP/1.0" 200 1133 "-" "CarryTheOne"
162.158.101.161 - - [10/Aug/2016:21:13:22 +0100] "GET /blog/2012/05/14/how-to-patch-test-new-products-and-why-you-always-should HTTP/1.0" 301 1037 "-" "Mozilla/5.0 (Windows NT 5.1) AppleWebKit/537.36 (KHTML, like Gecko) Chrome/41.0.2224.3 Safari/537.36"
108.162.244.138 - - [10/Aug/2016:21:15:22 +0100] "GET /blog/tag/dairy/feed/ HTTP/1.0" 301 950 "-" "Mozilla/5.0 (compatible; Yahoo! Slurp; http://help.yahoo.com/help/us/ysearch/slurp)"
78.129.161.54 - - [10/Aug/2016:21:15:36 +0100] "POST /cto_osc_link.php HTTP/1.0" 200 6705 "-" "CarryTheOne"
78.129.161.54 - - [10/Aug/2016:21:15:47 +0100] "GET /blog/2013/05/03/back-acne-how-its-caused-and-how-to-get-rid-of-it/ HTTP/1.0" 301 1038 "-" "Mozilla/5.0 (compatible; Yahoo! Slurp; http://help.yahoo.com/help/us/ysearch/slurp)"
162.158.73.154 - - [10/Aug/2016:21:18:31 +0100] "POST /cto_osc_link.php HTTP/1.0" 200 1133 "-" "CarryTheOne"
78.129.161.54 - - [10/Aug/2016:21:19:13 +0100] "GET /blog/tag/gift-sets/feed/ HTTP/1.0" 301 954 "-" "Mozilla/5.0 (compatible; Yahoo! Slurp; http://help.yahoo.com/help/us/ysearch/slurp)"
78.129.161.54 - - [10/Aug/2016:21:21:18 +0100] "POST /cto_osc_link.php HTTP/1.0" 200 1389 "-" "CarryTheOne"
162.158.108.196 - - [10/Aug/2016:21:24:32 +0100] "GET /blog/tag/porridge/feed/ HTTP/1.0" 301 955 "-" "Mozilla/5.0 (compatible; AhrefsBot/5.1; +http://ahrefs.com/robot/)"
162.158.73.154 - - [10/Aug/2016:21:24:39 +0100] "POST /cto_osc_link.php HTTP/1.0" 200 1133 "-" "CarryTheOne"
108.162.228.166 - - [10/Aug/2016:21:24:58 +0100] "GET /blog/tag/goody-bag/ HTTP/1.0" 301 948 "-" "Mozilla/5.0 (compatible; AhrefsBot/5.1; +http://ahrefs.com/robot/)"
78.129.161.54 - - [10/Aug/2016:21:27:34 +0100] "POST /cto_osc_link.php HTTP/1.0" 200 1389 "-" "CarryTheOne"
78.129.161.54 - - [10/Aug/2016:21:28:35 +0100] "GET /blog/tag/flakey-skin/feed/ HTTP/1.0" 301 958 "-" "Mozilla/5.0 (compatible; AhrefsBot/5.1; +http://ahrefs.com/robot/)"
162.158.73.154 - - [10/Aug/2016:21:30:20 +0100] "POST /cto_osc_link.php HTTP/1.0" 200 1133 "-" "CarryTheOne"
78.129.161.54 - - [10/Aug/2016:21:33:17 +0100] "POST /cto_osc_link.php HTTP/1.0" 200 1389 "-" "CarryTheOne"
162.158.108.196 - - [10/Aug/2016:21:34:19 +0100] "GET /blog/category/pai-news-and-press/page/8/ HTTP/1.0" 301 962 "-" "Mozilla/5.0 (compatible; AhrefsBot/5.1; +http://ahrefs.com/robot/)"
162.158.73.154 - - [10/Aug/2016:21:36:18 +0100] "POST /cto_osc_link.php HTTP/1.0" 200 1133 "-" "CarryTheOne"
78.129.161.54 - - [10/Aug/2016:21:38:24 +0100] "GET / HTTP/1.0" 200 31053 "-" "Mozilla/5.0 (iPhone; CPU iPhone OS 9_1 like Mac OS X) AppleWebKit/601.1.46 (KHTML, like Gecko) Version/9.0 Mobile/13B143 Safari/601.1"
78.129.161.54 - - [10/Aug/2016:21:38:30 +0100] "GET /checkout/shipping HTTP/1.0" 302 775 "http://www.paiskincare.com/shopping-cart/" "Mozilla/5.0 (Windows NT 10.0; WOW64) AppleWebKit/537.36 (KHTML, like Gecko) Chrome/51.0.2704.103 Safari/537.36"
78.129.161.54 - - [10/Aug/2016:21:38:31 +0100] "GET /index.php?main_page=login HTTP/1.0" 301 710 "http://www.paiskincare.com/shopping-cart/" "Mozilla/5.0 (Windows NT 10.0; WOW64) AppleWebKit/537.36 (KHTML, like Gecko) Chrome/51.0.2704.103 Safari/537.36"
78.129.161.54 - - [10/Aug/2016:21:38:31 +0100] "GET /account/login HTTP/1.0" 200 67998 "http://www.paiskincare.com/shopping-cart/" "Mozilla/5.0 (Windows NT 10.0; WOW64) AppleWebKit/537.36 (KHTML, like Gecko) Chrome/51.0.2704.103 Safari/537.36"
78.129.161.54 - - [10/Aug/2016:21:38:43 +0100] "POST /index.php?main_page=login&action=process HTTP/1.0" 302 869 "https://www.paiskincare.com/account/login" "Mozilla/5.0 (Windows NT 10.0; WOW64) AppleWebKit/537.36 (KHTML, like Gecko) Chrome/51.0.2704.103 Safari/537.36"
78.129.161.54 - - [10/Aug/2016:21:38:44 +0100] "GET /index.php?main_page=checkout_shipping HTTP/1.0" 301 714 "https://www.paiskincare.com/account/login" "Mozilla/5.0 (Windows NT 10.0; WOW64) AppleWebKit/537.36 (KHTML, like Gecko) Chrome/51.0.2704.103 Safari/537.36"
78.129.161.54 - - [10/Aug/2016:21:38:44 +0100] "GET /checkout/shipping HTTP/1.0" 200 30752 "https://www.paiskincare.com/account/login" "Mozilla/5.0 (Windows NT 10.0; WOW64) AppleWebKit/537.36 (KHTML, like Gecko) Chrome/51.0.2704.103 Safari/537.36"
78.129.161.54 - - [10/Aug/2016:21:38:53 +0100] "POST /index.php?main_page=checkout_shipping HTTP/1.0" 302 786 "https://www.paiskincare.com/checkout/shipping" "Mozilla/5.0 (Windows NT 10.0; WOW64) AppleWebKit/537.36 (KHTML, like Gecko) Chrome/51.0.2704.103 Safari/537.36"
78.129.161.54 - - [10/Aug/2016:21:38:53 +0100] "GET /index.php?main_page=checkout_payment HTTP/1.0" 200 38315 "https://www.paiskincare.com/checkout/shipping" "Mozilla/5.0 (Windows NT 10.0; WOW64) AppleWebKit/537.36 (KHTML, like Gecko) Chrome/51.0.2704.103 Safari/537.36"
78.129.161.54 - - [10/Aug/2016:21:39:17 +0100] "POST /cto_osc_link.php HTTP/1.0" 200 1389 "-" "CarryTheOne"
78.129.161.54 - - [10/Aug/2016:21:39:42 +0100] "GET /cleanse-tone-2/ HTTP/1.0" 200 36431 "https://www.paiskincare.com/" "Mozilla/5.0 (iPhone; CPU iPhone OS 9_1 like Mac OS X) AppleWebKit/601.1.46 (KHTML, like Gecko) Version/9.0 Mobile/13B143 Safari/601.1"
79.74.227.136 - - [10/Aug/2016:21:40:23 +0100] "POST /index.php?main_page=checkout_confirmation HTTP/1.0" 500 1566 "https://www.paiskincare.com/index.php?main_page=checkout_payment" "Mozilla/5.0 (Windows NT 10.0; WOW64) AppleWebKit/537.36 (KHTML, like Gecko) Chrome/51.0.2704.103 Safari/537.36"
78.129.161.54 - - [10/Aug/2016:21:40:27 +0100] "GET /index.php?main_page=checkout_payment HTTP/1.0" 200 38333 "https://www.paiskincare.com/checkout/shipping" "Mozilla/5.0 (Windows NT 10.0; WOW64) AppleWebKit/537.36 (KHTML, like Gecko) Chrome/51.0.2704.103 Safari/537.36"
78.129.161.54 - - [10/Aug/2016:21:40:32 +0100] "GET /checkout/shipping HTTP/1.0" 302 775 "http://www.paiskincare.com/index.php?main_page=shopping_cart&number_of_uploads=0" "Mozilla/5.0 (iPhone; CPU iPhone OS 9_1 like Mac OS X) AppleWebKit/601.1.46 (KHTML, like Gecko) Version/9.0 Mobile/13B143 Safari/601.1"
78.129.161.54 - - [10/Aug/2016:21:40:32 +0100] "GET /index.php?main_page=login HTTP/1.0" 301 710 "http://www.paiskincare.com/index.php?main_page=shopping_cart&number_of_uploads=0" "Mozilla/5.0 (iPhone; CPU iPhone OS 9_1 like Mac OS X) AppleWebKit/601.1.46 (KHTML, like Gecko) Version/9.0 Mobile/13B143 Safari/601.1"
78.129.161.54 - - [10/Aug/2016:21:40:32 +0100] "GET /account/login HTTP/1.0" 200 67998 "http://www.paiskincare.com/index.php?main_page=shopping_cart&number_of_uploads=0" "Mozilla/5.0 (iPhone; CPU iPhone OS 9_1 like Mac OS X) AppleWebKit/601.1.46 (KHTML, like Gecko) Version/9.0 Mobile/13B143 Safari/601.1"
78.129.161.54 - - [10/Aug/2016:21:40:33 +0100] "POST /index.php?main_page=checkout_confirmation HTTP/1.0" 200 34823 "https://www.paiskincare.com/index.php?main_page=checkout_payment" "Mozilla/5.0 (Windows NT 10.0; WOW64) AppleWebKit/537.36 (KHTML, like Gecko) Chrome/51.0.2704.103 Safari/537.36"
78.129.161.54 - - [10/Aug/2016:21:40:39 +0100] "POST /index.php?main_page=checkout_process HTTP/1.0" 302 786 "https://www.paiskincare.com/index.php?main_page=checkout_confirmation" "Mozilla/5.0 (Windows NT 10.0; WOW64) AppleWebKit/537.36 (KHTML, like Gecko) Chrome/51.0.2704.103 Safari/537.36"
78.129.161.54 - - [10/Aug/2016:21:40:43 +0100] "GET /index.php?main_page=checkout_success HTTP/1.0" 200 27075 "https://www.paiskincare.com/index.php?main_page=checkout_confirmation" "Mozilla/5.0 (Windows NT 10.0; WOW64) AppleWebKit/537.36 (KHTML, like Gecko) Chrome/51.0.2704.103 Safari/537.36"
78.129.161.54 - - [10/Aug/2016:21:41:07 +0100] "POST /index.php?main_page=login&action=process HTTP/1.0" 302 869 "https://www.paiskincare.com/account/login" "Mozilla/5.0 (iPhone; CPU iPhone OS 9_1 like Mac OS X) AppleWebKit/601.1.46 (KHTML, like Gecko) Version/9.0 Mobile/13B143 Safari/601.1"
78.129.161.54 - - [10/Aug/2016:21:41:08 +0100] "GET /index.php?main_page=checkout_shipping HTTP/1.0" 301 714 "https://www.paiskincare.com/account/login" "Mozilla/5.0 (iPhone; CPU iPhone OS 9_1 like Mac OS X) AppleWebKit/601.1.46 (KHTML, like Gecko) Version/9.0 Mobile/13B143 Safari/601.1"
78.129.161.54 - - [10/Aug/2016:21:41:08 +0100] "GET /checkout/shipping HTTP/1.0" 200 30804 "https://www.paiskincare.com/account/login" "Mozilla/5.0 (iPhone; CPU iPhone OS 9_1 like Mac OS X) AppleWebKit/601.1.46 (KHTML, like Gecko) Version/9.0 Mobile/13B143 Safari/601.1"
162.158.108.202 - - [10/Aug/2016:21:41:14 +0100] "GET /blog/2014/02/19/pai-win-the-national-export-development-award/ HTTP/1.0" 301 1020 "-" "Mozilla/5.0 (compatible; AhrefsBot/5.1; +http://ahrefs.com/robot/)"
141.101.70.90 - - [10/Aug/2016:21:42:11 +0100] "POST /index.php?main_page=checkout_shipping HTTP/1.0" 302 6234 "https://www.paiskincare.com/checkout/shipping" "Mozilla/5.0 (iPhone; CPU iPhone OS 9_1 like Mac OS X) AppleWebKit/601.1.46 (KHTML, like Gecko) Version/9.0 Mobile/13B143 Safari/601.1"
78.129.161.54 - - [10/Aug/2016:21:42:12 +0100] "GET /index.php?main_page=checkout_payment HTTP/1.0" 200 38341 "https://www.paiskincare.com/checkout/shipping" "Mozilla/5.0 (iPhone; CPU iPhone OS 9_1 like Mac OS X) AppleWebKit/601.1.46 (KHTML, like Gecko) Version/9.0 Mobile/13B143 Safari/601.1"
162.158.73.154 - - [10/Aug/2016:21:42:19 +0100] "POST /cto_osc_link.php HTTP/1.0" 200 1828 "-" "CarryTheOne"
141.101.64.142 - - [10/Aug/2016:21:42:20 +0100] "GET /blog/tag/resolutions/feed/ HTTP/1.0" 301 960 "-" "Mozilla/5.0 (compatible; AhrefsBot/5.1; +http://ahrefs.com/robot/)"
78.129.161.54 - - [10/Aug/2016:21:43:44 +0100] "POST /index.php?main_page=checkout_confirmation HTTP/1.0" 500 2075 "https://www.paiskincare.com/index.php?main_page=checkout_payment" "Mozilla/5.0 (iPhone; CPU iPhone OS 9_1 like Mac OS X) AppleWebKit/601.1.46 (KHTML, like Gecko) Version/9.0 Mobile/13B143 Safari/601.1"
78.129.161.54 - - [10/Aug/2016:21:44:13 +0100] "GET /index.php?main_page=checkout_payment HTTP/1.0" 200 38359 "https://www.paiskincare.com/checkout/shipping" "Mozilla/5.0 (iPhone; CPU iPhone OS 9_1 like Mac OS X) AppleWebKit/601.1.46 (KHTML, like Gecko) Version/9.0 Mobile/13B143 Safari/601.1"
78.129.161.54 - - [10/Aug/2016:21:44:34 +0100] "POST /index.php?main_page=checkout_confirmation HTTP/1.0" 200 34576 "https://www.paiskincare.com/index.php?main_page=checkout_payment" "Mozilla/5.0 (iPhone; CPU iPhone OS 9_1 like Mac OS X) AppleWebKit/601.1.46 (KHTML, like Gecko) Version/9.0 Mobile/13B143 Safari/601.1"
108.162.244.138 - - [10/Aug/2016:21:44:35 +0100] "GET /blog/tag/ingrown-hairs/feed/ HTTP/1.0" 301 964 "-" "Mozilla/5.0 (compatible; Yahoo! Slurp; http://help.yahoo.com/help/us/ysearch/slurp)"
78.129.161.54 - - [10/Aug/2016:21:44:54 +0100] "POST /index.php?main_page=checkout_process HTTP/1.0" 302 786 "https://www.paiskincare.com/index.php?main_page=checkout_confirmation" "Mozilla/5.0 (iPhone; CPU iPhone OS 9_1 like Mac OS X) AppleWebKit/601.1.46 (KHTML, like Gecko) Version/9.0 Mobile/13B143 Safari/601.1"
78.129.161.54 - - [10/Aug/2016:21:44:59 +0100] "GET /index.php?main_page=checkout_success HTTP/1.0" 200 26953 "https://www.paiskincare.com/index.php?main_page=checkout_confirmation" "Mozilla/5.0 (iPhone; CPU iPhone OS 9_1 like Mac OS X) AppleWebKit/601.1.46 (KHTML, like Gecko) Version/9.0 Mobile/13B143 Safari/601.1"
108.162.228.166 - - [10/Aug/2016:21:45:08 +0100] "GET /blog/tag/luxury/ HTTP/1.0" 301 945 "-" "Mozilla/5.0 (compatible; AhrefsBot/5.1; +http://ahrefs.com/robot/)"
78.129.161.54 - - [10/Aug/2016:21:45:18 +0100] "POST /cto_osc_link.php HTTP/1.0" 200 2901 "-" "CarryTheOne"
162.158.73.154 - - [10/Aug/2016:21:48:18 +0100] "POST /cto_osc_link.php HTTP/1.0" 200 1133 "-" "CarryTheOne"
78.129.161.54 - - [10/Aug/2016:21:48:18 +0100] "GET /checkout/shipping HTTP/1.0" 302 775 "http://www.paiskincare.com/index.php?main_page=shopping_cart&number_of_uploads=0" "Mozilla/5.0 (Windows NT 10.0; Win64; x64) AppleWebKit/537.36 (KHTML, like Gecko) Chrome/46.0.2486.0 Safari/537.36 Edge/13.10586"
78.129.161.54 - - [10/Aug/2016:21:48:19 +0100] "GET /index.php?main_page=login HTTP/1.0" 301 710 "http://www.paiskincare.com/index.php?main_page=shopping_cart&number_of_uploads=0" "Mozilla/5.0 (Windows NT 10.0; Win64; x64) AppleWebKit/537.36 (KHTML, like Gecko) Chrome/46.0.2486.0 Safari/537.36 Edge/13.10586"
78.129.161.54 - - [10/Aug/2016:21:48:19 +0100] "GET /account/login HTTP/1.0" 200 67998 "http://www.paiskincare.com/index.php?main_page=shopping_cart&number_of_uploads=0" "Mozilla/5.0 (Windows NT 10.0; Win64; x64) AppleWebKit/537.36 (KHTML, like Gecko) Chrome/46.0.2486.0 Safari/537.36 Edge/13.10586"
78.129.161.54 - - [10/Aug/2016:21:51:17 +0100] "POST /cto_osc_link.php HTTP/1.0" 200 1389 "-" "CarryTheOne"
78.129.161.54 - - [10/Aug/2016:21:53:39 +0100] "GET /checkout/shipping HTTP/1.0" 302 775 "http://www.paiskincare.com/shopping-cart/" "Mozilla/5.0 (Windows NT 10.0; Win64; x64) AppleWebKit/537.36 (KHTML, like Gecko) Chrome/46.0.2486.0 Safari/537.36 Edge/13.10586"
78.129.161.54 - - [10/Aug/2016:21:53:39 +0100] "GET /index.php?main_page=login HTTP/1.0" 301 710 "http://www.paiskincare.com/shopping-cart/" "Mozilla/5.0 (Windows NT 10.0; Win64; x64) AppleWebKit/537.36 (KHTML, like Gecko) Chrome/46.0.2486.0 Safari/537.36 Edge/13.10586"
