108.162.228.166 - - [06/Aug/2016:13:24:08 +0100] "GET /blog/tag/allergies-2/feed/ HTTP/1.0" 301 960 "-" "Mozilla/5.0 (compatible; AhrefsBot/5.1; +http://ahrefs.com/robot/)"
162.158.73.154 - - [06/Aug/2016:13:24:18 +0100] "POST /cto_osc_link.php HTTP/1.0" 200 1133 "-" "CarryTheOne"
78.129.161.54 - - [06/Aug/2016:13:27:17 +0100] "POST /cto_osc_link.php HTTP/1.0" 200 1389 "-" "CarryTheOne"
108.162.228.172 - - [06/Aug/2016:13:27:59 +0100] "GET /blog/tag/grazia/ HTTP/1.0" 301 944 "-" "Mozilla/5.0 (compatible; AhrefsBot/5.1; +http://ahrefs.com/robot/)"
162.158.73.154 - - [06/Aug/2016:13:30:18 +0100] "POST /cto_osc_link.php HTTP/1.0" 200 1133 "-" "CarryTheOne"
78.129.161.54 - - [06/Aug/2016:13:33:17 +0100] "POST /cto_osc_link.php HTTP/1.0" 200 1389 "-" "CarryTheOne"
162.158.73.154 - - [06/Aug/2016:13:36:17 +0100] "POST /cto_osc_link.php HTTP/1.0" 200 1133 "-" "CarryTheOne"
207.46.13.174 - - [06/Aug/2016:13:36:44 +0100] "GET / HTTP/1.0" 200 9275 "-" "Mozilla/5.0 (compatible; bingbot/2.0; +http://www.bing.com/bingbot.htm)"
78.129.161.54 - - [06/Aug/2016:13:37:25 +0100] "GET /index.php?main_page=checkout_confirmation HTTP/1.0" 302 707 "-" "Mozilla/5.0 (compatible; bingbot/2.0; +http://www.bing.com/bingbot.htm)"
78.129.161.54 - - [06/Aug/2016:13:37:26 +0100] "GET /index.php?main_page=time_out HTTP/1.0" 200 31993 "-" "Mozilla/5.0 (compatible; bingbot/2.0; +http://www.bing.com/bingbot.htm)"
78.129.161.54 - - [06/Aug/2016:13:39:16 +0100] "POST /cto_osc_link.php HTTP/1.0" 200 1389 "-" "CarryTheOne"
162.158.104.166 - - [06/Aug/2016:13:39:17 +0100] "GET /blog/2016/03/01/meet-our-new-look-200ml-cleanser-and-dual-effect-cloth/ HTTP/1.0" 301 1037 "-" "Mozilla/5.0 (compatible; bingbot/2.0; +http://www.bing.com/bingbot.htm)"
108.162.244.11 - - [06/Aug/2016:13:41:40 +0100] "GET /index.php?main_page=checkout_payment HTTP/1.0" 302 839 "-" "Mozilla/5.0 (compatible; bingbot/2.0; +http://www.bing.com/bingbot.htm)"
162.158.104.64 - - [06/Aug/2016:13:41:50 +0100] "GET /index.php?main_page=time_out HTTP/1.0" 200 8936 "-" "Mozilla/5.0 (compatible; bingbot/2.0; +http://www.bing.com/bingbot.htm)"
162.158.73.154 - - [06/Aug/2016:13:42:20 +0100] "POST /cto_osc_link.php HTTP/1.0" 200 1133 "-" "CarryTheOne"
78.129.161.54 - - [06/Aug/2016:13:42:28 +0100] "GET /account/login?zenid=qpp5teuk3og9a7q02ev255is10 HTTP/1.0" 200 67638 "http://www.paiskincare.com/facial-oils-serums-29/" "Mozilla/5.0 (Windows NT 10.0; Win64; x64) AppleWebKit/537.36 (KHTML, like Gecko) Chrome/46.0.2486.0 Safari/537.36 Edge/13.10586"
108.162.244.138 - - [06/Aug/2016:13:42:58 +0100] "GET /blog/tag/vitamins/ HTTP/1.0" 301 947 "-" "Mozilla/5.0 (compatible; Yahoo! Slurp; http://help.yahoo.com/help/us/ysearch/slurp)"
78.129.161.54 - - [06/Aug/2016:13:44:29 +0100] "POST /account/create?zenid=qpp5teuk3og9a7q02ev255is10 HTTP/1.0" 302 1202 "https://www.paiskincare.com/account/login?zenid=qpp5teuk3og9a7q02ev255is10" "Mozilla/5.0 (Windows NT 10.0; Win64; x64) AppleWebKit/537.36 (KHTML, like Gecko) Chrome/46.0.2486.0 Safari/537.36 Edge/13.10586"
78.129.161.54 - - [06/Aug/2016:13:44:30 +0100] "GET /index.php?main_page=create_account_success&zenid=av2a6biqll58tr0k93p9qkucv0 HTTP/1.0" 301 838 "https://www.paiskincare.com/account/login?zenid=qpp5teuk3og9a7q02ev255is10" "Mozilla/5.0 (Windows NT 10.0; Win64; x64) AppleWebKit/537.36 (KHTML, like Gecko) Chrome/46.0.2486.0 Safari/537.36 Edge/13.10586"
78.129.161.54 - - [06/Aug/2016:13:44:31 +0100] "GET /account/created-successful?zenid=av2a6biqll58tr0k93p9qkucv0 HTTP/1.0" 200 33274 "https://www.paiskincare.com/account/login?zenid=qpp5teuk3og9a7q02ev255is10" "Mozilla/5.0 (Windows NT 10.0; Win64; x64) AppleWebKit/537.36 (KHTML, like Gecko) Chrome/46.0.2486.0 Safari/537.36 Edge/13.10586"
78.129.161.54 - - [06/Aug/2016:13:45:16 +0100] "POST /cto_osc_link.php HTTP/1.0" 200 1389 "-" "CarryTheOne"
114.254.177.57 - - [06/Aug/2016:13:46:02 +0100] "GET /log-off HTTP/1.0" 302 908 "http://www.paiskincare.com/rosehip-bioregenerate-oil-22" "Mozilla/5.0 (Windows NT 10.0; Win64; x64) AppleWebKit/537.36 (KHTML, like Gecko) Chrome/46.0.2486.0 Safari/537.36 Edge/13.10586"
78.129.161.54 - - [06/Aug/2016:13:46:03 +0100] "GET /index.php?main_page=logoff HTTP/1.0" 301 704 "http://www.paiskincare.com/rosehip-bioregenerate-oil-22" "Mozilla/5.0 (Windows NT 10.0; Win64; x64) AppleWebKit/537.36 (KHTML, like Gecko) Chrome/46.0.2486.0 Safari/537.36 Edge/13.10586"
78.129.161.54 - - [06/Aug/2016:13:46:06 +0100] "GET /log-off HTTP/1.0" 200 30778 "http://www.paiskincare.com/rosehip-bioregenerate-oil-22" "Mozilla/5.0 (Windows NT 10.0; Win64; x64) AppleWebKit/537.36 (KHTML, like Gecko) Chrome/46.0.2486.0 Safari/537.36 Edge/13.10586"
78.129.161.54 - - [06/Aug/2016:13:46:09 +0100] "GET /account/login HTTP/1.0" 200 72262 "https://www.paiskincare.com/log-off" "Mozilla/5.0 (Windows NT 10.0; Win64; x64) AppleWebKit/537.36 (KHTML, like Gecko) Chrome/46.0.2486.0 Safari/537.36 Edge/13.10586"
78.129.161.54 - - [06/Aug/2016:13:46:26 +0100] "POST /index.php?main_page=login&action=process HTTP/1.0" 302 857 "https://www.paiskincare.com/account/login" "Mozilla/5.0 (Windows NT 10.0; Win64; x64) AppleWebKit/537.36 (KHTML, like Gecko) Chrome/46.0.2486.0 Safari/537.36 Edge/13.10586"
78.129.161.54 - - [06/Aug/2016:13:46:27 +0100] "GET /index.php?main_page=index HTTP/1.0" 301 697 "https://www.paiskincare.com/account/login" "Mozilla/5.0 (Windows NT 10.0; Win64; x64) AppleWebKit/537.36 (KHTML, like Gecko) Chrome/46.0.2486.0 Safari/537.36 Edge/13.10586"
78.129.161.54 - - [06/Aug/2016:13:46:27 +0100] "GET / HTTP/1.0" 200 30914 "https://www.paiskincare.com/account/login" "Mozilla/5.0 (Windows NT 10.0; Win64; x64) AppleWebKit/537.36 (KHTML, like Gecko) Chrome/46.0.2486.0 Safari/537.36 Edge/13.10586"
78.129.161.54 - - [06/Aug/2016:13:47:53 +0100] "GET /pages/organic-certification-137 HTTP/1.0" 200 32594 "-" "Mozilla/5.0 (compatible; bingbot/2.0; +http://www.bing.com/bingbot.htm)"
141.101.64.142 - - [06/Aug/2016:13:48:00 +0100] "GET /blog/tag/content/ HTTP/1.0" 301 945 "-" "Mozilla/5.0 (compatible; AhrefsBot/5.1; +http://ahrefs.com/robot/)"
162.158.73.154 - - [06/Aug/2016:13:48:17 +0100] "POST /cto_osc_link.php HTTP/1.0" 200 1133 "-" "CarryTheOne"
78.129.161.54 - - [06/Aug/2016:13:49:36 +0100] "GET /pages/pai-stockists-store-locator-62 HTTP/1.0" 200 41358 "-" "Mozilla/5.0 (compatible; bingbot/2.0; +http://www.bing.com/bingbot.htm)"
78.129.161.54 - - [06/Aug/2016:13:51:16 +0100] "POST /cto_osc_link.php HTTP/1.0" 200 6705 "-" "CarryTheOne"
78.129.161.54 - - [06/Aug/2016:13:52:17 +0100] "GET /pages/company-history-2 HTTP/1.0" 200 32752 "-" "Mozilla/5.0 (compatible; bingbot/2.0; +http://www.bing.com/bingbot.htm)"
78.129.161.54 - - [06/Aug/2016:13:53:53 +0100] "GET /pages/gift-guide-180 HTTP/1.0" 200 40605 "-" "Mozilla/5.0 (compatible; bingbot/2.0; +http://www.bing.com/bingbot.htm)"
108.162.244.138 - - [06/Aug/2016:13:54:18 +0100] "GET /blog/tag/seasons/feed/ HTTP/1.0" 301 953 "-" "Mozilla/5.0 (compatible; Yahoo! Slurp; http://help.yahoo.com/help/us/ysearch/slurp)"
162.158.73.154 - - [06/Aug/2016:13:54:32 +0100] "POST /cto_osc_link.php HTTP/1.0" 200 1133 "-" "CarryTheOne"
108.162.244.138 - - [06/Aug/2016:13:54:48 +0100] "GET /index.php?main_page=product_info&products_id=42 HTTP/1.0" 301 802 "-" "Mozilla/5.0 (compatible; Yahoo! Slurp; http://help.yahoo.com/help/us/ysearch/slurp)"
78.129.161.54 - - [06/Aug/2016:13:55:10 +0100] "GET /echium-amaranth-age-confidence-facial-oil-42 HTTP/1.0" 200 39833 "-" "Mozilla/5.0 (compatible; Yahoo! Slurp; http://help.yahoo.com/help/us/ysearch/slurp)"
78.129.161.54 - - [06/Aug/2016:13:57:18 +0100] "POST /cto_osc_link.php HTTP/1.0" 200 6705 "-" "CarryTheOne"
40.77.167.92 - - [06/Aug/2016:13:59:40 +0100] "GET /dull-skin-10/ HTTP/1.0" 200 9492 "-" "Mozilla/5.0 (compatible; bingbot/2.0; +http://www.bing.com/bingbot.htm)"
162.158.73.154 - - [06/Aug/2016:14:00:20 +0100] "POST /cto_osc_link.php HTTP/1.0" 200 1133 "-" "CarryTheOne"
207.46.13.153 - - [06/Aug/2016:14:00:30 +0100] "GET /dry-dehydrated-20/ HTTP/1.0" 200 10088 "-" "Mozilla/5.0 (compatible; bingbot/2.0; +http://www.bing.com/bingbot.htm)"
78.129.161.54 - - [06/Aug/2016:14:02:51 +0100] "GET /checkout/shipping HTTP/1.0" 302 775 "http://www.paiskincare.com/index.php?main_page=shopping_cart&number_of_uploads=0" "Mozilla/5.0 (Macintosh; Intel Mac OS X 10.11; rv:47.0) Gecko/20100101 Firefox/47.0"
78.129.161.54 - - [06/Aug/2016:14:02:51 +0100] "GET /index.php?main_page=login HTTP/1.0" 301 710 "http://www.paiskincare.com/index.php?main_page=shopping_cart&number_of_uploads=0" "Mozilla/5.0 (Macintosh; Intel Mac OS X 10.11; rv:47.0) Gecko/20100101 Firefox/47.0"
78.129.161.54 - - [06/Aug/2016:14:02:51 +0100] "GET /account/login HTTP/1.0" 200 68026 "http://www.paiskincare.com/index.php?main_page=shopping_cart&number_of_uploads=0" "Mozilla/5.0 (Macintosh; Intel Mac OS X 10.11; rv:47.0) Gecko/20100101 Firefox/47.0"
78.129.161.54 - - [06/Aug/2016:14:03:16 +0100] "POST /cto_osc_link.php HTTP/1.0" 200 1389 "-" "CarryTheOne"
78.129.161.54 - - [06/Aug/2016:14:03:16 +0100] "GET /account/login HTTP/1.0" 200 66946 "http://www.paiskincare.com/" "Mozilla/5.0 (iPhone; CPU iPhone OS 9_3_3 like Mac OS X) AppleWebKit/601.1.46 (KHTML, like Gecko) Version/9.0 Mobile/13G34 Safari/601.1"
78.129.161.54 - - [06/Aug/2016:14:03:38 +0100] "POST /account/create HTTP/1.0" 302 1097 "https://www.paiskincare.com/account/login" "Mozilla/5.0 (Macintosh; Intel Mac OS X 10.11; rv:47.0) Gecko/20100101 Firefox/47.0"
78.129.161.54 - - [06/Aug/2016:14:03:40 +0100] "GET /index.php?main_page=create_account_success HTTP/1.0" 301 723 "https://www.paiskincare.com/account/login" "Mozilla/5.0 (Macintosh; Intel Mac OS X 10.11; rv:47.0) Gecko/20100101 Firefox/47.0"
78.129.161.54 - - [06/Aug/2016:14:03:40 +0100] "GET /account/created-successful HTTP/1.0" 302 787 "https://www.paiskincare.com/account/login" "Mozilla/5.0 (Macintosh; Intel Mac OS X 10.11; rv:47.0) Gecko/20100101 Firefox/47.0"
78.129.161.54 - - [06/Aug/2016:14:03:40 +0100] "GET /index.php?main_page=checkout_shipping HTTP/1.0" 301 714 "https://www.paiskincare.com/account/login" "Mozilla/5.0 (Macintosh; Intel Mac OS X 10.11; rv:47.0) Gecko/20100101 Firefox/47.0"
78.129.161.54 - - [06/Aug/2016:14:03:40 +0100] "GET /checkout/shipping HTTP/1.0" 200 30777 "https://www.paiskincare.com/account/login" "Mozilla/5.0 (Macintosh; Intel Mac OS X 10.11; rv:47.0) Gecko/20100101 Firefox/47.0"
78.129.161.54 - - [06/Aug/2016:14:03:41 +0100] "POST /index.php?main_page=login&action=process HTTP/1.0" 200 67501 "https://www.paiskincare.com/account/login" "Mozilla/5.0 (iPhone; CPU iPhone OS 9_3_3 like Mac OS X) AppleWebKit/601.1.46 (KHTML, like Gecko) Version/9.0 Mobile/13G34 Safari/601.1"
78.129.161.54 - - [06/Aug/2016:14:03:53 +0100] "POST /index.php?main_page=checkout_shipping HTTP/1.0" 302 786 "https://www.paiskincare.com/checkout/shipping" "Mozilla/5.0 (Macintosh; Intel Mac OS X 10.11; rv:47.0) Gecko/20100101 Firefox/47.0"
78.129.161.54 - - [06/Aug/2016:14:03:53 +0100] "GET /index.php?main_page=checkout_payment HTTP/1.0" 200 38309 "https://www.paiskincare.com/checkout/shipping" "Mozilla/5.0 (Macintosh; Intel Mac OS X 10.11; rv:47.0) Gecko/20100101 Firefox/47.0"
108.162.244.48 - - [06/Aug/2016:14:04:17 +0100] "GET /blog/industry-beauty-awards/ HTTP/1.0" 301 964 "-" "Mozilla/5.0 (compatible; bingbot/2.0; +http://www.bing.com/bingbot.htm)"
78.129.161.54 - - [06/Aug/2016:14:04:33 +0100] "POST /index.php?main_page=checkout_confirmation HTTP/1.0" 500 2075 "https://www.paiskincare.com/index.php?main_page=checkout_payment" "Mozilla/5.0 (Macintosh; Intel Mac OS X 10.11; rv:47.0) Gecko/20100101 Firefox/47.0"
162.158.180.124 - - [06/Aug/2016:14:04:36 +0100] "POST /index.php?main_page=login&action=process HTTP/1.0" 302 989 "https://www.paiskincare.com/index.php?main_page=login&action=process" "Mozilla/5.0 (iPhone; CPU iPhone OS 9_3_3 like Mac OS X) AppleWebKit/601.1.46 (KHTML, like Gecko) Version/9.0 Mobile/13G34 Safari/601.1"
78.129.161.54 - - [06/Aug/2016:14:04:37 +0100] "GET /index.php?main_page=index HTTP/1.0" 301 697 "https://www.paiskincare.com/index.php?main_page=login&action=process" "Mozilla/5.0 (iPhone; CPU iPhone OS 9_3_3 like Mac OS X) AppleWebKit/601.1.46 (KHTML, like Gecko) Version/9.0 Mobile/13G34 Safari/601.1"
78.129.161.54 - - [06/Aug/2016:14:04:37 +0100] "GET / HTTP/1.0" 200 30914 "https://www.paiskincare.com/index.php?main_page=login&action=process" "Mozilla/5.0 (iPhone; CPU iPhone OS 9_3_3 like Mac OS X) AppleWebKit/601.1.46 (KHTML, like Gecko) Version/9.0 Mobile/13G34 Safari/601.1"
78.129.161.54 - - [06/Aug/2016:14:04:37 +0100] "GET /index.php?main_page=checkout_payment HTTP/1.0" 200 38327 "https://www.paiskincare.com/checkout/shipping" "Mozilla/5.0 (Macintosh; Intel Mac OS X 10.11; rv:47.0) Gecko/20100101 Firefox/47.0"
78.129.161.54 - - [06/Aug/2016:14:04:53 +0100] "GET /cleanse-tone-2/ HTTP/1.0" 200 36461 "https://www.paiskincare.com/" "Mozilla/5.0 (iPhone; CPU iPhone OS 9_3_3 like Mac OS X) AppleWebKit/601.1.46 (KHTML, like Gecko) Version/9.0 Mobile/13G34 Safari/601.1"
78.129.161.54 - - [06/Aug/2016:14:05:26 +0100] "GET /checkout/shipping HTTP/1.0" 200 30820 "http://www.paiskincare.com/index.php?main_page=shopping_cart&number_of_uploads=0" "Mozilla/5.0 (iPhone; CPU iPhone OS 9_3_3 like Mac OS X) AppleWebKit/601.1.46 (KHTML, like Gecko) Version/9.0 Mobile/13G34 Safari/601.1"
141.101.70.234 - - [06/Aug/2016:14:05:30 +0100] "POST /index.php?main_page=checkout_confirmation HTTP/1.0" 200 9682 "https://www.paiskincare.com/index.php?main_page=checkout_payment" "Mozilla/5.0 (Macintosh; Intel Mac OS X 10.11; rv:47.0) Gecko/20100101 Firefox/47.0"
78.129.161.54 - - [06/Aug/2016:14:05:30 +0100] "GET /index.php?main_page=checkout_shipping_address HTTP/1.0" 200 69828 "https://www.paiskincare.com/checkout/shipping" "Mozilla/5.0 (iPhone; CPU iPhone OS 9_3_3 like Mac OS X) AppleWebKit/601.1.46 (KHTML, like Gecko) Version/9.0 Mobile/13G34 Safari/601.1"
78.129.161.54 - - [06/Aug/2016:14:05:40 +0100] "POST /index.php?main_page=checkout_shipping_address HTTP/1.0" 302 787 "https://www.paiskincare.com/index.php?main_page=checkout_shipping_address" "Mozilla/5.0 (iPhone; CPU iPhone OS 9_3_3 like Mac OS X) AppleWebKit/601.1.46 (KHTML, like Gecko) Version/9.0 Mobile/13G34 Safari/601.1"
78.129.161.54 - - [06/Aug/2016:14:05:40 +0100] "GET /index.php?main_page=checkout_shipping HTTP/1.0" 301 714 "https://www.paiskincare.com/index.php?main_page=checkout_shipping_address" "Mozilla/5.0 (iPhone; CPU iPhone OS 9_3_3 like Mac OS X) AppleWebKit/601.1.46 (KHTML, like Gecko) Version/9.0 Mobile/13G34 Safari/601.1"
78.129.161.54 - - [06/Aug/2016:14:05:40 +0100] "GET /checkout/shipping HTTP/1.0" 200 30807 "https://www.paiskincare.com/index.php?main_page=checkout_shipping_address" "Mozilla/5.0 (iPhone; CPU iPhone OS 9_3_3 like Mac OS X) AppleWebKit/601.1.46 (KHTML, like Gecko) Version/9.0 Mobile/13G34 Safari/601.1"
78.129.161.54 - - [06/Aug/2016:14:05:44 +0100] "POST /index.php?main_page=checkout_process HTTP/1.0" 302 786 "https://www.paiskincare.com/index.php?main_page=checkout_confirmation" "Mozilla/5.0 (Macintosh; Intel Mac OS X 10.11; rv:47.0) Gecko/20100101 Firefox/47.0"
78.129.161.54 - - [06/Aug/2016:14:05:48 +0100] "GET /index.php?main_page=checkout_success HTTP/1.0" 200 26959 "https://www.paiskincare.com/index.php?main_page=checkout_confirmation" "Mozilla/5.0 (Macintosh; Intel Mac OS X 10.11; rv:47.0) Gecko/20100101 Firefox/47.0"
78.129.161.54 - - [06/Aug/2016:14:05:47 +0100] "POST /index.php?main_page=checkout_shipping HTTP/1.0" 302 786 "https://www.paiskincare.com/checkout/shipping" "Mozilla/5.0 (iPhone; CPU iPhone OS 9_3_3 like Mac OS X) AppleWebKit/601.1.46 (KHTML, like Gecko) Version/9.0 Mobile/13G34 Safari/601.1"
78.129.161.54 - - [06/Aug/2016:14:05:49 +0100] "GET /index.php?main_page=checkout_payment HTTP/1.0" 200 38353 "https://www.paiskincare.com/checkout/shipping" "Mozilla/5.0 (iPhone; CPU iPhone OS 9_3_3 like Mac OS X) AppleWebKit/601.1.46 (KHTML, like Gecko) Version/9.0 Mobile/13G34 Safari/601.1"
162.158.73.154 - - [06/Aug/2016:14:06:16 +0100] "POST /cto_osc_link.php HTTP/1.0" 200 1759 "-" "CarryTheOne"
78.129.161.54 - - [06/Aug/2016:14:06:19 +0100] "POST /index.php?main_page=checkout_success HTTP/1.0" 302 784 "https://www.paiskincare.com/index.php?main_page=checkout_success" "Mozilla/5.0 (Macintosh; Intel Mac OS X 10.11; rv:47.0) Gecko/20100101 Firefox/47.0"
78.129.161.54 - - [06/Aug/2016:14:06:19 +0100] "GET /index.php?main_page=signup_success HTTP/1.0" 200 29664 "https://www.paiskincare.com/index.php?main_page=checkout_success" "Mozilla/5.0 (Macintosh; Intel Mac OS X 10.11; rv:47.0) Gecko/20100101 Firefox/47.0"
162.158.104.28 - - [06/Aug/2016:14:06:30 +0100] "GET /blog/ HTTP/1.0" 301 923 "-" "Mozilla/5.0 (compatible; bingbot/2.0; +http://www.bing.com/bingbot.htm)"
78.129.161.54 - - [06/Aug/2016:14:06:31 +0100] "GET /checkout/shipping HTTP/1.0" 302 707 "-" "Mozilla/5.0 (compatible; bingbot/2.0; +http://www.bing.com/bingbot.htm)"
162.158.104.64 - - [06/Aug/2016:14:06:36 +0100] "GET /index.php?main_page=time_out HTTP/1.0" 200 8936 "-" "Mozilla/5.0 (compatible; bingbot/2.0; +http://www.bing.com/bingbot.htm)"
78.129.161.54 - - [06/Aug/2016:14:06:36 +0100] "POST /index.php?main_page=checkout_confirmation HTTP/1.0" 200 34624 "https://www.paiskincare.com/index.php?main_page=checkout_payment" "Mozilla/5.0 (iPhone; CPU iPhone OS 9_3_3 like Mac OS X) AppleWebKit/601.1.46 (KHTML, like Gecko) Version/9.0 Mobile/13G34 Safari/601.1"
78.129.161.54 - - [06/Aug/2016:14:06:49 +0100] "POST /index.php?main_page=checkout_process HTTP/1.0" 302 786 "https://www.paiskincare.com/index.php?main_page=checkout_confirmation" "Mozilla/5.0 (iPhone; CPU iPhone OS 9_3_3 like Mac OS X) AppleWebKit/601.1.46 (KHTML, like Gecko) Version/9.0 Mobile/13G34 Safari/601.1"
78.129.161.54 - - [06/Aug/2016:14:06:53 +0100] "GET /index.php?main_page=checkout_success HTTP/1.0" 200 26986 "https://www.paiskincare.com/index.php?main_page=checkout_confirmation" "Mozilla/5.0 (iPhone; CPU iPhone OS 9_3_3 like Mac OS X) AppleWebKit/601.1.46 (KHTML, like Gecko) Version/9.0 Mobile/13G34 Safari/601.1"
78.129.161.54 - - [06/Aug/2016:14:09:17 +0100] "POST /cto_osc_link.php HTTP/1.0" 200 2941 "-" "CarryTheOne"
141.101.64.142 - - [06/Aug/2016:14:09:53 +0100] "GET /blog/category/pai-news-and-press/page/11/ HTTP/1.0" 301 962 "-" "Mozilla/5.0 (compatible; AhrefsBot/5.1; +http://ahrefs.com/robot/)"
40.77.167.92 - - [06/Aug/2016:14:10:03 +0100] "GET /pages/recruitment-138 HTTP/1.0" 200 8882 "-" "Mozilla/5.0 (compatible; bingbot/2.0; +http://www.bing.com/bingbot.htm)"
162.158.73.154 - - [06/Aug/2016:14:12:18 +0100] "POST /cto_osc_link.php HTTP/1.0" 200 1133 "-" "CarryTheOne"
207.46.13.174 - - [06/Aug/2016:14:12:39 +0100] "GET /pages/terms-conditions-50 HTTP/1.0" 200 21380 "-" "Mozilla/5.0 (compatible; bingbot/2.0; +http://www.bing.com/bingbot.htm)"
138.201.30.66 - - [06/Aug/2016:14:14:29 +0100] "GET /account/login HTTP/1.0" 302 843 "http://www.paiskincare.com/" "Mozilla/5.0 (compatible; SEOkicks-Robot; +http://www.seokicks.de/robot.html)"
162.158.85.56 - - [06/Aug/2016:14:14:37 +0100] "GET /index.php?main_page=cookie_usage HTTP/1.0" 200 9106 "https://www.paiskincare.com/account/login" "Mozilla/5.0 (compatible; SEOkicks-Robot; +http://www.seokicks.de/robot.html)"
78.129.161.54 - - [06/Aug/2016:14:15:15 +0100] "POST /cto_osc_link.php HTTP/1.0" 200 1389 "-" "CarryTheOne"
173.245.63.134 - - [06/Aug/2016:14:15:23 +0100] "GET /blog/category/diet-and-lifestyle/ HTTP/1.0" 301 958 "-" "Mozilla/5.0 (compatible; bingbot/2.0; +http://www.bing.com/bingbot.htm)"
78.129.161.54 - - [06/Aug/2016:14:17:27 +0100] "GET /petit-pai-35/ HTTP/1.0" 200 34626 "-" "Mozilla/5.0 (compatible; bingbot/2.0; +http://www.bing.com/bingbot.htm)"
162.158.73.154 - - [06/Aug/2016:14:18:17 +0100] "POST /cto_osc_link.php HTTP/1.0" 200 1133 "-" "CarryTheOne"
78.129.161.54 - - [06/Aug/2016:14:18:52 +0100] "GET /pregnancy-28/ HTTP/1.0" 200 33332 "-" "Mozilla/5.0 (compatible; bingbot/2.0; +http://www.bing.com/bingbot.htm)"
78.129.161.54 - - [06/Aug/2016:14:21:15 +0100] "POST /cto_osc_link.php HTTP/1.0" 200 1389 "-" "CarryTheOne"
207.46.13.153 - - [06/Aug/2016:14:21:26 +0100] "GET /anti-redness-hypersensitive-18/ HTTP/1.0" 200 10148 "-" "Mozilla/5.0 (compatible; bingbot/2.0; +http://www.bing.com/bingbot.htm)"
162.158.73.154 - - [06/Aug/2016:14:24:16 +0100] "POST /cto_osc_link.php HTTP/1.0" 200 1133 "-" "CarryTheOne"
78.129.161.54 - - [06/Aug/2016:14:26:29 +0100] "GET /masks-exfoliators-25/ HTTP/1.0" 200 34213 "-" "Mozilla/5.0 (compatible; bingbot/2.0; +http://www.bing.com/bingbot.htm)"
78.129.161.54 - - [06/Aug/2016:14:27:16 +0100] "POST /cto_osc_link.php HTTP/1.0" 200 1389 "-" "CarryTheOne"
162.158.73.154 - - [06/Aug/2016:14:30:17 +0100] "POST /cto_osc_link.php HTTP/1.0" 200 1133 "-" "CarryTheOne"
78.129.161.54 - - [06/Aug/2016:14:30:24 +0100] "GET /pages/company-ethics-3 HTTP/1.0" 200 32639 "-" "Mozilla/5.0 (compatible; FatBot 2.0; http://www.thefind.com/crawler)"
131.107.147.86 - - [06/Aug/2016:14:32:12 +0100] "GET / HTTP/1.0" 301 911 "-" "Railgun/5.3.0"
131.107.174.214 - - [06/Aug/2016:14:32:13 +0100] "GET / HTTP/1.0" 200 9464 "-" "Railgun/5.3.0"
78.129.161.54 - - [06/Aug/2016:14:33:16 +0100] "POST /cto_osc_link.php HTTP/1.0" 200 1389 "-" "CarryTheOne"
40.77.167.104 - - [06/Aug/2016:14:35:20 +0100] "GET /combination-blemish-prone-skin-19/ HTTP/1.0" 200 10151 "-" "Mozilla/5.0 (compatible; bingbot/2.0; +http://www.bing.com/bingbot.htm)"
162.158.73.154 - - [06/Aug/2016:14:36:15 +0100] "POST /cto_osc_link.php HTTP/1.0" 200 1133 "-" "CarryTheOne"
40.77.167.104 - - [06/Aug/2016:14:37:37 +0100] "GET /pages/trade-wholesale-enquiries-110 HTTP/1.0" 200 8256 "-" "Mozilla/5.0 (compatible; bingbot/2.0; +http://www.bing.com/bingbot.htm)"
78.129.161.54 - - [06/Aug/2016:14:38:46 +0100] "GET /pages/30-day-satisfaction-guarantee-146 HTTP/1.0" 200 35543 "-" "Mozilla/5.0 (compatible; bingbot/2.0; +http://www.bing.com/bingbot.htm)"
78.129.161.54 - - [06/Aug/2016:14:39:14 +0100] "POST /cto_osc_link.php HTTP/1.0" 200 1389 "-" "CarryTheOne"
162.158.73.154 - - [06/Aug/2016:14:42:17 +0100] "POST /cto_osc_link.php HTTP/1.0" 200 1133 "-" "CarryTheOne"
78.129.161.54 - - [06/Aug/2016:14:45:16 +0100] "POST /cto_osc_link.php HTTP/1.0" 200 1389 "-" "CarryTheOne"
40.77.167.104 - - [06/Aug/2016:14:46:59 +0100] "GET /eye-care-3/ HTTP/1.0" 200 9128 "-" "Mozilla/5.0 (compatible; bingbot/2.0; +http://www.bing.com/bingbot.htm)"
162.158.73.154 - - [06/Aug/2016:14:48:16 +0100] "POST /cto_osc_link.php HTTP/1.0" 200 1133 "-" "CarryTheOne"
207.46.13.174 - - [06/Aug/2016:14:49:54 +0100] "GET /pages/company-ethics-3 HTTP/1.0" 200 9219 "-" "Mozilla/5.0 (compatible; bingbot/2.0; +http://www.bing.com/bingbot.htm)"
78.129.161.54 - - [06/Aug/2016:14:51:15 +0100] "POST /cto_osc_link.php HTTP/1.0" 200 1389 "-" "CarryTheOne"
40.77.167.104 - - [06/Aug/2016:14:51:58 +0100] "GET /pages/delivery-information-52 HTTP/1.0" 200 8812 "-" "Mozilla/5.0 (compatible; bingbot/2.0; +http://www.bing.com/bingbot.htm)"
162.158.73.154 - - [06/Aug/2016:14:54:16 +0100] "POST /cto_osc_link.php HTTP/1.0" 200 1133 "-" "CarryTheOne"
207.46.13.153 - - [06/Aug/2016:14:56:19 +0100] "GET /psoriasis-24/ HTTP/1.0" 200 9616 "-" "Mozilla/5.0 (compatible; bingbot/2.0; +http://www.bing.com/bingbot.htm)"
78.129.161.54 - - [06/Aug/2016:14:57:16 +0100] "POST /cto_osc_link.php HTTP/1.0" 200 1389 "-" "CarryTheOne"
162.158.73.154 - - [06/Aug/2016:15:00:43 +0100] "POST /cto_osc_link.php HTTP/1.0" 200 1133 "-" "CarryTheOne"
207.46.13.174 - - [06/Aug/2016:15:03:15 +0100] "GET /pages/delivery-returns-52 HTTP/1.0" 301 787 "-" "Mozilla/5.0 (compatible; bingbot/2.0; +http://www.bing.com/bingbot.htm)"
78.129.161.54 - - [06/Aug/2016:15:03:36 +0100] "POST /cto_osc_link.php HTTP/1.0" 200 1389 "-" "CarryTheOne"
40.77.167.92 - - [06/Aug/2016:15:05:01 +0100] "GET /pages/a-z-of-ingredients-46 HTTP/1.0" 200 9506 "-" "Mozilla/5.0 (compatible; bingbot/2.0; +http://www.bing.com/bingbot.htm)"
162.158.73.154 - - [06/Aug/2016:15:06:18 +0100] "POST /cto_osc_link.php HTTP/1.0" 200 1133 "-" "CarryTheOne"
162.158.108.202 - - [06/Aug/2016:15:07:48 +0100] "GET /blog/tag/sun-damage/ HTTP/1.0" 301 951 "-" "Mozilla/5.0 (compatible; AhrefsBot/5.1; +http://ahrefs.com/robot/)"
162.158.104.190 - - [06/Aug/2016:15:07:53 +0100] "GET /index.php?main_page=index&cPath=35&sort=20a HTTP/1.0" 301 771 "-" "Mozilla/5.0 (compatible; bingbot/2.0; +http://www.bing.com/bingbot.htm)"
78.129.161.54 - - [06/Aug/2016:15:09:16 +0100] "POST /cto_osc_link.php HTTP/1.0" 200 1389 "-" "CarryTheOne"
162.158.73.154 - - [06/Aug/2016:15:12:27 +0100] "POST /cto_osc_link.php HTTP/1.0" 200 1133 "-" "CarryTheOne"
207.46.13.174 - - [06/Aug/2016:15:13:48 +0100] "GET /facial-oils-serums-29/ HTTP/1.0" 200 9538 "-" "Mozilla/5.0 (compatible; bingbot/2.0; +http://www.bing.com/bingbot.htm)"
78.129.161.54 - - [06/Aug/2016:15:15:01 +0100] "GET /gift-certificate-faq HTTP/1.0" 200 31609 "-" "Mozilla/5.0 (compatible; bingbot/2.0; +http://www.bing.com/bingbot.htm)"
78.129.161.54 - - [06/Aug/2016:15:15:25 +0100] "POST /cto_osc_link.php HTTP/1.0" 200 1389 "-" "CarryTheOne"
173.245.63.134 - - [06/Aug/2016:15:15:33 +0100] "GET /blog/category/industry-news/ HTTP/1.0" 301 949 "-" "Mozilla/5.0 (compatible; bingbot/2.0; +http://www.bing.com/bingbot.htm)"
162.158.73.154 - - [06/Aug/2016:15:18:19 +0100] "POST /cto_osc_link.php HTTP/1.0" 200 1133 "-" "CarryTheOne"
40.77.167.92 - - [06/Aug/2016:15:19:42 +0100] "GET /pages/about-pai-1 HTTP/1.0" 200 9321 "-" "Mozilla/5.0 (compatible; bingbot/2.0; +http://www.bing.com/bingbot.htm)"
78.129.161.54 - - [06/Aug/2016:15:21:15 +0100] "POST /cto_osc_link.php HTTP/1.0" 200 6705 "-" "CarryTheOne"
40.77.167.92 - - [06/Aug/2016:15:22:09 +0100] "GET /dull-skin-10/ HTTP/1.0" 200 9492 "-" "Mozilla/5.0 (compatible; bingbot/2.0; +http://www.bing.com/bingbot.htm)"
78.129.161.54 - - [06/Aug/2016:15:22:28 +0100] "GET /pages/organic-certification-137 HTTP/1.0" 200 32594 "-" "Mozilla/5.0 (compatible; bingbot/2.0; +http://www.bing.com/bingbot.htm)"
108.162.228.154 - - [06/Aug/2016:15:22:40 +0100] "GET /blog/tag/cynthia-nixon/ HTTP/1.0" 301 957 "-" "Mozilla/5.0 (compatible; AhrefsBot/5.1; +http://ahrefs.com/robot/)"
207.46.13.153 - - [06/Aug/2016:15:22:44 +0100] "GET /dry-dehydrated-20/ HTTP/1.0" 200 10088 "-" "Mozilla/5.0 (compatible; bingbot/2.0; +http://www.bing.com/bingbot.htm)"
78.129.161.54 - - [06/Aug/2016:15:23:18 +0100] "GET /petit-pai-35/ HTTP/1.0" 200 34626 "-" "Mozilla/5.0 (compatible; bingbot/2.0; +http://www.bing.com/bingbot.htm)"
78.129.161.54 - - [06/Aug/2016:15:23:39 +0100] "GET /moisturisers-1/ HTTP/1.0" 200 35104 "-" "Mozilla/5.0 (compatible; bingbot/2.0; +http://www.bing.com/bingbot.htm)"
207.46.13.153 - - [06/Aug/2016:15:23:40 +0100] "GET /pages/pai-stockists-store-locator-62 HTTP/1.0" 200 11357 "-" "Mozilla/5.0 (compatible; bingbot/2.0; +http://www.bing.com/bingbot.htm)"
78.129.161.54 - - [06/Aug/2016:15:23:44 +0100] "GET /pages/recruitment-138 HTTP/1.0" 200 29450 "-" "Mozilla/5.0 (compatible; bingbot/2.0; +http://www.bing.com/bingbot.htm)"
78.129.161.54 - - [06/Aug/2016:15:23:48 +0100] "GET /pages/gift-guide-180 HTTP/1.0" 200 40605 "-" "Mozilla/5.0 (compatible; bingbot/2.0; +http://www.bing.com/bingbot.htm)"
108.162.228.166 - - [06/Aug/2016:15:23:49 +0100] "GET /blog/2013/05/17/celebrate-world-baking-day-with-my-favourite-gluten-free-cake-recipe/feed/ HTTP/1.0" 301 1070 "-" "Mozilla/5.0 (compatible; AhrefsBot/5.1; +http://ahrefs.com/robot/)"
162.158.180.124 - - [06/Aug/2016:15:24:11 +0100] "GET /index.php?main_page=checkout_success HTTP/1.0" 302 1025 "https://www.paiskincare.com/index.php?main_page=checkout_confirmation" "Mozilla/5.0 (iPhone; CPU iPhone OS 9_3_3 like Mac OS X) AppleWebKit/601.1.46 (KHTML, like Gecko) Version/9.0 Mobile/13G34 Safari/601.1"
78.129.161.54 - - [06/Aug/2016:15:24:12 +0100] "GET /index.php?main_page=time_out&zenid=cl7pfq0kej5lhts7ckisg91sm1 HTTP/1.0" 200 33432 "https://www.paiskincare.com/index.php?main_page=checkout_confirmation" "Mozilla/5.0 (iPhone; CPU iPhone OS 9_3_3 like Mac OS X) AppleWebKit/601.1.46 (KHTML, like Gecko) Version/9.0 Mobile/13G34 Safari/601.1"
207.46.13.174 - - [06/Aug/2016:15:24:15 +0100] "GET /pages/company-history-2 HTTP/1.0" 200 9746 "-" "Mozilla/5.0 (compatible; bingbot/2.0; +http://www.bing.com/bingbot.htm)"
207.46.13.174 - - [06/Aug/2016:15:24:16 +0100] "GET /pages/terms-conditions-50 HTTP/1.0" 200 16064 "-" "Mozilla/5.0 (compatible; bingbot/2.0; +http://www.bing.com/bingbot.htm)"
162.158.73.154 - - [06/Aug/2016:15:24:18 +0100] "POST /cto_osc_link.php HTTP/1.0" 200 1133 "-" "CarryTheOne"
108.162.244.48 - - [06/Aug/2016:15:24:18 +0100] "GET /blog/industry-beauty-awards/ HTTP/1.0" 301 964 "-" "Mozilla/5.0 (compatible; bingbot/2.0; +http://www.bing.com/bingbot.htm)"
78.129.161.54 - - [06/Aug/2016:15:24:19 +0100] "GET /blog/ HTTP/1.0" 301 916 "-" "Mozilla/5.0 (compatible; bingbot/2.0; +http://www.bing.com/bingbot.htm)"
78.129.161.54 - - [06/Aug/2016:15:24:28 +0100] "GET /pregnancy-28/ HTTP/1.0" 200 33332 "-" "Mozilla/5.0 (compatible; bingbot/2.0; +http://www.bing.com/bingbot.htm)"
78.129.161.54 - - [06/Aug/2016:15:24:40 +0100] "GET /blog/category/diet-and-lifestyle/ HTTP/1.0" 301 954 "-" "Mozilla/5.0 (compatible; bingbot/2.0; +http://www.bing.com/bingbot.htm)"
40.77.167.104 - - [06/Aug/2016:15:24:48 +0100] "GET /pages/delivery-information-52 HTTP/1.0" 200 8812 "-" "Mozilla/5.0 (compatible; bingbot/2.0; +http://www.bing.com/bingbot.htm)"
207.46.13.153 - - [06/Aug/2016:15:24:59 +0100] "GET /anti-redness-hypersensitive-18/ HTTP/1.0" 200 10148 "-" "Mozilla/5.0 (compatible; bingbot/2.0; +http://www.bing.com/bingbot.htm)"
78.129.161.54 - - [06/Aug/2016:15:25:00 +0100] "GET /index.php?main_page=index&cPath=35&sort=20a HTTP/1.0" 301 639 "-" "Mozilla/5.0 (compatible; bingbot/2.0; +http://www.bing.com/bingbot.htm)"
78.129.161.54 - - [06/Aug/2016:15:25:13 +0100] "GET /masks-exfoliators-25/ HTTP/1.0" 200 34213 "-" "Mozilla/5.0 (compatible; bingbot/2.0; +http://www.bing.com/bingbot.htm)"
78.129.161.54 - - [06/Aug/2016:15:25:18 +0100] "GET /combination-blemish-prone-skin-19/ HTTP/1.0" 200 39265 "-" "Mozilla/5.0 (compatible; bingbot/2.0; +http://www.bing.com/bingbot.htm)"
78.129.161.54 - - [06/Aug/2016:15:25:19 +0100] "GET /pages/30-day-satisfaction-guarantee-146 HTTP/1.0" 200 35543 "-" "Mozilla/5.0 (compatible; bingbot/2.0; +http://www.bing.com/bingbot.htm)"
78.129.161.54 - - [06/Aug/2016:15:25:20 +0100] "GET /pages/trade-wholesale-enquiries-110 HTTP/1.0" 200 28434 "-" "Mozilla/5.0 (compatible; bingbot/2.0; +http://www.bing.com/bingbot.htm)"
78.129.161.54 - - [06/Aug/2016:15:25:43 +0100] "GET /eye-care-3/ HTTP/1.0" 200 32459 "-" "Mozilla/5.0 (compatible; bingbot/2.0; +http://www.bing.com/bingbot.htm)"
207.46.13.174 - - [06/Aug/2016:15:25:59 +0100] "GET /pages/company-ethics-3 HTTP/1.0" 200 9219 "-" "Mozilla/5.0 (compatible; bingbot/2.0; +http://www.bing.com/bingbot.htm)"
207.46.13.174 - - [06/Aug/2016:15:26:01 +0100] "GET /pages/delivery-returns-52 HTTP/1.0" 301 787 "-" "Mozilla/5.0 (compatible; bingbot/2.0; +http://www.bing.com/bingbot.htm)"
207.46.13.153 - - [06/Aug/2016:15:26:03 +0100] "GET /psoriasis-24/ HTTP/1.0" 200 9616 "-" "Mozilla/5.0 (compatible; bingbot/2.0; +http://www.bing.com/bingbot.htm)"
78.129.161.54 - - [06/Aug/2016:15:26:19 +0100] "GET /pages/a-z-of-ingredients-46 HTTP/1.0" 200 40046 "-" "Mozilla/5.0 (compatible; bingbot/2.0; +http://www.bing.com/bingbot.htm)"
78.129.161.54 - - [06/Aug/2016:15:26:34 +0100] "GET /blog/category/industry-news/ HTTP/1.0" 301 944 "-" "Mozilla/5.0 (compatible; bingbot/2.0; +http://www.bing.com/bingbot.htm)"
78.129.161.54 - - [06/Aug/2016:15:26:39 +0100] "GET /pages/about-pai-1 HTTP/1.0" 200 32010 "-" "Mozilla/5.0 (compatible; bingbot/2.0; +http://www.bing.com/bingbot.htm)"
78.129.161.54 - - [06/Aug/2016:15:27:00 +0100] "GET /moisturisers-1/ HTTP/1.0" 200 35104 "-" "Mozilla/5.0 (compatible; bingbot/2.0; +http://www.bing.com/bingbot.htm)"
78.129.161.54 - - [06/Aug/2016:15:27:17 +0100] "POST /cto_osc_link.php HTTP/1.0" 200 1389 "-" "CarryTheOne"
207.46.13.174 - - [06/Aug/2016:15:27:18 +0100] "GET /facial-oils-serums-29/ HTTP/1.0" 200 9538 "-" "Mozilla/5.0 (compatible; bingbot/2.0; +http://www.bing.com/bingbot.htm)"
207.46.13.174 - - [06/Aug/2016:15:27:19 +0100] "GET /gift-certificate-faq HTTP/1.0" 200 8758 "-" "Mozilla/5.0 (compatible; bingbot/2.0; +http://www.bing.com/bingbot.htm)"
40.77.167.104 - - [06/Aug/2016:15:27:21 +0100] "GET /hand-body-17/ HTTP/1.0" 200 9608 "-" "Mozilla/5.0 (compatible; bingbot/2.0; +http://www.bing.com/bingbot.htm)"
207.46.13.153 - - [06/Aug/2016:15:27:41 +0100] "GET /eczema-16/ HTTP/1.0" 200 9839 "-" "Mozilla/5.0 (compatible; bingbot/2.0; +http://www.bing.com/bingbot.htm)"
78.129.161.54 - - [06/Aug/2016:15:27:45 +0100] "GET /index.php?main_page=product_info&products_id=12 HTTP/1.0" 301 653 "-" "Mozilla/5.0 (compatible; bingbot/2.0; +http://www.bing.com/bingbot.htm)"
78.129.161.54 - - [06/Aug/2016:15:27:50 +0100] "GET /gift-store-5/ HTTP/1.0" 200 33978 "-" "Mozilla/5.0 (compatible; bingbot/2.0; +http://www.bing.com/bingbot.htm)"
78.129.161.54 - - [06/Aug/2016:15:27:50 +0100] "GET /pages/30-day-money-back-guarantee-146 HTTP/1.0" 301 665 "-" "Mozilla/5.0 (compatible; bingbot/2.0; +http://www.bing.com/bingbot.htm)"
78.129.161.54 - - [06/Aug/2016:15:27:55 +0100] "GET /pages/contact-us-155 HTTP/1.0" 200 28735 "-" "Mozilla/5.0 (compatible; bingbot/2.0; +http://www.bing.com/bingbot.htm)"
207.46.13.153 - - [06/Aug/2016:15:28:00 +0100] "GET /account/login HTTP/1.0" 302 843 "-" "Mozilla/5.0 (compatible; bingbot/2.0; +http://www.bing.com/bingbot.htm)"
108.162.244.108 - - [06/Aug/2016:15:28:02 +0100] "GET /index.php?main_page=cookie_usage HTTP/1.0" 200 9107 "-" "Mozilla/5.0 (compatible; bingbot/2.0; +http://www.bing.com/bingbot.htm)"
78.129.161.54 - - [06/Aug/2016:15:28:35 +0100] "GET /pages/sensitive-skincare-109 HTTP/1.0" 200 32746 "-" "Mozilla/5.0 (compatible; bingbot/2.0; +http://www.bing.com/bingbot.htm)"
207.46.13.153 - - [06/Aug/2016:15:29:01 +0100] "GET /travel-kits-7/ HTTP/1.0" 200 8979 "-" "Mozilla/5.0 (compatible; bingbot/2.0; +http://www.bing.com/bingbot.htm)"
78.129.161.54 - - [06/Aug/2016:15:29:05 +0100] "GET /pages/pai-affiliate-program-earn-10-commission-on-referred-sales-142 HTTP/1.0" 200 33697 "-" "Mozilla/5.0 (compatible; bingbot/2.0; +http://www.bing.com/bingbot.htm)"
78.129.161.54 - - [06/Aug/2016:15:29:15 +0100] "GET /pages/organic-facials-for-sensitive-skin-150 HTTP/1.0" 200 33171 "-" "Mozilla/5.0 (compatible; bingbot/2.0; +http://www.bing.com/bingbot.htm)"
207.46.13.153 - - [06/Aug/2016:15:29:19 +0100] "GET /urticaria-22/ HTTP/1.0" 200 9532 "-" "Mozilla/5.0 (compatible; bingbot/2.0; +http://www.bing.com/bingbot.htm)"
78.129.161.54 - - [06/Aug/2016:15:29:41 +0100] "GET /contact-dermatitis-23/ HTTP/1.0" 200 37193 "-" "Mozilla/5.0 (compatible; bingbot/2.0; +http://www.bing.com/bingbot.htm)"
78.129.161.54 - - [06/Aug/2016:15:29:43 +0100] "GET /blog/made-in-london/ HTTP/1.0" 301 946 "-" "Mozilla/5.0 (compatible; bingbot/2.0; +http://www.bing.com/bingbot.htm)"
207.46.13.153 - - [06/Aug/2016:15:29:45 +0100] "GET /cleanse-tone-2/ HTTP/1.0" 200 9561 "-" "Mozilla/5.0 (compatible; bingbot/2.0; +http://www.bing.com/bingbot.htm)"
78.129.161.54 - - [06/Aug/2016:15:29:50 +0100] "GET /blog/category/pai-news-and-press/ HTTP/1.0" 301 944 "-" "Mozilla/5.0 (compatible; bingbot/2.0; +http://www.bing.com/bingbot.htm)"
162.158.104.196 - - [06/Aug/2016:15:30:10 +0100] "GET /blog/category/skin-focus/ HTTP/1.0" 301 949 "-" "Mozilla/5.0 (compatible; bingbot/2.0; +http://www.bing.com/bingbot.htm)"
78.129.161.54 - - [06/Aug/2016:15:30:11 +0100] "GET /signs-of-ageing-26/ HTTP/1.0" 200 39366 "-" "Mozilla/5.0 (compatible; bingbot/2.0; +http://www.bing.com/bingbot.htm)"
207.46.13.174 - - [06/Aug/2016:15:30:12 +0100] "GET /pages/what-s-not-in-pai-45 HTTP/1.0" 200 9997 "-" "Mozilla/5.0 (compatible; bingbot/2.0; +http://www.bing.com/bingbot.htm)"
162.158.73.154 - - [06/Aug/2016:15:30:18 +0100] "POST /cto_osc_link.php HTTP/1.0" 200 1133 "-" "CarryTheOne"
40.77.167.104 - - [06/Aug/2016:15:33:15 +0100] "GET /hand-body-17/ HTTP/1.0" 200 9608 "-" "Mozilla/5.0 (compatible; bingbot/2.0; +http://www.bing.com/bingbot.htm)"
78.129.161.54 - - [06/Aug/2016:15:33:16 +0100] "POST /cto_osc_link.php HTTP/1.0" 200 1389 "-" "CarryTheOne"
162.158.73.154 - - [06/Aug/2016:15:36:16 +0100] "POST /cto_osc_link.php HTTP/1.0" 200 1133 "-" "CarryTheOne"
141.101.64.142 - - [06/Aug/2016:15:36:30 +0100] "GET /blog/tag/cure/feed/ HTTP/1.0" 301 6265 "-" "Mozilla/5.0 (compatible; AhrefsBot/5.1; +http://ahrefs.com/robot/)"
162.158.65.67 - - [06/Aug/2016:15:36:50 +0100] "HEAD / HTTP/1.0" 301 760 "-" "Mozilla/5.0 (compatible; CloudFlare-AlwaysOnline/1.0; +http://www.cloudflare.com/always-online)"
162.158.64.151 - - [06/Aug/2016:15:36:50 +0100] "HEAD / HTTP/1.0" 200 758 "-" "Mozilla/5.0 (compatible; CloudFlare-AlwaysOnline/1.0; +http://www.cloudflare.com/always-online)"
162.158.65.67 - - [06/Aug/2016:15:37:06 +0100] "GET / HTTP/1.0" 301 911 "-" "Mozilla/5.0 (compatible; CloudFlare-AlwaysOnline/1.0; +http://www.cloudflare.com/always-online) AppleWebKit/534.34"
78.129.161.54 - - [06/Aug/2016:15:37:18 +0100] "GET / HTTP/1.0" 200 31061 "-" "Mozilla/5.0 (compatible; CloudFlare-AlwaysOnline/1.0; +http://www.cloudflare.com/always-online) AppleWebKit/534.34"
162.158.64.151 - - [06/Aug/2016:15:37:13 +0100] "GET / HTTP/1.0" 200 9466 "-" "Mozilla/5.0 (compatible; CloudFlare-AlwaysOnline/1.0; +http://www.cloudflare.com/always-online) AppleWebKit/534.34"
173.245.56.138 - - [06/Aug/2016:15:37:36 +0100] "GET /blog/made-in-london/ HTTP/1.0" 301 951 "-" "Mozilla/5.0 (compatible; CloudFlare-AlwaysOnline/1.0; +http://www.cloudflare.com/always-online) AppleWebKit/534.34"
162.158.64.151 - - [06/Aug/2016:15:37:38 +0100] "GET /pages/sensitive-skincare-109 HTTP/1.0" 200 9731 "-" "Mozilla/5.0 (compatible; CloudFlare-AlwaysOnline/1.0; +http://www.cloudflare.com/always-online) AppleWebKit/534.34"
162.158.64.151 - - [06/Aug/2016:15:37:51 +0100] "GET /pages/organic-certification-137 HTTP/1.0" 200 9587 "-" "Mozilla/5.0 (compatible; CloudFlare-AlwaysOnline/1.0; +http://www.cloudflare.com/always-online) AppleWebKit/534.34"
162.158.64.151 - - [06/Aug/2016:15:38:04 +0100] "GET /pages/company-ethics-3 HTTP/1.0" 200 9484 "-" "Mozilla/5.0 (compatible; CloudFlare-AlwaysOnline/1.0; +http://www.cloudflare.com/always-online) AppleWebKit/534.34"
162.158.64.151 - - [06/Aug/2016:15:38:12 +0100] "GET /pages/company-history-2 HTTP/1.0" 200 10005 "-" "Mozilla/5.0 (compatible; CloudFlare-AlwaysOnline/1.0; +http://www.cloudflare.com/always-online) AppleWebKit/534.34"
78.129.161.54 - - [06/Aug/2016:15:38:59 +0100] "GET /checkout/shipping HTTP/1.0" 302 775 "http://www.paiskincare.com/index.php?main_page=shopping_cart&number_of_uploads=0" "Mozilla/5.0 (iPad; CPU OS 8_2 like Mac OS X) AppleWebKit/600.1.4 (KHTML, like Gecko) Version/8.0 Mobile/12D508 Safari/600.1.4"
78.129.161.54 - - [06/Aug/2016:15:39:00 +0100] "GET /index.php?main_page=login HTTP/1.0" 301 710 "http://www.paiskincare.com/index.php?main_page=shopping_cart&number_of_uploads=0" "Mozilla/5.0 (iPad; CPU OS 8_2 like Mac OS X) AppleWebKit/600.1.4 (KHTML, like Gecko) Version/8.0 Mobile/12D508 Safari/600.1.4"
78.129.161.54 - - [06/Aug/2016:15:39:00 +0100] "GET /account/login HTTP/1.0" 200 67998 "http://www.paiskincare.com/index.php?main_page=shopping_cart&number_of_uploads=0" "Mozilla/5.0 (iPad; CPU OS 8_2 like Mac OS X) AppleWebKit/600.1.4 (KHTML, like Gecko) Version/8.0 Mobile/12D508 Safari/600.1.4"
78.129.161.54 - - [06/Aug/2016:15:39:16 +0100] "POST /cto_osc_link.php HTTP/1.0" 200 1389 "-" "CarryTheOne"
78.129.161.54 - - [06/Aug/2016:15:39:54 +0100] "POST /index.php?main_page=login&action=process HTTP/1.0" 302 869 "https://www.paiskincare.com/account/login" "Mozilla/5.0 (iPad; CPU OS 8_2 like Mac OS X) AppleWebKit/600.1.4 (KHTML, like Gecko) Version/8.0 Mobile/12D508 Safari/600.1.4"
78.129.161.54 - - [06/Aug/2016:15:39:54 +0100] "GET /index.php?main_page=checkout_shipping HTTP/1.0" 301 714 "https://www.paiskincare.com/account/login" "Mozilla/5.0 (iPad; CPU OS 8_2 like Mac OS X) AppleWebKit/600.1.4 (KHTML, like Gecko) Version/8.0 Mobile/12D508 Safari/600.1.4"
78.129.161.54 - - [06/Aug/2016:15:39:55 +0100] "GET /checkout/shipping HTTP/1.0" 200 30808 "https://www.paiskincare.com/account/login" "Mozilla/5.0 (iPad; CPU OS 8_2 like Mac OS X) AppleWebKit/600.1.4 (KHTML, like Gecko) Version/8.0 Mobile/12D508 Safari/600.1.4"
78.129.161.54 - - [06/Aug/2016:15:40:06 +0100] "POST /index.php?main_page=checkout_shipping HTTP/1.0" 302 786 "https://www.paiskincare.com/checkout/shipping" "Mozilla/5.0 (iPad; CPU OS 8_2 like Mac OS X) AppleWebKit/600.1.4 (KHTML, like Gecko) Version/8.0 Mobile/12D508 Safari/600.1.4"
162.158.153.10 - - [06/Aug/2016:15:40:07 +0100] "GET /index.php?main_page=checkout_payment HTTP/1.0" 200 10901 "https://www.paiskincare.com/checkout/shipping" "Mozilla/5.0 (iPad; CPU OS 8_2 like Mac OS X) AppleWebKit/600.1.4 (KHTML, like Gecko) Version/8.0 Mobile/12D508 Safari/600.1.4"
162.158.153.10 - - [06/Aug/2016:15:41:00 +0100] "POST /index.php?main_page=checkout_confirmation HTTP/1.0" 200 9780 "https://www.paiskincare.com/index.php?main_page=checkout_payment" "Mozilla/5.0 (iPad; CPU OS 8_2 like Mac OS X) AppleWebKit/600.1.4 (KHTML, like Gecko) Version/8.0 Mobile/12D508 Safari/600.1.4"
78.129.161.54 - - [06/Aug/2016:15:41:10 +0100] "POST /index.php?main_page=checkout_process HTTP/1.0" 302 786 "https://www.paiskincare.com/index.php?main_page=checkout_confirmation" "Mozilla/5.0 (iPad; CPU OS 8_2 like Mac OS X) AppleWebKit/600.1.4 (KHTML, like Gecko) Version/8.0 Mobile/12D508 Safari/600.1.4"
78.129.161.54 - - [06/Aug/2016:15:41:15 +0100] "GET /index.php?main_page=checkout_success HTTP/1.0" 200 27120 "https://www.paiskincare.com/index.php?main_page=checkout_confirmation" "Mozilla/5.0 (iPad; CPU OS 8_2 like Mac OS X) AppleWebKit/600.1.4 (KHTML, like Gecko) Version/8.0 Mobile/12D508 Safari/600.1.4"
78.129.161.54 - - [06/Aug/2016:15:41:21 +0100] "POST /index.php?main_page=checkout_success HTTP/1.0" 200 26598 "https://www.paiskincare.com/index.php?main_page=checkout_success" "Mozilla/5.0 (iPad; CPU OS 8_2 like Mac OS X) AppleWebKit/600.1.4 (KHTML, like Gecko) Version/8.0 Mobile/12D508 Safari/600.1.4"
78.129.161.54 - - [06/Aug/2016:15:41:31 +0100] "GET /log-off HTTP/1.0" 302 6092 "https://www.paiskincare.com/index.php?main_page=checkout_success" "Mozilla/5.0 (iPad; CPU OS 8_2 like Mac OS X) AppleWebKit/600.1.4 (KHTML, like Gecko) Version/8.0 Mobile/12D508 Safari/600.1.4"
78.129.161.54 - - [06/Aug/2016:15:41:32 +0100] "GET /index.php?main_page=logoff HTTP/1.0" 301 704 "https://www.paiskincare.com/index.php?main_page=checkout_success" "Mozilla/5.0 (iPad; CPU OS 8_2 like Mac OS X) AppleWebKit/600.1.4 (KHTML, like Gecko) Version/8.0 Mobile/12D508 Safari/600.1.4"
78.129.161.54 - - [06/Aug/2016:15:41:32 +0100] "GET /log-off HTTP/1.0" 200 30778 "https://www.paiskincare.com/index.php?main_page=checkout_success" "Mozilla/5.0 (iPad; CPU OS 8_2 like Mac OS X) AppleWebKit/600.1.4 (KHTML, like Gecko) Version/8.0 Mobile/12D508 Safari/600.1.4"
162.158.73.154 - - [06/Aug/2016:15:42:17 +0100] "POST /cto_osc_link.php HTTP/1.0" 200 1865 "-" "CarryTheOne"
173.245.63.134 - - [06/Aug/2016:15:43:37 +0100] "GET /index.php?main_page=product_info&products_id=12 HTTP/1.0" 301 785 "-" "Mozilla/5.0 (compatible; bingbot/2.0; +http://www.bing.com/bingbot.htm)"
5.67.180.139 - - [06/Aug/2016:15:44:51 +0100] "GET / HTTP/1.0" 200 9340 "-" "Mozilla/5.0 (Windows NT 10.0; WOW64) AppleWebKit/537.36 (KHTML, like Gecko) Chrome/51.0.2704.103 Safari/537.36"
5.67.180.139 - - [06/Aug/2016:15:45:06 +0100] "GET /pages/search-results-136?cx=013912337177975719970%3A5a_tjecfpxa&cof=FORID%3A11&ie=UTF-8&q=micellar&sa=Search HTTP/1.0" 200 8713 "https://www.paiskincare.com/" "Mozilla/5.0 (Windows NT 10.0; WOW64) AppleWebKit/537.36 (KHTML, like Gecko) Chrome/51.0.2704.103 Safari/537.36"
78.129.161.54 - - [06/Aug/2016:15:45:15 +0100] "POST /cto_osc_link.php HTTP/1.0" 200 1389 "-" "CarryTheOne"
78.129.161.54 - - [06/Aug/2016:15:45:21 +0100] "GET /cleanse-tone-2/ HTTP/1.0" 200 36431 "https://www.paiskincare.com/" "Mozilla/5.0 (Windows NT 10.0; WOW64) AppleWebKit/537.36 (KHTML, like Gecko) Chrome/51.0.2704.103 Safari/537.36"
78.129.161.54 - - [06/Aug/2016:15:46:07 +0100] "GET /cleanse-tone-2/ HTTP/1.0" 200 36431 "https://www.paiskincare.com/" "Mozilla/5.0 (Windows NT 10.0; WOW64) AppleWebKit/537.36 (KHTML, like Gecko) Chrome/51.0.2704.103 Safari/537.36"
173.252.95.12 - - [06/Aug/2016:15:46:53 +0100] "GET /discovery-collection-instant-calm-85 HTTP/1.0" 404 8660 "-" "Mozilla/5.0 (compatible; FatBot 2.0; http://www.thefind.com/crawler)"
5.104.241.192 - - [06/Aug/2016:15:47:31 +0100] "GET / HTTP/1.0" 200 9464 "-" "Opera/9.25 (Windows NT 6.0; U; en)"
78.129.161.54 - - [06/Aug/2016:15:47:41 +0100] "GET /checkout/shipping HTTP/1.0" 302 775 "http://www.paiskincare.com/index.php?main_page=shopping_cart&number_of_uploads=0" "Mozilla/5.0 (Macintosh; Intel Mac OS X 10_10_5) AppleWebKit/601.7.7 (KHTML, like Gecko) Version/9.1.2 Safari/601.7.7"
78.129.161.54 - - [06/Aug/2016:15:47:42 +0100] "GET /index.php?main_page=login HTTP/1.0" 301 710 "http://www.paiskincare.com/index.php?main_page=shopping_cart&number_of_uploads=0" "Mozilla/5.0 (Macintosh; Intel Mac OS X 10_10_5) AppleWebKit/601.7.7 (KHTML, like Gecko) Version/9.1.2 Safari/601.7.7"
78.129.161.54 - - [06/Aug/2016:15:47:42 +0100] "GET /account/login HTTP/1.0" 200 67998 "http://www.paiskincare.com/index.php?main_page=shopping_cart&number_of_uploads=0" "Mozilla/5.0 (Macintosh; Intel Mac OS X 10_10_5) AppleWebKit/601.7.7 (KHTML, like Gecko) Version/9.1.2 Safari/601.7.7"
78.129.161.54 - - [06/Aug/2016:15:47:54 +0100] "POST /index.php?main_page=login&action=process HTTP/1.0" 302 869 "https://www.paiskincare.com/account/login" "Mozilla/5.0 (Macintosh; Intel Mac OS X 10_10_5) AppleWebKit/601.7.7 (KHTML, like Gecko) Version/9.1.2 Safari/601.7.7"
78.129.161.54 - - [06/Aug/2016:15:47:54 +0100] "GET /index.php?main_page=checkout_shipping HTTP/1.0" 301 714 "https://www.paiskincare.com/account/login" "Mozilla/5.0 (Macintosh; Intel Mac OS X 10_10_5) AppleWebKit/601.7.7 (KHTML, like Gecko) Version/9.1.2 Safari/601.7.7"
78.129.161.54 - - [06/Aug/2016:15:47:55 +0100] "GET /checkout/shipping HTTP/1.0" 200 30802 "https://www.paiskincare.com/account/login" "Mozilla/5.0 (Macintosh; Intel Mac OS X 10_10_5) AppleWebKit/601.7.7 (KHTML, like Gecko) Version/9.1.2 Safari/601.7.7"
78.129.161.54 - - [06/Aug/2016:15:47:58 +0100] "GET /index.php?main_page=checkout_shipping_address HTTP/1.0" 200 69383 "https://www.paiskincare.com/checkout/shipping" "Mozilla/5.0 (Macintosh; Intel Mac OS X 10_10_5) AppleWebKit/601.7.7 (KHTML, like Gecko) Version/9.1.2 Safari/601.7.7"
78.129.161.54 - - [06/Aug/2016:15:48:06 +0100] "POST /index.php?main_page=checkout_shipping_address HTTP/1.0" 302 787 "https://www.paiskincare.com/index.php?main_page=checkout_shipping_address" "Mozilla/5.0 (Macintosh; Intel Mac OS X 10_10_5) AppleWebKit/601.7.7 (KHTML, like Gecko) Version/9.1.2 Safari/601.7.7"
78.129.161.54 - - [06/Aug/2016:15:48:06 +0100] "GET /index.php?main_page=checkout_shipping HTTP/1.0" 301 714 "https://www.paiskincare.com/index.php?main_page=checkout_shipping_address" "Mozilla/5.0 (Macintosh; Intel Mac OS X 10_10_5) AppleWebKit/601.7.7 (KHTML, like Gecko) Version/9.1.2 Safari/601.7.7"
78.129.161.54 - - [06/Aug/2016:15:48:06 +0100] "GET /checkout/shipping HTTP/1.0" 200 30802 "https://www.paiskincare.com/index.php?main_page=checkout_shipping_address" "Mozilla/5.0 (Macintosh; Intel Mac OS X 10_10_5) AppleWebKit/601.7.7 (KHTML, like Gecko) Version/9.1.2 Safari/601.7.7"
78.129.161.54 - - [06/Aug/2016:15:48:11 +0100] "POST /index.php?main_page=checkout_shipping HTTP/1.0" 302 786 "https://www.paiskincare.com/checkout/shipping" "Mozilla/5.0 (Macintosh; Intel Mac OS X 10_10_5) AppleWebKit/601.7.7 (KHTML, like Gecko) Version/9.1.2 Safari/601.7.7"
78.129.161.54 - - [06/Aug/2016:15:48:12 +0100] "GET /index.php?main_page=checkout_payment HTTP/1.0" 200 38337 "https://www.paiskincare.com/checkout/shipping" "Mozilla/5.0 (Macintosh; Intel Mac OS X 10_10_5) AppleWebKit/601.7.7 (KHTML, like Gecko) Version/9.1.2 Safari/601.7.7"
162.158.73.154 - - [06/Aug/2016:15:48:16 +0100] "POST /cto_osc_link.php HTTP/1.0" 200 1133 "-" "CarryTheOne"
78.129.161.54 - - [06/Aug/2016:15:48:19 +0100] "POST /index.php?main_page=checkout_confirmation HTTP/1.0" 200 34023 "https://www.paiskincare.com/index.php?main_page=checkout_payment" "Mozilla/5.0 (Macintosh; Intel Mac OS X 10_10_5) AppleWebKit/601.7.7 (KHTML, like Gecko) Version/9.1.2 Safari/601.7.7"
78.129.161.54 - - [06/Aug/2016:15:48:27 +0100] "POST /ipn_main_handler.php?type=ec&markflow=1&clearSess=1&stage=final HTTP/1.0" 302 821 "https://www.paiskincare.com/index.php?main_page=checkout_confirmation" "Mozilla/5.0 (Macintosh; Intel Mac OS X 10_10_5) AppleWebKit/601.7.7 (KHTML, like Gecko) Version/9.1.2 Safari/601.7.7"
78.129.161.54 - - [06/Aug/2016:15:49:29 +0100] "GET /ipn_main_handler.php?type=ec&token=EC-52X931907D842133H&PayerID=K5MY8VSRYT6D6 HTTP/1.0" 302 786 "https://www.paypal.com/cgi-bin/webscr?cmd=_express-checkout&token=EC-52X931907D842133H&useraction=commit" "Mozilla/5.0 (Macintosh; Intel Mac OS X 10_10_5) AppleWebKit/601.7.7 (KHTML, like Gecko) Version/9.1.2 Safari/601.7.7"
78.129.161.54 - - [06/Aug/2016:15:49:30 +0100] "GET /index.php?main_page=checkout_process HTTP/1.0" 302 786 "https://www.paypal.com/cgi-bin/webscr?cmd=_express-checkout&token=EC-52X931907D842133H&useraction=commit" "Mozilla/5.0 (Macintosh; Intel Mac OS X 10_10_5) AppleWebKit/601.7.7 (KHTML, like Gecko) Version/9.1.2 Safari/601.7.7"
78.129.161.54 - - [06/Aug/2016:15:49:35 +0100] "GET /index.php?main_page=checkout_success HTTP/1.0" 200 27086 "https://www.paypal.com/cgi-bin/webscr?cmd=_express-checkout&token=EC-52X931907D842133H&useraction=commit" "Mozilla/5.0 (Macintosh; Intel Mac OS X 10_10_5) AppleWebKit/601.7.7 (KHTML, like Gecko) Version/9.1.2 Safari/601.7.7"
