162.158.152.220 - admin123 [11/Aug/2016:11:47:30 +0100] "GET /monkey75/includes/menu.css HTTP/1.0" 200 1272 "https://www.paiskincare.com/monkey75/login.php" "Mozilla/5.0 (Macintosh; Intel Mac OS X 10_11_5) AppleWebKit/537.36 (KHTML, like Gecko) Chrome/52.0.2743.116 Safari/537.36"
141.101.70.228 - admin123 [11/Aug/2016:11:47:30 +0100] "GET /monkey75/includes/index.css HTTP/1.0" 200 1213 "https://www.paiskincare.com/monkey75/login.php" "Mozilla/5.0 (Macintosh; Intel Mac OS X 10_11_5) AppleWebKit/537.36 (KHTML, like Gecko) Chrome/52.0.2743.116 Safari/537.36"
78.129.161.54 - admin123 [11/Aug/2016:11:47:31 +0100] "POST /monkey75/login.php HTTP/1.0" 302 802 "https://www.paiskincare.com/monkey75/login.php" "Mozilla/5.0 (Macintosh; Intel Mac OS X 10_11_5) AppleWebKit/537.36 (KHTML, like Gecko) Chrome/52.0.2743.116 Safari/537.36"
78.129.161.54 - admin123 [11/Aug/2016:11:47:31 +0100] "GET /monkey75/index.php HTTP/1.0" 200 26648 "https://www.paiskincare.com/monkey75/login.php" "Mozilla/5.0 (Macintosh; Intel Mac OS X 10_11_5) AppleWebKit/537.36 (KHTML, like Gecko) Chrome/52.0.2743.116 Safari/537.36"
141.101.106.124 - admin123 [11/Aug/2016:11:47:32 +0100] "GET /monkey75/includes/menu.js HTTP/1.0" 200 10261 "https://www.paiskincare.com/monkey75/index.php" "Mozilla/5.0 (Macintosh; Intel Mac OS X 10_11_5) AppleWebKit/537.36 (KHTML, like Gecko) Chrome/52.0.2743.116 Safari/537.36"
162.158.152.40 - admin123 [11/Aug/2016:11:47:32 +0100] "GET /monkey75/includes/cssjsmenuhover.css HTTP/1.0" 200 889 "https://www.paiskincare.com/monkey75/index.php" "Mozilla/5.0 (Macintosh; Intel Mac OS X 10_11_5) AppleWebKit/537.36 (KHTML, like Gecko) Chrome/52.0.2743.116 Safari/537.36"
162.158.152.22 - admin123 [11/Aug/2016:11:47:32 +0100] "GET /monkey75/images/icons/warning.gif HTTP/1.0" 304 344 "https://www.paiskincare.com/monkey75/index.php" "Mozilla/5.0 (Macintosh; Intel Mac OS X 10_11_5) AppleWebKit/537.36 (KHTML, like Gecko) Chrome/52.0.2743.116 Safari/537.36"
78.129.161.54 - admin123 [11/Aug/2016:11:47:32 +0100] "GET /monkey75/includes/languages/english/images/buttons/button_reset.gif HTTP/1.0" 304 344 "https://www.paiskincare.com/monkey75/index.php" "Mozilla/5.0 (Macintosh; Intel Mac OS X 10_11_5) AppleWebKit/537.36 (KHTML, like Gecko) Chrome/52.0.2743.116 Safari/537.36"
162.158.153.100 - admin123 [11/Aug/2016:11:47:32 +0100] "GET /monkey75/images/logo.gif HTTP/1.0" 304 344 "https://www.paiskincare.com/monkey75/index.php" "Mozilla/5.0 (Macintosh; Intel Mac OS X 10_11_5) AppleWebKit/537.36 (KHTML, like Gecko) Chrome/52.0.2743.116 Safari/537.36"
78.129.161.54 - admin123 [11/Aug/2016:11:47:32 +0100] "GET /monkey75/images/small_zen_logo.gif HTTP/1.0" 304 344 "https://www.paiskincare.com/monkey75/index.php" "Mozilla/5.0 (Macintosh; Intel Mac OS X 10_11_5) AppleWebKit/537.36 (KHTML, like Gecko) Chrome/52.0.2743.116 Safari/537.36"
162.158.73.154 - - [11/Aug/2016:11:48:25 +0100] "POST /cto_osc_link.php HTTP/1.0" 200 1794 "-" "CarryTheOne"
78.129.161.54 - - [11/Aug/2016:11:51:21 +0100] "POST /cto_osc_link.php HTTP/1.0" 200 1389 "-" "CarryTheOne"
157.55.39.66 - - [11/Aug/2016:11:52:51 +0100] "GET / HTTP/1.0" 301 758 "-" "Mozilla/5.0 (compatible; bingbot/2.0; +http://www.bing.com/bingbot.htm)"
162.158.73.154 - - [11/Aug/2016:11:54:23 +0100] "POST /cto_osc_link.php HTTP/1.0" 200 1133 "-" "CarryTheOne"
78.129.161.54 - - [11/Aug/2016:11:57:21 +0100] "POST /cto_osc_link.php HTTP/1.0" 200 1389 "-" "CarryTheOne"
78.129.161.54 - - [11/Aug/2016:11:58:18 +0100] "GET /blog/tag/echium-amaranth-age-confidence-oil/ HTTP/1.0" 301 994 "-" "Mozilla/5.0 (compatible; AhrefsBot/5.1; +http://ahrefs.com/robot/)"
108.162.244.138 - - [11/Aug/2016:11:59:33 +0100] "GET /blog/2015/04/30/urban-myths-about-eczema/feed/ HTTP/1.0" 301 996 "-" "Mozilla/5.0 (compatible; Yahoo! Slurp; http://help.yahoo.com/help/us/ysearch/slurp)"
162.158.73.154 - - [11/Aug/2016:12:00:25 +0100] "POST /cto_osc_link.php HTTP/1.0" 200 1133 "-" "CarryTheOne"
78.129.161.54 - - [11/Aug/2016:12:03:23 +0100] "POST /cto_osc_link.php HTTP/1.0" 200 1389 "-" "CarryTheOne"
139.162.247.24 - - [11/Aug/2016:12:06:20 +0100] "GET /pages/company-history-2 HTTP/1.0" 200 10006 "-" "Railgun/5.3.0"
162.158.73.154 - - [11/Aug/2016:12:06:24 +0100] "POST /cto_osc_link.php HTTP/1.0" 200 1133 "-" "CarryTheOne"
78.129.161.54 - - [11/Aug/2016:12:09:22 +0100] "POST /cto_osc_link.php HTTP/1.0" 200 1389 "-" "CarryTheOne"
162.158.73.154 - - [11/Aug/2016:12:12:22 +0100] "POST /cto_osc_link.php HTTP/1.0" 200 1133 "-" "CarryTheOne"
108.162.244.138 - - [11/Aug/2016:12:14:25 +0100] "GET /blog/tag/product-advice/ HTTP/1.0" 301 958 "-" "Mozilla/5.0 (compatible; Yahoo! Slurp; http://help.yahoo.com/help/us/ysearch/slurp)"
78.129.161.54 - - [11/Aug/2016:12:15:20 +0100] "POST /cto_osc_link.php HTTP/1.0" 200 1389 "-" "CarryTheOne"
162.158.73.154 - - [11/Aug/2016:12:18:22 +0100] "POST /cto_osc_link.php HTTP/1.0" 200 1133 "-" "CarryTheOne"
78.129.161.54 - - [11/Aug/2016:12:21:38 +0100] "POST /cto_osc_link.php HTTP/1.0" 200 1389 "-" "CarryTheOne"
162.158.73.154 - - [11/Aug/2016:12:24:26 +0100] "POST /cto_osc_link.php HTTP/1.0" 200 6449 "-" "CarryTheOne"
162.158.83.197 - - [11/Aug/2016:12:24:28 +0100] "GET /blog/2015/09/30/why-eating-seasonal-produce-is-better-for-you-2 HTTP/1.0" 301 1026 "-" "Mozilla/5.0 (Windows; U; Windows NT 5.1; en-US; rv:1.8.1.6) Gecko/20070725 Firefox/2.0.0.6 - James BOT - WebCrawler http://cognitiveseo.com/bot.html"
157.55.39.66 - - [11/Aug/2016:12:25:08 +0100] "GET / HTTP/1.0" 200 9259 "-" "Mozilla/5.0 (compatible; bingbot/2.0; +http://www.bing.com/bingbot.htm)"
78.129.161.54 - - [11/Aug/2016:12:27:31 +0100] "POST /cto_osc_link.php HTTP/1.0" 200 1389 "-" "CarryTheOne"
162.158.73.154 - - [11/Aug/2016:12:30:33 +0100] "POST /cto_osc_link.php HTTP/1.0" 200 1133 "-" "CarryTheOne"
162.158.108.196 - - [11/Aug/2016:12:31:11 +0100] "GET /blog/tag/lavender/feed/ HTTP/1.0" 301 955 "-" "Mozilla/5.0 (compatible; AhrefsBot/5.1; +http://ahrefs.com/robot/)"
108.162.244.138 - - [11/Aug/2016:12:31:49 +0100] "GET /blog/tag/aromatherapy/ HTTP/1.0" 301 952 "-" "Mozilla/5.0 (compatible; Yahoo! Slurp; http://help.yahoo.com/help/us/ysearch/slurp)"
78.129.161.54 - - [11/Aug/2016:12:33:26 +0100] "POST /cto_osc_link.php HTTP/1.0" 200 1389 "-" "CarryTheOne"
207.46.13.36 - - [11/Aug/2016:12:36:04 +0100] "GET /pages/pai-stockists-store-locator-62 HTTP/1.0" 200 11357 "-" "Mozilla/5.0 (compatible; bingbot/2.0; +http://www.bing.com/bingbot.htm)"
162.158.73.154 - - [11/Aug/2016:12:36:54 +0100] "POST /cto_osc_link.php HTTP/1.0" 200 1133 "-" "CarryTheOne"
157.55.39.66 - - [11/Aug/2016:12:39:03 +0100] "GET /pages/company-history-2 HTTP/1.0" 200 9746 "-" "Mozilla/5.0 (compatible; bingbot/2.0; +http://www.bing.com/bingbot.htm)"
66.249.65.137 - - [11/Aug/2016:12:40:29 +0100] "GET / HTTP/1.0" 200 9259 "-" "Mozilla/5.0 (compatible; Googlebot/2.1; +http://www.google.com/bot.html)"
78.129.161.54 - - [11/Aug/2016:12:40:35 +0100] "POST /cto_osc_link.php HTTP/1.0" 200 1389 "-" "CarryTheOne"
162.158.73.154 - - [11/Aug/2016:12:42:32 +0100] "POST /cto_osc_link.php HTTP/1.0" 200 1133 "-" "CarryTheOne"
141.101.64.142 - - [11/Aug/2016:12:43:49 +0100] "GET /blog/tag/birthday/feed/ HTTP/1.0" 301 955 "-" "Mozilla/5.0 (compatible; AhrefsBot/5.1; +http://ahrefs.com/robot/)"
78.129.161.54 - - [11/Aug/2016:12:43:52 +0100] "GET /blog/tag/confidence/feed/ HTTP/1.0" 301 956 "-" "Mozilla/5.0 (compatible; AhrefsBot/5.1; +http://ahrefs.com/robot/)"
78.129.161.54 - - [11/Aug/2016:12:45:34 +0100] "POST /cto_osc_link.php HTTP/1.0" 200 1389 "-" "CarryTheOne"
207.46.13.28 - - [11/Aug/2016:12:46:07 +0100] "GET /dull-skin-10/ HTTP/1.0" 200 9492 "-" "Mozilla/5.0 (compatible; bingbot/2.0; +http://www.bing.com/bingbot.htm)"
162.158.108.202 - - [11/Aug/2016:12:46:37 +0100] "GET /blog/tag/age-confidence/feed/ HTTP/1.0" 301 965 "-" "Mozilla/5.0 (compatible; AhrefsBot/5.1; +http://ahrefs.com/robot/)"
78.129.161.54 - - [11/Aug/2016:12:46:38 +0100] "GET /pages/storage-shelf-life-51 HTTP/1.0" 200 30841 "http://www.paiskincare.com/" "Mozilla/5.0 (Windows NT 6.1; WOW64; rv:47.0) Gecko/20100101 Firefox/47.0"
207.46.13.36 - - [11/Aug/2016:12:47:52 +0100] "GET /dry-dehydrated-20/ HTTP/1.0" 200 10088 "-" "Mozilla/5.0 (compatible; bingbot/2.0; +http://www.bing.com/bingbot.htm)"
162.158.73.154 - - [11/Aug/2016:12:48:25 +0100] "POST /cto_osc_link.php HTTP/1.0" 200 1133 "-" "CarryTheOne"
108.162.244.48 - - [11/Aug/2016:12:50:59 +0100] "GET /blog/industry-beauty-awards/ HTTP/1.0" 301 964 "-" "Mozilla/5.0 (compatible; bingbot/2.0; +http://www.bing.com/bingbot.htm)"
78.129.161.54 - - [11/Aug/2016:12:51:36 +0100] "POST /cto_osc_link.php HTTP/1.0" 200 1389 "-" "CarryTheOne"
78.129.161.54 - - [11/Aug/2016:12:52:42 +0100] "GET /blog/ HTTP/1.0" 301 916 "-" "Mozilla/5.0 (compatible; bingbot/2.0; +http://www.bing.com/bingbot.htm)"
78.129.161.54 - - [11/Aug/2016:12:52:42 +0100] "GET /blog/2013/08/19/pai-launch-at-lime-wood-hotel HTTP/1.0" 301 996 "-" "Mozilla/5.0 (Windows; U; Windows NT 5.1; en-US; rv:1.8.1.6) Gecko/20070725 Firefox/2.0.0.6 - James BOT - WebCrawler http://cognitiveseo.com/bot.html"
162.158.85.110 - - [11/Aug/2016:12:52:46 +0100] "GET /blog/2013/08/28/raw-cured-signature-skin-deep-smoothie-recipe HTTP/1.0" 301 1019 "-" "Mozilla/5.0 (Windows; U; Windows NT 5.1; en-US; rv:1.8.1.6) Gecko/20070725 Firefox/2.0.0.6 - James BOT - WebCrawler http://cognitiveseo.com/bot.html"
162.158.85.116 - - [11/Aug/2016:12:52:46 +0100] "GET /blog/tag/luxury/feed HTTP/1.0" 301 951 "-" "Mozilla/5.0 (Windows; U; Windows NT 5.1; en-US; rv:1.8.1.6) Gecko/20070725 Firefox/2.0.0.6 - James BOT - WebCrawler http://cognitiveseo.com/bot.html"
78.129.161.54 - - [11/Aug/2016:12:52:47 +0100] "GET /blog/tag/lime-wood-hotel/feed HTTP/1.0" 301 964 "-" "Mozilla/5.0 (Windows; U; Windows NT 5.1; en-US; rv:1.8.1.6) Gecko/20070725 Firefox/2.0.0.6 - James BOT - WebCrawler http://cognitiveseo.com/bot.html"
78.129.161.54 - - [11/Aug/2016:12:52:48 +0100] "GET /blog/tag/pai-skin-confide/feed HTTP/1.0" 301 966 "-" "Mozilla/5.0 (Windows; U; Windows NT 5.1; en-US; rv:1.8.1.6) Gecko/20070725 Firefox/2.0.0.6 - James BOT - WebCrawler http://cognitiveseo.com/bot.html"
78.129.161.54 - - [11/Aug/2016:12:52:49 +0100] "GET /blog/tag/pai-professional-range/feed HTTP/1.0" 301 978 "-" "Mozilla/5.0 (Windows; U; Windows NT 5.1; en-US; rv:1.8.1.6) Gecko/20070725 Firefox/2.0.0.6 - James BOT - WebCrawler http://cognitiveseo.com/bot.html"
78.129.161.54 - - [11/Aug/2016:12:52:50 +0100] "GET /blog/tag/herb-house-spa/feed HTTP/1.0" 301 962 "-" "Mozilla/5.0 (Windows; U; Windows NT 5.1; en-US; rv:1.8.1.6) Gecko/20070725 Firefox/2.0.0.6 - James BOT - WebCrawler http://cognitiveseo.com/bot.html"
78.129.161.54 - - [11/Aug/2016:12:52:52 +0100] "GET /blog/tag/raw-cured/feed HTTP/1.0" 301 952 "-" "Mozilla/5.0 (Windows; U; Windows NT 5.1; en-US; rv:1.8.1.6) Gecko/20070725 Firefox/2.0.0.6 - James BOT - WebCrawler http://cognitiveseo.com/bot.html"
162.158.73.154 - - [11/Aug/2016:12:54:47 +0100] "POST /cto_osc_link.php HTTP/1.0" 200 1133 "-" "CarryTheOne"
141.101.64.142 - - [11/Aug/2016:12:56:24 +0100] "GET /blog/tag/health/page/3/ HTTP/1.0" 301 955 "-" "Mozilla/5.0 (compatible; AhrefsBot/5.1; +http://ahrefs.com/robot/)"
78.129.161.54 - - [11/Aug/2016:12:56:55 +0100] "GET /pages/recruitment-138 HTTP/1.0" 200 29450 "-" "Mozilla/5.0 (compatible; bingbot/2.0; +http://www.bing.com/bingbot.htm)"
78.129.161.54 - - [11/Aug/2016:12:57:31 +0100] "POST /cto_osc_link.php HTTP/1.0" 200 1389 "-" "CarryTheOne"
157.55.39.66 - - [11/Aug/2016:12:58:34 +0100] "GET /pages/terms-conditions-50 HTTP/1.0" 200 16064 "-" "Mozilla/5.0 (compatible; bingbot/2.0; +http://www.bing.com/bingbot.htm)"
78.129.161.54 - - [11/Aug/2016:12:59:41 +0100] "GET /blog/tag/turmeric/ HTTP/1.0" 301 942 "-" "Mozilla/5.0 (compatible; AhrefsBot/5.1; +http://ahrefs.com/robot/)"
162.158.73.154 - - [11/Aug/2016:13:00:26 +0100] "POST /cto_osc_link.php HTTP/1.0" 200 1133 "-" "CarryTheOne"
162.158.101.161 - - [11/Aug/2016:13:00:32 +0100] "GET /blog/2013/03/13/diet-focus-dairy-free HTTP/1.0" 301 975 "-" "Mozilla/5.0 (Windows NT 6.1; rv:40.0) Gecko/20100101 Firefox/40.0"
162.158.104.82 - - [11/Aug/2016:13:01:07 +0100] "GET /blog/category/diet-and-lifestyle/ HTTP/1.0" 301 958 "-" "Mozilla/5.0 (compatible; bingbot/2.0; +http://www.bing.com/bingbot.htm)"
78.129.161.54 - - [11/Aug/2016:13:03:24 +0100] "POST /cto_osc_link.php HTTP/1.0" 200 1389 "-" "CarryTheOne"
162.158.73.154 - - [11/Aug/2016:13:06:25 +0100] "POST /cto_osc_link.php HTTP/1.0" 200 1133 "-" "CarryTheOne"
78.129.161.54 - - [11/Aug/2016:13:07:17 +0100] "GET /anti-redness-hypersensitive-18/ HTTP/1.0" 200 39111 "-" "Mozilla/5.0 (compatible; bingbot/2.0; +http://www.bing.com/bingbot.htm)"
78.129.161.54 - - [11/Aug/2016:13:09:23 +0100] "POST /cto_osc_link.php HTTP/1.0" 200 1389 "-" "CarryTheOne"
207.46.13.28 - - [11/Aug/2016:13:11:03 +0100] "GET /masks-exfoliators-25/ HTTP/1.0" 200 9500 "-" "Mozilla/5.0 (compatible; bingbot/2.0; +http://www.bing.com/bingbot.htm)"
162.158.73.154 - - [11/Aug/2016:13:12:22 +0100] "POST /cto_osc_link.php HTTP/1.0" 200 1133 "-" "CarryTheOne"
108.162.244.138 - - [11/Aug/2016:13:12:48 +0100] "GET /blog/tag/adult-acne/page/3/ HTTP/1.0" 301 962 "-" "Mozilla/5.0 (compatible; Yahoo! Slurp; http://help.yahoo.com/help/us/ysearch/slurp)"
78.129.161.54 - - [11/Aug/2016:13:15:43 +0100] "POST /cto_osc_link.php HTTP/1.0" 200 1389 "-" "CarryTheOne"
5.104.241.176 - - [11/Aug/2016:13:15:52 +0100] "GET / HTTP/1.0" 200 9450 "-" "Mozilla/5.0 (Macintosh; U; PPC Mac OS X; en) AppleWebKit/521.25 (KHTML, like Gecko) Safari/521.24"
162.158.73.154 - - [11/Aug/2016:13:18:36 +0100] "POST /cto_osc_link.php HTTP/1.0" 200 1133 "-" "CarryTheOne"
162.158.108.196 - - [11/Aug/2016:13:20:32 +0100] "GET /blog/2013/09/09/organic-heroes-camellia-rose-gentle-hydrating-cleanser/ HTTP/1.0" 301 6352 "-" "Mozilla/5.0 (compatible; AhrefsBot/5.1; +http://ahrefs.com/robot/)"
54.226.111.224 - - [11/Aug/2016:13:21:05 +0100] "GET /account/login?zenid=liprqfhjcqh7mt9jpeauuu9pb4 HTTP/1.0" 200 16071 "-" "ltx71 - (http://ltx71.com/)"
78.129.161.54 - - [11/Aug/2016:13:21:24 +0100] "POST /cto_osc_link.php HTTP/1.0" 200 1389 "-" "CarryTheOne"
162.158.73.154 - - [11/Aug/2016:13:24:28 +0100] "POST /cto_osc_link.php HTTP/1.0" 200 1133 "-" "CarryTheOne"
78.129.161.54 - - [11/Aug/2016:13:27:32 +0100] "POST /cto_osc_link.php HTTP/1.0" 200 1389 "-" "CarryTheOne"
162.158.73.154 - - [11/Aug/2016:13:30:27 +0100] "POST /cto_osc_link.php HTTP/1.0" 200 1133 "-" "CarryTheOne"
162.158.108.196 - - [11/Aug/2016:13:32:52 +0100] "GET /blog/tag/diet/page/4/ HTTP/1.0" 301 952 "-" "Mozilla/5.0 (compatible; AhrefsBot/5.1; +http://ahrefs.com/robot/)"
78.129.161.54 - - [11/Aug/2016:13:33:25 +0100] "POST /cto_osc_link.php HTTP/1.0" 200 1389 "-" "CarryTheOne"
157.55.39.66 - - [11/Aug/2016:13:33:55 +0100] "GET /pages/company-ethics-3 HTTP/1.0" 200 9219 "-" "Mozilla/5.0 (compatible; bingbot/2.0; +http://www.bing.com/bingbot.htm)"
86.63.42.152 - - [11/Aug/2016:13:34:38 +0100] "GET / HTTP/1.0" 200 9442 "-" "Mozilla/5.0 (Macintosh; Intel Mac OS X 10_10_5) AppleWebKit/601.7.7 (KHTML, like Gecko) Version/9.1.2 Safari/601.7.7"
162.158.73.154 - - [11/Aug/2016:13:36:28 +0100] "POST /cto_osc_link.php HTTP/1.0" 200 6449 "-" "CarryTheOne"
108.162.244.138 - - [11/Aug/2016:13:37:12 +0100] "GET /blog/tag/soup/ HTTP/1.0" 301 941 "-" "Mozilla/5.0 (compatible; Yahoo! Slurp; http://help.yahoo.com/help/us/ysearch/slurp)"
162.158.152.4 - - [11/Aug/2016:13:38:04 +0100] "GET /index.php?main_page=time_out&zenid=1t3rjcn4j1cvkg81tqaad4c8p3 HTTP/1.0" 200 9237 "https://www.paiskincare.com/checkout/shipping" "Mozilla/5.0 (iPhone; CPU iPhone OS 9_3_4 like Mac OS X) AppleWebKit/601.1.46 (KHTML, like Gecko) Version/9.0 Mobile/13G35 Safari/601.1"
78.129.161.54 - - [11/Aug/2016:13:39:41 +0100] "POST /cto_osc_link.php HTTP/1.0" 200 1389 "-" "CarryTheOne"
78.129.161.54 - - [11/Aug/2016:13:39:57 +0100] "GET /checkout/shipping HTTP/1.0" 302 775 "http://www.paiskincare.com/shopping-cart/" "Mozilla/5.0 (Windows NT 10.0; WOW64) AppleWebKit/537.36 (KHTML, like Gecko) Chrome/51.0.2704.84 Safari/537.36"
78.129.161.54 - - [11/Aug/2016:13:39:58 +0100] "GET /index.php?main_page=login HTTP/1.0" 301 710 "http://www.paiskincare.com/shopping-cart/" "Mozilla/5.0 (Windows NT 10.0; WOW64) AppleWebKit/537.36 (KHTML, like Gecko) Chrome/51.0.2704.84 Safari/537.36"
78.129.161.54 - - [11/Aug/2016:13:39:58 +0100] "GET /account/login HTTP/1.0" 200 67998 "http://www.paiskincare.com/shopping-cart/" "Mozilla/5.0 (Windows NT 10.0; WOW64) AppleWebKit/537.36 (KHTML, like Gecko) Chrome/51.0.2704.84 Safari/537.36"
78.129.161.54 - - [11/Aug/2016:13:40:04 +0100] "GET /ipn_main_handler.php?type=ec HTTP/1.0" 302 823 "https://www.paiskincare.com/account/login" "Mozilla/5.0 (Windows NT 10.0; WOW64) AppleWebKit/537.36 (KHTML, like Gecko) Chrome/51.0.2704.84 Safari/537.36"
207.46.13.36 - - [11/Aug/2016:13:40:29 +0100] "GET /psoriasis-24/ HTTP/1.0" 200 9616 "-" "Mozilla/5.0 (compatible; bingbot/2.0; +http://www.bing.com/bingbot.htm)"
78.129.161.54 - - [11/Aug/2016:13:40:59 +0100] "GET /account/login HTTP/1.0" 200 67998 "http://www.paiskincare.com/shopping-cart/" "Mozilla/5.0 (Windows NT 10.0; WOW64) AppleWebKit/537.36 (KHTML, like Gecko) Chrome/51.0.2704.84 Safari/537.36"
78.129.161.54 - - [11/Aug/2016:13:41:12 +0100] "POST /index.php?main_page=login&action=process HTTP/1.0" 200 68582 "https://www.paiskincare.com/account/login" "Mozilla/5.0 (Windows NT 10.0; WOW64) AppleWebKit/537.36 (KHTML, like Gecko) Chrome/51.0.2704.84 Safari/537.36"
78.129.161.54 - - [11/Aug/2016:13:41:38 +0100] "GET /checkout/shipping HTTP/1.0" 302 6091 "http://www.paiskincare.com/shopping-cart/" "Mozilla/5.0 (Windows NT 10.0; WOW64) AppleWebKit/537.36 (KHTML, like Gecko) Chrome/51.0.2704.84 Safari/537.36"
78.129.161.54 - - [11/Aug/2016:13:41:38 +0100] "GET /index.php?main_page=login HTTP/1.0" 301 710 "http://www.paiskincare.com/shopping-cart/" "Mozilla/5.0 (Windows NT 10.0; WOW64) AppleWebKit/537.36 (KHTML, like Gecko) Chrome/51.0.2704.84 Safari/537.36"
78.129.161.54 - - [11/Aug/2016:13:41:38 +0100] "GET /account/login HTTP/1.0" 200 67998 "http://www.paiskincare.com/shopping-cart/" "Mozilla/5.0 (Windows NT 10.0; WOW64) AppleWebKit/537.36 (KHTML, like Gecko) Chrome/51.0.2704.84 Safari/537.36"
78.129.161.54 - - [11/Aug/2016:13:41:46 +0100] "GET /index.php?main_page=password_forgotten HTTP/1.0" 200 31969 "https://www.paiskincare.com/account/login" "Mozilla/5.0 (Windows NT 10.0; WOW64) AppleWebKit/537.36 (KHTML, like Gecko) Chrome/51.0.2704.84 Safari/537.36"
78.129.161.54 - - [11/Aug/2016:13:41:56 +0100] "POST /index.php?main_page=password_forgotten&action=process HTTP/1.0" 302 999 "https://www.paiskincare.com/index.php?main_page=password_forgotten" "Mozilla/5.0 (Windows NT 10.0; WOW64) AppleWebKit/537.36 (KHTML, like Gecko) Chrome/51.0.2704.84 Safari/537.36"
78.129.161.54 - - [11/Aug/2016:13:41:57 +0100] "GET /index.php?main_page=login HTTP/1.0" 301 710 "https://www.paiskincare.com/index.php?main_page=password_forgotten" "Mozilla/5.0 (Windows NT 10.0; WOW64) AppleWebKit/537.36 (KHTML, like Gecko) Chrome/51.0.2704.84 Safari/537.36"
78.129.161.54 - - [11/Aug/2016:13:41:57 +0100] "GET /account/login HTTP/1.0" 200 67998 "https://www.paiskincare.com/index.php?main_page=password_forgotten" "Mozilla/5.0 (Windows NT 10.0; WOW64) AppleWebKit/537.36 (KHTML, like Gecko) Chrome/51.0.2704.84 Safari/537.36"
162.158.73.154 - - [11/Aug/2016:13:42:30 +0100] "POST /cto_osc_link.php HTTP/1.0" 200 1133 "-" "CarryTheOne"
141.101.106.76 - - [11/Aug/2016:13:43:54 +0100] "POST /index.php?main_page=login&action=process HTTP/1.0" 302 989 "https://www.paiskincare.com/account/login" "Mozilla/5.0 (Windows NT 10.0; WOW64) AppleWebKit/537.36 (KHTML, like Gecko) Chrome/51.0.2704.84 Safari/537.36"
78.129.161.54 - - [11/Aug/2016:13:43:55 +0100] "GET /index.php?main_page=index HTTP/1.0" 301 697 "https://www.paiskincare.com/account/login" "Mozilla/5.0 (Windows NT 10.0; WOW64) AppleWebKit/537.36 (KHTML, like Gecko) Chrome/51.0.2704.84 Safari/537.36"
78.129.161.54 - - [11/Aug/2016:13:43:55 +0100] "GET / HTTP/1.0" 200 31108 "https://www.paiskincare.com/account/login" "Mozilla/5.0 (Windows NT 10.0; WOW64) AppleWebKit/537.36 (KHTML, like Gecko) Chrome/51.0.2704.84 Safari/537.36"
78.129.161.54 - - [11/Aug/2016:13:44:41 +0100] "GET /checkout/shipping HTTP/1.0" 200 30814 "http://www.paiskincare.com/index.php?main_page=shopping_cart&product_id=88" "Mozilla/5.0 (Windows NT 10.0; WOW64) AppleWebKit/537.36 (KHTML, like Gecko) Chrome/51.0.2704.84 Safari/537.36"
78.129.161.54 - - [11/Aug/2016:13:44:48 +0100] "GET /index.php?main_page=checkout_shipping_address HTTP/1.0" 200 68447 "https://www.paiskincare.com/checkout/shipping" "Mozilla/5.0 (Windows NT 10.0; WOW64) AppleWebKit/537.36 (KHTML, like Gecko) Chrome/51.0.2704.84 Safari/537.36"
78.129.161.54 - - [11/Aug/2016:13:45:27 +0100] "POST /cto_osc_link.php HTTP/1.0" 200 1389 "-" "CarryTheOne"
78.129.161.54 - - [11/Aug/2016:13:45:43 +0100] "POST /index.php?main_page=checkout_shipping_address HTTP/1.0" 302 787 "https://www.paiskincare.com/index.php?main_page=checkout_shipping_address" "Mozilla/5.0 (Windows NT 10.0; WOW64) AppleWebKit/537.36 (KHTML, like Gecko) Chrome/51.0.2704.84 Safari/537.36"
78.129.161.54 - - [11/Aug/2016:13:45:43 +0100] "GET /index.php?main_page=checkout_shipping HTTP/1.0" 301 714 "https://www.paiskincare.com/index.php?main_page=checkout_shipping_address" "Mozilla/5.0 (Windows NT 10.0; WOW64) AppleWebKit/537.36 (KHTML, like Gecko) Chrome/51.0.2704.84 Safari/537.36"
78.129.161.54 - - [11/Aug/2016:13:45:43 +0100] "GET /checkout/shipping HTTP/1.0" 200 30793 "https://www.paiskincare.com/index.php?main_page=checkout_shipping_address" "Mozilla/5.0 (Windows NT 10.0; WOW64) AppleWebKit/537.36 (KHTML, like Gecko) Chrome/51.0.2704.84 Safari/537.36"
157.55.39.66 - - [11/Aug/2016:13:46:10 +0100] "GET /pages/delivery-returns-52 HTTP/1.0" 301 787 "-" "Mozilla/5.0 (compatible; bingbot/2.0; +http://www.bing.com/bingbot.htm)"
78.129.161.54 - - [11/Aug/2016:13:46:31 +0100] "POST /index.php?main_page=checkout_shipping HTTP/1.0" 302 786 "https://www.paiskincare.com/checkout/shipping" "Mozilla/5.0 (Windows NT 10.0; WOW64) AppleWebKit/537.36 (KHTML, like Gecko) Chrome/51.0.2704.84 Safari/537.36"
78.129.161.54 - - [11/Aug/2016:13:46:31 +0100] "GET /index.php?main_page=checkout_payment HTTP/1.0" 200 38441 "https://www.paiskincare.com/checkout/shipping" "Mozilla/5.0 (Windows NT 10.0; WOW64) AppleWebKit/537.36 (KHTML, like Gecko) Chrome/51.0.2704.84 Safari/537.36"
78.129.161.54 - - [11/Aug/2016:13:47:53 +0100] "POST /index.php?main_page=checkout_confirmation HTTP/1.0" 200 34589 "https://www.paiskincare.com/index.php?main_page=checkout_payment" "Mozilla/5.0 (Windows NT 10.0; WOW64) AppleWebKit/537.36 (KHTML, like Gecko) Chrome/51.0.2704.84 Safari/537.36"
78.129.161.54 - - [11/Aug/2016:13:48:07 +0100] "GET /index.php?main_page=checkout_payment HTTP/1.0" 200 38441 "https://www.paiskincare.com/index.php?main_page=checkout_confirmation" "Mozilla/5.0 (Windows NT 10.0; WOW64) AppleWebKit/537.36 (KHTML, like Gecko) Chrome/51.0.2704.84 Safari/537.36"
78.129.161.54 - - [11/Aug/2016:13:48:18 +0100] "GET /index.php?main_page=checkout_payment_address HTTP/1.0" 200 66922 "https://www.paiskincare.com/index.php?main_page=checkout_payment" "Mozilla/5.0 (Windows NT 10.0; WOW64) AppleWebKit/537.36 (KHTML, like Gecko) Chrome/51.0.2704.84 Safari/537.36"
162.158.73.154 - - [11/Aug/2016:13:48:43 +0100] "POST /cto_osc_link.php HTTP/1.0" 200 1133 "-" "CarryTheOne"
141.101.106.76 - - [11/Aug/2016:13:48:54 +0100] "POST /index.php?main_page=checkout_payment_address HTTP/1.0" 302 918 "https://www.paiskincare.com/index.php?main_page=checkout_payment_address" "Mozilla/5.0 (Windows NT 10.0; WOW64) AppleWebKit/537.36 (KHTML, like Gecko) Chrome/51.0.2704.84 Safari/537.36"
78.129.161.54 - - [11/Aug/2016:13:48:55 +0100] "GET /index.php?main_page=checkout_payment HTTP/1.0" 200 38365 "https://www.paiskincare.com/index.php?main_page=checkout_payment_address" "Mozilla/5.0 (Windows NT 10.0; WOW64) AppleWebKit/537.36 (KHTML, like Gecko) Chrome/51.0.2704.84 Safari/537.36"
78.129.161.54 - - [11/Aug/2016:13:49:22 +0100] "POST /index.php?main_page=checkout_confirmation HTTP/1.0" 200 34560 "https://www.paiskincare.com/index.php?main_page=checkout_payment" "Mozilla/5.0 (Windows NT 10.0; WOW64) AppleWebKit/537.36 (KHTML, like Gecko) Chrome/51.0.2704.84 Safari/537.36"
78.129.161.54 - - [11/Aug/2016:13:49:35 +0100] "POST /ipn_main_handler.php?type=ec&markflow=1&clearSess=1&stage=final HTTP/1.0" 302 821 "https://www.paiskincare.com/index.php?main_page=checkout_confirmation" "Mozilla/5.0 (Windows NT 10.0; WOW64) AppleWebKit/537.36 (KHTML, like Gecko) Chrome/51.0.2704.84 Safari/537.36"
78.129.161.54 - - [11/Aug/2016:13:50:06 +0100] "GET /ipn_main_handler.php?type=ec&token=EC-5LL05711YX477252X&PayerID=K7S7BN4XUCTBW HTTP/1.0" 302 786 "https://www.paypal.com/cgi-bin/webscr?cmd=_express-checkout&token=EC-5LL05711YX477252X&useraction=commit" "Mozilla/5.0 (Windows NT 10.0; WOW64) AppleWebKit/537.36 (KHTML, like Gecko) Chrome/51.0.2704.84 Safari/537.36"
207.46.13.28 - - [11/Aug/2016:13:50:09 +0100] "GET /pages/a-z-of-ingredients-46 HTTP/1.0" 200 9506 "-" "Mozilla/5.0 (compatible; bingbot/2.0; +http://www.bing.com/bingbot.htm)"
78.129.161.54 - - [11/Aug/2016:13:50:08 +0100] "GET /index.php?main_page=checkout_process HTTP/1.0" 302 786 "https://www.paypal.com/cgi-bin/webscr?cmd=_express-checkout&token=EC-5LL05711YX477252X&useraction=commit" "Mozilla/5.0 (Windows NT 10.0; WOW64) AppleWebKit/537.36 (KHTML, like Gecko) Chrome/51.0.2704.84 Safari/537.36"
78.129.161.54 - - [11/Aug/2016:13:50:17 +0100] "GET /index.php?main_page=checkout_success HTTP/1.0" 200 27274 "https://www.paypal.com/cgi-bin/webscr?cmd=_express-checkout&token=EC-5LL05711YX477252X&useraction=commit" "Mozilla/5.0 (Windows NT 10.0; WOW64) AppleWebKit/537.36 (KHTML, like Gecko) Chrome/51.0.2704.84 Safari/537.36"
78.129.161.54 - - [11/Aug/2016:13:50:32 +0100] "POST /index.php?main_page=checkout_success HTTP/1.0" 200 26575 "https://www.paiskincare.com/index.php?main_page=checkout_success" "Mozilla/5.0 (Windows NT 10.0; WOW64) AppleWebKit/537.36 (KHTML, like Gecko) Chrome/51.0.2704.84 Safari/537.36"
78.129.161.54 - - [11/Aug/2016:13:51:26 +0100] "POST /cto_osc_link.php HTTP/1.0" 200 3243 "-" "CarryTheOne"
78.129.161.54 - - [11/Aug/2016:13:52:55 +0100] "GET /pages/organic-certification-137 HTTP/1.0" 200 37910 "-" "Mozilla/5.0 (compatible; bingbot/2.0; +http://www.bing.com/bingbot.htm)"
40.77.167.92 - - [11/Aug/2016:13:52:56 +0100] "GET /pages/gift-guide-180 HTTP/1.0" 200 9809 "-" "Mozilla/5.0 (compatible; bingbot/2.0; +http://www.bing.com/bingbot.htm)"
78.129.161.54 - - [11/Aug/2016:13:53:02 +0100] "GET /petit-pai-35/ HTTP/1.0" 200 34626 "-" "Mozilla/5.0 (compatible; bingbot/2.0; +http://www.bing.com/bingbot.htm)"
78.129.161.54 - - [11/Aug/2016:13:53:03 +0100] "GET /pregnancy-28/ HTTP/1.0" 200 33332 "-" "Mozilla/5.0 (compatible; bingbot/2.0; +http://www.bing.com/bingbot.htm)"
162.158.73.154 - - [11/Aug/2016:13:54:24 +0100] "POST /cto_osc_link.php HTTP/1.0" 200 1133 "-" "CarryTheOne"
78.129.161.54 - - [11/Aug/2016:13:57:27 +0100] "POST /cto_osc_link.php HTTP/1.0" 200 1389 "-" "CarryTheOne"
157.55.39.66 - - [11/Aug/2016:13:57:33 +0100] "GET /facial-oils-serums-29/ HTTP/1.0" 200 9538 "-" "Mozilla/5.0 (compatible; bingbot/2.0; +http://www.bing.com/bingbot.htm)"
78.129.161.54 - - [11/Aug/2016:13:57:50 +0100] "GET /gift-certificate-faq HTTP/1.0" 200 31609 "-" "Mozilla/5.0 (compatible; bingbot/2.0; +http://www.bing.com/bingbot.htm)"
162.158.104.202 - - [11/Aug/2016:13:58:40 +0100] "GET /blog/category/industry-news/ HTTP/1.0" 301 949 "-" "Mozilla/5.0 (compatible; bingbot/2.0; +http://www.bing.com/bingbot.htm)"
162.210.196.129 - - [11/Aug/2016:13:59:21 +0100] "GET / HTTP/1.0" 200 9259 "-" "Mozilla/5.0 (compatible; MJ12bot/v1.4.5; http://www.majestic12.co.uk/bot.php?+)"
162.158.73.154 - - [11/Aug/2016:14:00:48 +0100] "POST /cto_osc_link.php HTTP/1.0" 200 1133 "-" "CarryTheOne"
78.129.161.54 - - [11/Aug/2016:14:03:28 +0100] "POST /cto_osc_link.php HTTP/1.0" 200 6705 "-" "CarryTheOne"
207.46.13.28 - - [11/Aug/2016:14:04:21 +0100] "GET /pages/about-pai-1 HTTP/1.0" 200 9321 "-" "Mozilla/5.0 (compatible; bingbot/2.0; +http://www.bing.com/bingbot.htm)"
78.129.161.54 - - [11/Aug/2016:14:04:27 +0100] "GET /checkout/shipping HTTP/1.0" 302 775 "http://www.paiskincare.com/shopping-cart/" "Mozilla/5.0 (iPad; CPU OS 9_3_2 like Mac OS X) AppleWebKit/601.1.46 (KHTML, like Gecko) Version/9.0 Mobile/13F69 Safari/601.1"
78.129.161.54 - - [11/Aug/2016:14:04:27 +0100] "GET /index.php?main_page=login HTTP/1.0" 301 710 "http://www.paiskincare.com/shopping-cart/" "Mozilla/5.0 (iPad; CPU OS 9_3_2 like Mac OS X) AppleWebKit/601.1.46 (KHTML, like Gecko) Version/9.0 Mobile/13F69 Safari/601.1"
78.129.161.54 - - [11/Aug/2016:14:04:27 +0100] "GET /account/login HTTP/1.0" 200 67998 "http://www.paiskincare.com/shopping-cart/" "Mozilla/5.0 (iPad; CPU OS 9_3_2 like Mac OS X) AppleWebKit/601.1.46 (KHTML, like Gecko) Version/9.0 Mobile/13F69 Safari/601.1"
78.129.161.54 - - [11/Aug/2016:14:04:56 +0100] "POST /index.php?main_page=login&action=process HTTP/1.0" 302 869 "https://www.paiskincare.com/account/login" "Mozilla/5.0 (iPad; CPU OS 9_3_2 like Mac OS X) AppleWebKit/601.1.46 (KHTML, like Gecko) Version/9.0 Mobile/13F69 Safari/601.1"
78.129.161.54 - - [11/Aug/2016:14:04:56 +0100] "GET /index.php?main_page=checkout_shipping HTTP/1.0" 301 714 "https://www.paiskincare.com/account/login" "Mozilla/5.0 (iPad; CPU OS 9_3_2 like Mac OS X) AppleWebKit/601.1.46 (KHTML, like Gecko) Version/9.0 Mobile/13F69 Safari/601.1"
78.129.161.54 - - [11/Aug/2016:14:04:56 +0100] "GET /checkout/shipping HTTP/1.0" 200 30778 "https://www.paiskincare.com/account/login" "Mozilla/5.0 (iPad; CPU OS 9_3_2 like Mac OS X) AppleWebKit/601.1.46 (KHTML, like Gecko) Version/9.0 Mobile/13F69 Safari/601.1"
78.129.161.54 - - [11/Aug/2016:14:05:25 +0100] "POST /index.php?main_page=checkout_shipping HTTP/1.0" 302 786 "https://www.paiskincare.com/checkout/shipping" "Mozilla/5.0 (iPad; CPU OS 9_3_2 like Mac OS X) AppleWebKit/601.1.46 (KHTML, like Gecko) Version/9.0 Mobile/13F69 Safari/601.1"
78.129.161.54 - - [11/Aug/2016:14:05:26 +0100] "GET /index.php?main_page=checkout_payment HTTP/1.0" 200 38355 "https://www.paiskincare.com/checkout/shipping" "Mozilla/5.0 (iPad; CPU OS 9_3_2 like Mac OS X) AppleWebKit/601.1.46 (KHTML, like Gecko) Version/9.0 Mobile/13F69 Safari/601.1"
78.129.161.54 - - [11/Aug/2016:14:06:09 +0100] "POST /index.php?main_page=checkout_confirmation HTTP/1.0" 200 34893 "https://www.paiskincare.com/index.php?main_page=checkout_payment" "Mozilla/5.0 (iPad; CPU OS 9_3_2 like Mac OS X) AppleWebKit/601.1.46 (KHTML, like Gecko) Version/9.0 Mobile/13F69 Safari/601.1"
207.46.13.36 - - [11/Aug/2016:14:06:19 +0100] "GET /moisturisers-1/ HTTP/1.0" 200 9665 "-" "Mozilla/5.0 (compatible; bingbot/2.0; +http://www.bing.com/bingbot.htm)"
78.129.161.54 - - [11/Aug/2016:14:06:19 +0100] "POST /index.php?main_page=checkout_process HTTP/1.0" 302 786 "https://www.paiskincare.com/index.php?main_page=checkout_confirmation" "Mozilla/5.0 (iPad; CPU OS 9_3_2 like Mac OS X) AppleWebKit/601.1.46 (KHTML, like Gecko) Version/9.0 Mobile/13F69 Safari/601.1"
78.129.161.54 - - [11/Aug/2016:14:06:24 +0100] "GET /index.php?main_page=checkout_success HTTP/1.0" 200 26982 "https://www.paiskincare.com/index.php?main_page=checkout_confirmation" "Mozilla/5.0 (iPad; CPU OS 9_3_2 like Mac OS X) AppleWebKit/601.1.46 (KHTML, like Gecko) Version/9.0 Mobile/13F69 Safari/601.1"
162.158.73.154 - - [11/Aug/2016:14:06:37 +0100] "POST /cto_osc_link.php HTTP/1.0" 200 1781 "-" "CarryTheOne"
108.162.244.84 - - [11/Aug/2016:14:07:57 +0100] "GET /index.php?main_page=product_info&products_id=95 HTTP/1.0" 301 769 "-" "Mozilla/5.0 (compatible; bingbot/2.0; +http://www.bing.com/bingbot.htm)"
78.129.161.54 - - [11/Aug/2016:14:09:22 +0100] "POST /cto_osc_link.php HTTP/1.0" 200 1389 "-" "CarryTheOne"
78.129.161.54 - - [11/Aug/2016:14:12:25 +0100] "GET /combination-blemish-prone-skin-19/ HTTP/1.0" 200 39265 "-" "Mozilla/5.0 (compatible; bingbot/2.0; +http://www.bing.com/bingbot.htm)"
78.129.161.54 - - [11/Aug/2016:14:12:26 +0100] "GET /pages/30-day-satisfaction-guarantee-146 HTTP/1.0" 200 35543 "-" "Mozilla/5.0 (compatible; bingbot/2.0; +http://www.bing.com/bingbot.htm)"
78.129.161.54 - - [11/Aug/2016:14:12:26 +0100] "GET /pages/trade-wholesale-enquiries-110 HTTP/1.0" 200 28434 "-" "Mozilla/5.0 (compatible; bingbot/2.0; +http://www.bing.com/bingbot.htm)"
78.129.161.54 - - [11/Aug/2016:14:12:27 +0100] "GET /eye-care-3/ HTTP/1.0" 200 32459 "-" "Mozilla/5.0 (compatible; bingbot/2.0; +http://www.bing.com/bingbot.htm)"
162.158.73.154 - - [11/Aug/2016:14:12:32 +0100] "POST /cto_osc_link.php HTTP/1.0" 200 1133 "-" "CarryTheOne"
78.129.161.54 - - [11/Aug/2016:14:15:21 +0100] "POST /cto_osc_link.php HTTP/1.0" 200 1389 "-" "CarryTheOne"
162.158.73.154 - - [11/Aug/2016:14:18:23 +0100] "POST /cto_osc_link.php HTTP/1.0" 200 1133 "-" "CarryTheOne"
78.129.161.54 - - [11/Aug/2016:14:21:20 +0100] "POST /cto_osc_link.php HTTP/1.0" 200 1389 "-" "CarryTheOne"
162.158.104.172 - - [11/Aug/2016:14:22:48 +0100] "GET /index.php?main_page=product_info&products_id=12 HTTP/1.0" 301 785 "-" "Mozilla/5.0 (compatible; bingbot/2.0; +http://www.bing.com/bingbot.htm)"
162.158.73.154 - - [11/Aug/2016:14:24:23 +0100] "POST /cto_osc_link.php HTTP/1.0" 200 1133 "-" "CarryTheOne"
80.1.182.99 - - [11/Aug/2016:14:25:10 +0100] "GET /monkey75/index.php HTTP/1.0" 401 1399 "-" "Mozilla/5.0 (Macintosh; Intel Mac OS X 10_11_6) AppleWebKit/537.36 (KHTML, like Gecko) Chrome/51.0.2704.106 Safari/537.36"
78.129.161.54 - admin123 [11/Aug/2016:14:25:13 +0100] "GET /monkey75/index.php HTTP/1.0" 302 6156 "-" "Mozilla/5.0 (Macintosh; Intel Mac OS X 10_11_6) AppleWebKit/537.36 (KHTML, like Gecko) Chrome/51.0.2704.106 Safari/537.36"
78.129.161.54 - admin123 [11/Aug/2016:14:25:13 +0100] "GET /monkey75/login.php?zenAdminID=ql1drannaulme94oljhfqfib63 HTTP/1.0" 200 1921 "-" "Mozilla/5.0 (Macintosh; Intel Mac OS X 10_11_6) AppleWebKit/537.36 (KHTML, like Gecko) Chrome/51.0.2704.106 Safari/537.36"
141.101.70.168 - admin123 [11/Aug/2016:14:25:13 +0100] "GET /monkey75/includes/stylesheet.css HTTP/1.0" 200 2443 "https://www.paiskincare.com/monkey75/login.php?zenAdminID=ql1drannaulme94oljhfqfib63" "Mozilla/5.0 (Macintosh; Intel Mac OS X 10_11_6) AppleWebKit/537.36 (KHTML, like Gecko) Chrome/51.0.2704.106 Safari/537.36"
162.158.152.220 - admin123 [11/Aug/2016:14:25:14 +0100] "GET /monkey75/includes/menu.css HTTP/1.0" 200 1272 "https://www.paiskincare.com/monkey75/login.php?zenAdminID=ql1drannaulme94oljhfqfib63" "Mozilla/5.0 (Macintosh; Intel Mac OS X 10_11_6) AppleWebKit/537.36 (KHTML, like Gecko) Chrome/51.0.2704.106 Safari/537.36"
141.101.70.228 - admin123 [11/Aug/2016:14:25:14 +0100] "GET /monkey75/includes/index.css HTTP/1.0" 200 1213 "https://www.paiskincare.com/monkey75/login.php?zenAdminID=ql1drannaulme94oljhfqfib63" "Mozilla/5.0 (Macintosh; Intel Mac OS X 10_11_6) AppleWebKit/537.36 (KHTML, like Gecko) Chrome/51.0.2704.106 Safari/537.36"
78.129.161.54 - - [11/Aug/2016:14:27:23 +0100] "POST /cto_osc_link.php HTTP/1.0" 200 1389 "-" "CarryTheOne"
78.129.161.54 - - [11/Aug/2016:14:27:40 +0100] "GET /pages/organic-certification-137 HTTP/1.0" 200 32594 "-" "Mozilla/5.0 (compatible; bingbot/2.0; +http://www.bing.com/bingbot.htm)"
78.129.161.54 - - [11/Aug/2016:14:27:41 +0100] "GET /pages/gift-guide-180 HTTP/1.0" 200 40605 "-" "Mozilla/5.0 (compatible; bingbot/2.0; +http://www.bing.com/bingbot.htm)"
207.46.13.28 - - [11/Aug/2016:14:28:44 +0100] "GET /pages/recruitment-138 HTTP/1.0" 200 8882 "-" "Mozilla/5.0 (compatible; bingbot/2.0; +http://www.bing.com/bingbot.htm)"
162.158.104.82 - - [11/Aug/2016:14:28:59 +0100] "GET /blog/category/diet-and-lifestyle/ HTTP/1.0" 301 958 "-" "Mozilla/5.0 (compatible; bingbot/2.0; +http://www.bing.com/bingbot.htm)"
207.46.13.28 - - [11/Aug/2016:14:29:28 +0100] "GET /masks-exfoliators-25/ HTTP/1.0" 200 9500 "-" "Mozilla/5.0 (compatible; bingbot/2.0; +http://www.bing.com/bingbot.htm)"
207.46.13.36 - - [11/Aug/2016:14:29:45 +0100] "GET /anti-redness-hypersensitive-18/ HTTP/1.0" 200 10148 "-" "Mozilla/5.0 (compatible; bingbot/2.0; +http://www.bing.com/bingbot.htm)"
78.129.161.54 - - [11/Aug/2016:14:29:57 +0100] "GET /petit-pai-35/ HTTP/1.0" 200 34626 "-" "Mozilla/5.0 (compatible; bingbot/2.0; +http://www.bing.com/bingbot.htm)"
78.129.161.54 - - [11/Aug/2016:14:29:58 +0100] "GET /pregnancy-28/ HTTP/1.0" 200 33332 "-" "Mozilla/5.0 (compatible; bingbot/2.0; +http://www.bing.com/bingbot.htm)"
78.129.161.54 - - [11/Aug/2016:14:29:59 +0100] "GET /pages/30-day-satisfaction-guarantee-146 HTTP/1.0" 200 35543 "-" "Mozilla/5.0 (compatible; bingbot/2.0; +http://www.bing.com/bingbot.htm)"
78.129.161.54 - - [11/Aug/2016:14:30:00 +0100] "GET /eye-care-3/ HTTP/1.0" 200 32459 "-" "Mozilla/5.0 (compatible; bingbot/2.0; +http://www.bing.com/bingbot.htm)"
162.158.73.154 - - [11/Aug/2016:14:30:24 +0100] "POST /cto_osc_link.php HTTP/1.0" 200 1133 "-" "CarryTheOne"
78.129.161.54 - - [11/Aug/2016:14:30:42 +0100] "GET /combination-blemish-prone-skin-19/ HTTP/1.0" 200 39265 "-" "Mozilla/5.0 (compatible; bingbot/2.0; +http://www.bing.com/bingbot.htm)"
78.129.161.54 - - [11/Aug/2016:14:30:43 +0100] "GET /pages/trade-wholesale-enquiries-110 HTTP/1.0" 200 28434 "-" "Mozilla/5.0 (compatible; bingbot/2.0; +http://www.bing.com/bingbot.htm)"
141.101.106.226 - - [11/Aug/2016:14:31:38 +0100] "GET /index.php?main_page=checkout_success HTTP/1.0" 302 1025 "https://www.paiskincare.com/index.php?main_page=checkout_confirmation" "Mozilla/5.0 (iPhone; CPU iPhone OS 9_3_3 like Mac OS X) AppleWebKit/601.1.46 (KHTML, like Gecko) Version/9.0 Mobile/13G34 Safari/601.1"
78.129.161.54 - - [11/Aug/2016:14:31:39 +0100] "GET /index.php?main_page=time_out&zenid=a0uddubvjv1qnq1uso125h5jn3 HTTP/1.0" 200 33411 "https://www.paiskincare.com/index.php?main_page=checkout_confirmation" "Mozilla/5.0 (iPhone; CPU iPhone OS 9_3_3 like Mac OS X) AppleWebKit/601.1.46 (KHTML, like Gecko) Version/9.0 Mobile/13G34 Safari/601.1"
207.46.13.36 - - [11/Aug/2016:14:31:46 +0100] "GET /psoriasis-24/ HTTP/1.0" 200 9616 "-" "Mozilla/5.0 (compatible; bingbot/2.0; +http://www.bing.com/bingbot.htm)"
78.129.161.54 - - [11/Aug/2016:14:32:32 +0100] "GET / HTTP/1.0" 200 30868 "-" "Mozilla/5.0 (iPhone; CPU iPhone OS 9_3_3 like Mac OS X) AppleWebKit/601.1.46 (KHTML, like Gecko) Version/9.0 Mobile/13G34 Safari/601.1"
207.46.13.28 - - [11/Aug/2016:14:32:39 +0100] "GET /pages/a-z-of-ingredients-46 HTTP/1.0" 200 9506 "-" "Mozilla/5.0 (compatible; bingbot/2.0; +http://www.bing.com/bingbot.htm)"
207.46.13.36 - - [11/Aug/2016:14:32:44 +0100] "GET /moisturisers-1/ HTTP/1.0" 200 9665 "-" "Mozilla/5.0 (compatible; bingbot/2.0; +http://www.bing.com/bingbot.htm)"
78.129.161.54 - - [11/Aug/2016:14:32:59 +0100] "GET /blog/category/industry-news/ HTTP/1.0" 301 944 "-" "Mozilla/5.0 (compatible; bingbot/2.0; +http://www.bing.com/bingbot.htm)"
78.129.161.54 - - [11/Aug/2016:14:33:25 +0100] "POST /cto_osc_link.php HTTP/1.0" 200 1389 "-" "CarryTheOne"
207.46.13.28 - - [11/Aug/2016:14:34:14 +0100] "GET /pages/about-pai-1 HTTP/1.0" 200 9321 "-" "Mozilla/5.0 (compatible; bingbot/2.0; +http://www.bing.com/bingbot.htm)"
78.129.161.54 - - [11/Aug/2016:14:35:59 +0100] "GET /index.php?main_page=product_info&products_id=12 HTTP/1.0" 301 653 "-" "Mozilla/5.0 (compatible; bingbot/2.0; +http://www.bing.com/bingbot.htm)"
162.158.73.154 - - [11/Aug/2016:14:36:20 +0100] "POST /cto_osc_link.php HTTP/1.0" 200 1133 "-" "CarryTheOne"
66.249.65.149 - - [11/Aug/2016:14:37:38 +0100] "GET /mask-duo-95 HTTP/1.0" 200 10048 "-" "Mozilla/5.0 (compatible; Googlebot/2.1; +http://www.google.com/bot.html)"
207.46.13.36 - - [11/Aug/2016:14:37:38 +0100] "GET /account/login HTTP/1.0" 302 843 "-" "Mozilla/5.0 (compatible; bingbot/2.0; +http://www.bing.com/bingbot.htm)"
78.129.161.54 - - [11/Aug/2016:14:37:41 +0100] "GET /index.php?main_page=cookie_usage HTTP/1.0" 200 32363 "-" "Mozilla/5.0 (compatible; bingbot/2.0; +http://www.bing.com/bingbot.htm)"
78.129.161.54 - - [11/Aug/2016:14:37:45 +0100] "GET /hand-body-17/ HTTP/1.0" 200 35009 "-" "Mozilla/5.0 (compatible; bingbot/2.0; +http://www.bing.com/bingbot.htm)"
78.129.161.54 - - [11/Aug/2016:14:37:47 +0100] "GET /gift-store-5/ HTTP/1.0" 200 33978 "-" "Mozilla/5.0 (compatible; bingbot/2.0; +http://www.bing.com/bingbot.htm)"
207.46.13.28 - - [11/Aug/2016:14:38:20 +0100] "GET /pages/contact-us-155 HTTP/1.0" 200 8521 "-" "Mozilla/5.0 (compatible; bingbot/2.0; +http://www.bing.com/bingbot.htm)"
207.46.13.36 - - [11/Aug/2016:14:38:16 +0100] "GET /eczema-16/ HTTP/1.0" 200 9839 "-" "Mozilla/5.0 (compatible; bingbot/2.0; +http://www.bing.com/bingbot.htm)"
78.129.161.54 - - [11/Aug/2016:14:38:27 +0100] "GET /pages/sensitive-skincare-109 HTTP/1.0" 200 32746 "-" "Mozilla/5.0 (compatible; bingbot/2.0; +http://www.bing.com/bingbot.htm)"
78.129.161.54 - - [11/Aug/2016:14:38:27 +0100] "GET /pages/30-day-money-back-guarantee-146 HTTP/1.0" 301 665 "-" "Mozilla/5.0 (compatible; bingbot/2.0; +http://www.bing.com/bingbot.htm)"
78.129.161.54 - - [11/Aug/2016:14:38:29 +0100] "GET /pages/organic-facials-for-sensitive-skin-150 HTTP/1.0" 200 33171 "-" "Mozilla/5.0 (compatible; bingbot/2.0; +http://www.bing.com/bingbot.htm)"
207.46.13.36 - - [11/Aug/2016:14:38:49 +0100] "GET /cleanse-tone-2/ HTTP/1.0" 200 9561 "-" "Mozilla/5.0 (compatible; bingbot/2.0; +http://www.bing.com/bingbot.htm)"
108.162.244.138 - - [11/Aug/2016:14:39:06 +0100] "GET /blog/tag/live-web-chat/ HTTP/1.0" 301 956 "-" "Mozilla/5.0 (compatible; Yahoo! Slurp; http://help.yahoo.com/help/us/ysearch/slurp)"
207.46.13.36 - - [11/Aug/2016:14:39:20 +0100] "GET /travel-kits-7/ HTTP/1.0" 200 8979 "-" "Mozilla/5.0 (compatible; bingbot/2.0; +http://www.bing.com/bingbot.htm)"
78.129.161.54 - - [11/Aug/2016:14:39:21 +0100] "POST /cto_osc_link.php HTTP/1.0" 200 1389 "-" "CarryTheOne"
162.158.104.202 - - [11/Aug/2016:14:39:43 +0100] "GET /blog/category/pai-news-and-press/ HTTP/1.0" 301 949 "-" "Mozilla/5.0 (compatible; bingbot/2.0; +http://www.bing.com/bingbot.htm)"
157.55.39.47 - - [11/Aug/2016:14:39:44 +0100] "GET /pages/pai-affiliate-program-earn-10-commission-on-referred-sales-142 HTTP/1.0" 200 9453 "-" "Mozilla/5.0 (compatible; bingbot/2.0; +http://www.bing.com/bingbot.htm)"
78.129.161.54 - - [11/Aug/2016:14:39:45 +0100] "GET /contact-dermatitis-23/ HTTP/1.0" 200 37193 "-" "Mozilla/5.0 (compatible; bingbot/2.0; +http://www.bing.com/bingbot.htm)"
78.129.161.54 - - [11/Aug/2016:14:40:18 +0100] "GET /blog/made-in-london/ HTTP/1.0" 301 946 "-" "Mozilla/5.0 (compatible; bingbot/2.0; +http://www.bing.com/bingbot.htm)"
162.158.73.154 - - [11/Aug/2016:14:42:23 +0100] "POST /cto_osc_link.php HTTP/1.0" 200 1133 "-" "CarryTheOne"
157.55.39.47 - - [11/Aug/2016:14:44:54 +0100] "GET /gift-store-5/ HTTP/1.0" 200 9247 "-" "Mozilla/5.0 (compatible; bingbot/2.0; +http://www.bing.com/bingbot.htm)"
78.129.161.54 - - [11/Aug/2016:14:45:19 +0100] "POST /cto_osc_link.php HTTP/1.0" 200 1389 "-" "CarryTheOne"
162.158.73.154 - - [11/Aug/2016:14:48:21 +0100] "POST /cto_osc_link.php HTTP/1.0" 200 1133 "-" "CarryTheOne"
66.249.65.149 - - [11/Aug/2016:14:49:58 +0100] "GET / HTTP/1.0" 200 9259 "-" "Mozilla/5.0 (compatible; Googlebot/2.1; +http://www.google.com/bot.html)"
78.129.161.54 - - [11/Aug/2016:14:51:21 +0100] "POST /cto_osc_link.php HTTP/1.0" 200 1389 "-" "CarryTheOne"
108.162.244.138 - - [11/Aug/2016:14:54:01 +0100] "GET /blog/tag/mini/ HTTP/1.0" 301 941 "-" "Mozilla/5.0 (compatible; Yahoo! Slurp; http://help.yahoo.com/help/us/ysearch/slurp)"
157.55.39.47 - - [11/Aug/2016:14:54:19 +0100] "GET /pages/sensitive-skincare-109 HTTP/1.0" 200 9464 "-" "Mozilla/5.0 (compatible; bingbot/2.0; +http://www.bing.com/bingbot.htm)"
162.158.73.154 - - [11/Aug/2016:14:54:22 +0100] "POST /cto_osc_link.php HTTP/1.0" 200 1133 "-" "CarryTheOne"
78.129.161.54 - - [11/Aug/2016:14:57:23 +0100] "POST /cto_osc_link.php HTTP/1.0" 200 1389 "-" "CarryTheOne"
162.158.73.154 - - [11/Aug/2016:15:00:22 +0100] "POST /cto_osc_link.php HTTP/1.0" 200 1133 "-" "CarryTheOne"
82.3.29.119 - - [11/Aug/2016:15:00:53 +0100] "GET /monkey75/login.php?zenAdminID=sr24o2i4rrs65omc7rdum2kf62 HTTP/1.0" 401 1399 "-" "Mozilla/5.0 (Macintosh; Intel Mac OS X 10_11_5) AppleWebKit/537.36 (KHTML, like Gecko) Chrome/52.0.2743.116 Safari/537.36"
78.129.161.54 - admin123 [11/Aug/2016:15:00:55 +0100] "GET /monkey75/login.php?zenAdminID=sr24o2i4rrs65omc7rdum2kf62 HTTP/1.0" 200 1997 "-" "Mozilla/5.0 (Macintosh; Intel Mac OS X 10_11_5) AppleWebKit/537.36 (KHTML, like Gecko) Chrome/52.0.2743.116 Safari/537.36"
141.101.70.168 - admin123 [11/Aug/2016:15:00:55 +0100] "GET /monkey75/includes/stylesheet.css HTTP/1.0" 200 2443 "https://www.paiskincare.com/monkey75/login.php?zenAdminID=sr24o2i4rrs65omc7rdum2kf62" "Mozilla/5.0 (Macintosh; Intel Mac OS X 10_11_5) AppleWebKit/537.36 (KHTML, like Gecko) Chrome/52.0.2743.116 Safari/537.36"
78.129.161.54 - admin123 [11/Aug/2016:15:00:55 +0100] "GET /monkey75/includes/index.css HTTP/1.0" 200 1655 "https://www.paiskincare.com/monkey75/login.php?zenAdminID=sr24o2i4rrs65omc7rdum2kf62" "Mozilla/5.0 (Macintosh; Intel Mac OS X 10_11_5) AppleWebKit/537.36 (KHTML, like Gecko) Chrome/52.0.2743.116 Safari/537.36"
162.158.152.220 - admin123 [11/Aug/2016:15:00:55 +0100] "GET /monkey75/includes/menu.css HTTP/1.0" 200 1272 "https://www.paiskincare.com/monkey75/login.php?zenAdminID=sr24o2i4rrs65omc7rdum2kf62" "Mozilla/5.0 (Macintosh; Intel Mac OS X 10_11_5) AppleWebKit/537.36 (KHTML, like Gecko) Chrome/52.0.2743.116 Safari/537.36"
78.129.161.54 - admin123 [11/Aug/2016:15:00:58 +0100] "POST /monkey75/login.php?zenAdminID=sr24o2i4rrs65omc7rdum2kf62 HTTP/1.0" 302 840 "https://www.paiskincare.com/monkey75/login.php?zenAdminID=sr24o2i4rrs65omc7rdum2kf62" "Mozilla/5.0 (Macintosh; Intel Mac OS X 10_11_5) AppleWebKit/537.36 (KHTML, like Gecko) Chrome/52.0.2743.116 Safari/537.36"
78.129.161.54 - admin123 [11/Aug/2016:15:00:58 +0100] "GET /monkey75/index.php?zenAdminID=5lk5midh27jqj2m76mnvkdkqh1 HTTP/1.0" 200 26622 "https://www.paiskincare.com/monkey75/login.php?zenAdminID=sr24o2i4rrs65omc7rdum2kf62" "Mozilla/5.0 (Macintosh; Intel Mac OS X 10_11_5) AppleWebKit/537.36 (KHTML, like Gecko) Chrome/52.0.2743.116 Safari/537.36"
162.158.152.40 - admin123 [11/Aug/2016:15:00:58 +0100] "GET /monkey75/includes/cssjsmenuhover.css HTTP/1.0" 200 889 "https://www.paiskincare.com/monkey75/index.php?zenAdminID=5lk5midh27jqj2m76mnvkdkqh1" "Mozilla/5.0 (Macintosh; Intel Mac OS X 10_11_5) AppleWebKit/537.36 (KHTML, like Gecko) Chrome/52.0.2743.116 Safari/537.36"
162.158.152.22 - admin123 [11/Aug/2016:15:00:58 +0100] "GET /monkey75/images/icons/warning.gif HTTP/1.0" 200 788 "https://www.paiskincare.com/monkey75/index.php?zenAdminID=5lk5midh27jqj2m76mnvkdkqh1" "Mozilla/5.0 (Macintosh; Intel Mac OS X 10_11_5) AppleWebKit/537.36 (KHTML, like Gecko) Chrome/52.0.2743.116 Safari/537.36"
141.101.106.124 - admin123 [11/Aug/2016:15:00:58 +0100] "GET /monkey75/includes/menu.js HTTP/1.0" 200 10261 "https://www.paiskincare.com/monkey75/index.php?zenAdminID=5lk5midh27jqj2m76mnvkdkqh1" "Mozilla/5.0 (Macintosh; Intel Mac OS X 10_11_5) AppleWebKit/537.36 (KHTML, like Gecko) Chrome/52.0.2743.116 Safari/537.36"
78.129.161.54 - admin123 [11/Aug/2016:15:00:59 +0100] "GET /monkey75/includes/languages/english/images/buttons/button_reset.gif HTTP/1.0" 200 1034 "https://www.paiskincare.com/monkey75/index.php?zenAdminID=5lk5midh27jqj2m76mnvkdkqh1" "Mozilla/5.0 (Macintosh; Intel Mac OS X 10_11_5) AppleWebKit/537.36 (KHTML, like Gecko) Chrome/52.0.2743.116 Safari/537.36"
162.158.153.100 - admin123 [11/Aug/2016:15:00:59 +0100] "GET /monkey75/images/logo.gif HTTP/1.0" 200 2824 "https://www.paiskincare.com/monkey75/index.php?zenAdminID=5lk5midh27jqj2m76mnvkdkqh1" "Mozilla/5.0 (Macintosh; Intel Mac OS X 10_11_5) AppleWebKit/537.36 (KHTML, like Gecko) Chrome/52.0.2743.116 Safari/537.36"
141.101.70.180 - admin123 [11/Aug/2016:15:00:59 +0100] "GET /monkey75/images/small_zen_logo.gif HTTP/1.0" 200 1818 "https://www.paiskincare.com/monkey75/index.php?zenAdminID=5lk5midh27jqj2m76mnvkdkqh1" "Mozilla/5.0 (Macintosh; Intel Mac OS X 10_11_5) AppleWebKit/537.36 (KHTML, like Gecko) Chrome/52.0.2743.116 Safari/537.36"
78.129.161.54 - - [11/Aug/2016:15:03:22 +0100] "POST /cto_osc_link.php HTTP/1.0" 200 1389 "-" "CarryTheOne"
157.55.39.47 - - [11/Aug/2016:15:05:00 +0100] "GET /pages/pai-affiliate-program-earn-10-commission-on-referred-sales-142 HTTP/1.0" 200 9453 "-" "Mozilla/5.0 (compatible; bingbot/2.0; +http://www.bing.com/bingbot.htm)"
207.46.13.36 - - [11/Aug/2016:15:05:01 +0100] "GET /travel-kits-7/ HTTP/1.0" 200 8979 "-" "Mozilla/5.0 (compatible; bingbot/2.0; +http://www.bing.com/bingbot.htm)"
162.158.73.154 - - [11/Aug/2016:15:06:21 +0100] "POST /cto_osc_link.php HTTP/1.0" 200 1133 "-" "CarryTheOne"
207.46.13.36 - - [11/Aug/2016:15:07:40 +0100] "GET /account/login HTTP/1.0" 302 843 "-" "Mozilla/5.0 (compatible; bingbot/2.0; +http://www.bing.com/bingbot.htm)"
108.162.244.108 - - [11/Aug/2016:15:07:42 +0100] "GET /index.php?main_page=cookie_usage HTTP/1.0" 200 9107 "-" "Mozilla/5.0 (compatible; bingbot/2.0; +http://www.bing.com/bingbot.htm)"
207.46.13.28 - - [11/Aug/2016:15:08:13 +0100] "GET /pages/contact-us-155 HTTP/1.0" 200 8521 "-" "Mozilla/5.0 (compatible; bingbot/2.0; +http://www.bing.com/bingbot.htm)"
78.129.161.54 - - [11/Aug/2016:15:09:22 +0100] "POST /cto_osc_link.php HTTP/1.0" 200 1389 "-" "CarryTheOne"
78.129.161.54 - - [11/Aug/2016:15:09:27 +0100] "GET /pages/30-day-money-back-guarantee-146 HTTP/1.0" 301 665 "-" "Mozilla/5.0 (compatible; bingbot/2.0; +http://www.bing.com/bingbot.htm)"
78.129.161.54 - - [11/Aug/2016:15:11:31 +0100] "GET /pages/organic-facials-for-sensitive-skin-150 HTTP/1.0" 200 33171 "-" "Mozilla/5.0 (compatible; bingbot/2.0; +http://www.bing.com/bingbot.htm)"
162.158.73.154 - - [11/Aug/2016:15:12:24 +0100] "POST /cto_osc_link.php HTTP/1.0" 200 6449 "-" "CarryTheOne"
