78.129.161.54 - - [06/Aug/2016:15:49:43 +0100] "POST /index.php?main_page=checkout_success HTTP/1.0" 200 26528 "https://www.paiskincare.com/index.php?main_page=checkout_success" "Mozilla/5.0 (Macintosh; Intel Mac OS X 10_10_5) AppleWebKit/601.7.7 (KHTML, like Gecko) Version/9.1.2 Safari/601.7.7"
78.129.161.54 - - [06/Aug/2016:15:49:56 +0100] "GET /log-off HTTP/1.0" 302 776 "https://www.paiskincare.com/index.php?main_page=checkout_success" "Mozilla/5.0 (Macintosh; Intel Mac OS X 10_10_5) AppleWebKit/601.7.7 (KHTML, like Gecko) Version/9.1.2 Safari/601.7.7"
78.129.161.54 - - [06/Aug/2016:15:49:56 +0100] "GET /index.php?main_page=logoff HTTP/1.0" 301 704 "https://www.paiskincare.com/index.php?main_page=checkout_success" "Mozilla/5.0 (Macintosh; Intel Mac OS X 10_10_5) AppleWebKit/601.7.7 (KHTML, like Gecko) Version/9.1.2 Safari/601.7.7"
78.129.161.54 - - [06/Aug/2016:15:49:56 +0100] "GET /log-off HTTP/1.0" 200 30778 "https://www.paiskincare.com/index.php?main_page=checkout_success" "Mozilla/5.0 (Macintosh; Intel Mac OS X 10_10_5) AppleWebKit/601.7.7 (KHTML, like Gecko) Version/9.1.2 Safari/601.7.7"
78.129.161.54 - - [06/Aug/2016:15:51:16 +0100] "POST /cto_osc_link.php HTTP/1.0" 200 3064 "-" "CarryTheOne"
141.101.64.142 - - [06/Aug/2016:15:52:13 +0100] "GET /blog/tag/hand-cream/ HTTP/1.0" 301 950 "-" "Mozilla/5.0 (compatible; AhrefsBot/5.1; +http://ahrefs.com/robot/)"
162.158.73.154 - - [06/Aug/2016:15:54:17 +0100] "POST /cto_osc_link.php HTTP/1.0" 200 1133 "-" "CarryTheOne"
78.129.161.54 - - [06/Aug/2016:15:57:17 +0100] "POST /cto_osc_link.php HTTP/1.0" 200 1389 "-" "CarryTheOne"
162.158.73.154 - - [06/Aug/2016:16:00:17 +0100] "POST /cto_osc_link.php HTTP/1.0" 200 1133 "-" "CarryTheOne"
173.252.95.14 - - [06/Aug/2016:16:02:03 +0100] "GET /pages/company-history-2 HTTP/1.0" 200 9746 "-" "Mozilla/5.0 (compatible; FatBot 2.0; http://www.thefind.com/crawler)"
162.158.108.202 - - [06/Aug/2016:16:02:04 +0100] "GET /blog/tag/almonds/feed/ HTTP/1.0" 301 953 "-" "Mozilla/5.0 (compatible; AhrefsBot/5.1; +http://ahrefs.com/robot/)"
78.129.161.54 - - [06/Aug/2016:16:03:20 +0100] "POST /cto_osc_link.php HTTP/1.0" 200 1389 "-" "CarryTheOne"
40.77.167.104 - - [06/Aug/2016:16:05:37 +0100] "GET /gift-store-5/ HTTP/1.0" 200 9247 "-" "Mozilla/5.0 (compatible; bingbot/2.0; +http://www.bing.com/bingbot.htm)"
162.158.73.154 - - [06/Aug/2016:16:06:18 +0100] "POST /cto_osc_link.php HTTP/1.0" 200 1133 "-" "CarryTheOne"
78.129.161.54 - - [06/Aug/2016:16:07:24 +0100] "GET /blog/tag/flu/ HTTP/1.0" 301 932 "-" "Mozilla/5.0 (compatible; Yahoo! Slurp; http://help.yahoo.com/help/us/ysearch/slurp)"
78.129.161.54 - - [06/Aug/2016:16:07:24 +0100] "GET /blog/category/skin-focus/page/19/ HTTP/1.0" 301 960 "-" "Mozilla/5.0 (compatible; Yahoo! Slurp; http://help.yahoo.com/help/us/ysearch/slurp)"
78.129.161.54 - - [06/Aug/2016:16:09:17 +0100] "POST /cto_osc_link.php HTTP/1.0" 200 1389 "-" "CarryTheOne"
162.158.73.154 - - [06/Aug/2016:16:12:17 +0100] "POST /cto_osc_link.php HTTP/1.0" 200 1133 "-" "CarryTheOne"
78.129.161.54 - - [06/Aug/2016:16:15:15 +0100] "POST /cto_osc_link.php HTTP/1.0" 200 1389 "-" "CarryTheOne"
141.101.64.142 - - [06/Aug/2016:16:16:35 +0100] "GET /blog/2013/01/21/how-to-beat-crows-feet/ HTTP/1.0" 301 983 "-" "Mozilla/5.0 (compatible; AhrefsBot/5.1; +http://ahrefs.com/robot/)"
78.129.161.54 - - [06/Aug/2016:16:16:49 +0100] "GET /pages/sensitive-skincare-109 HTTP/1.0" 200 32746 "-" "Mozilla/5.0 (compatible; bingbot/2.0; +http://www.bing.com/bingbot.htm)"
162.158.73.154 - - [06/Aug/2016:16:18:17 +0100] "POST /cto_osc_link.php HTTP/1.0" 200 1133 "-" "CarryTheOne"
162.158.108.196 - - [06/Aug/2016:16:21:09 +0100] "GET /blog/tag/soy-bean/ HTTP/1.0" 301 948 "-" "Mozilla/5.0 (compatible; AhrefsBot/5.1; +http://ahrefs.com/robot/)"
78.129.161.54 - - [06/Aug/2016:16:21:16 +0100] "POST /cto_osc_link.php HTTP/1.0" 200 1389 "-" "CarryTheOne"
162.158.73.154 - - [06/Aug/2016:16:24:17 +0100] "POST /cto_osc_link.php HTTP/1.0" 200 1133 "-" "CarryTheOne"
40.77.167.104 - - [06/Aug/2016:16:26:26 +0100] "GET /pages/pai-affiliate-program-earn-10-commission-on-referred-sales-142 HTTP/1.0" 200 9453 "-" "Mozilla/5.0 (compatible; bingbot/2.0; +http://www.bing.com/bingbot.htm)"
78.129.161.54 - - [06/Aug/2016:16:27:17 +0100] "POST /cto_osc_link.php HTTP/1.0" 200 1389 "-" "CarryTheOne"
78.129.161.54 - - [06/Aug/2016:16:28:36 +0100] "GET /account/login HTTP/1.0" 302 711 "http://www.paiskincare.com/" "Mozilla/5.0 (compatible; electricmonk/3.2.0 +https://www.duedil.com/our-crawler/)"
78.129.161.54 - - [06/Aug/2016:16:28:40 +0100] "GET /index.php?main_page=cookie_usage HTTP/1.0" 200 32363 "https://www.paiskincare.com/account/login" "Mozilla/5.0 (compatible; electricmonk/3.2.0 +https://www.duedil.com/our-crawler/)"
207.46.13.153 - - [06/Aug/2016:16:28:55 +0100] "GET /travel-kits-7/ HTTP/1.0" 200 8979 "-" "Mozilla/5.0 (compatible; bingbot/2.0; +http://www.bing.com/bingbot.htm)"
162.158.73.154 - - [06/Aug/2016:16:30:17 +0100] "POST /cto_osc_link.php HTTP/1.0" 200 1133 "-" "CarryTheOne"
108.162.244.138 - - [06/Aug/2016:16:31:39 +0100] "GET /blog/tag/bbc/ HTTP/1.0" 301 939 "-" "Mozilla/5.0 (compatible; Yahoo! Slurp; http://help.yahoo.com/help/us/ysearch/slurp)"
78.129.161.54 - - [06/Aug/2016:16:33:15 +0100] "POST /cto_osc_link.php HTTP/1.0" 200 1389 "-" "CarryTheOne"
78.129.161.54 - - [06/Aug/2016:16:33:31 +0100] "GET /account/login HTTP/1.0" 302 711 "-" "Mozilla/5.0 (compatible; bingbot/2.0; +http://www.bing.com/bingbot.htm)"
108.162.244.108 - - [06/Aug/2016:16:33:33 +0100] "GET /index.php?main_page=cookie_usage HTTP/1.0" 200 9107 "-" "Mozilla/5.0 (compatible; bingbot/2.0; +http://www.bing.com/bingbot.htm)"
78.129.161.54 - - [06/Aug/2016:16:34:53 +0100] "GET /pages/30-day-money-back-guarantee-146 HTTP/1.0" 301 665 "-" "Mozilla/5.0 (compatible; bingbot/2.0; +http://www.bing.com/bingbot.htm)"
78.129.161.54 - - [06/Aug/2016:16:34:59 +0100] "GET /pages/contact-us-155 HTTP/1.0" 200 28735 "-" "Mozilla/5.0 (compatible; bingbot/2.0; +http://www.bing.com/bingbot.htm)"
78.129.161.54 - - [06/Aug/2016:16:35:47 +0100] "GET / HTTP/1.0" 200 30804 "-" "Mozilla/5.0 (compatible; AhrefsBot/5.1; +http://ahrefs.com/robot/)"
162.158.73.154 - - [06/Aug/2016:16:36:17 +0100] "POST /cto_osc_link.php HTTP/1.0" 200 1133 "-" "CarryTheOne"
148.252.129.244 - - [06/Aug/2016:16:36:44 +0100] "GET /cleanse-tone-2/ HTTP/1.0" 200 9832 "https://www.paiskincare.com/moisturisers-1/" "Mozilla/5.0 (iPhone; CPU iPhone OS 9_3_2 like Mac OS X) AppleWebKit/601.1.46 (KHTML, like Gecko) Version/9.0 Mobile/13F69 Safari/601.1"
78.129.161.54 - - [06/Aug/2016:16:39:16 +0100] "POST /cto_osc_link.php HTTP/1.0" 200 1389 "-" "CarryTheOne"
78.129.161.54 - - [06/Aug/2016:16:40:09 +0100] "GET /pages/organic-facials-for-sensitive-skin-150 HTTP/1.0" 200 33171 "-" "Mozilla/5.0 (compatible; bingbot/2.0; +http://www.bing.com/bingbot.htm)"
162.158.73.154 - - [06/Aug/2016:16:42:18 +0100] "POST /cto_osc_link.php HTTP/1.0" 200 1133 "-" "CarryTheOne"
108.162.244.138 - - [06/Aug/2016:16:44:59 +0100] "GET /blog/tag/victoria-beckham/ HTTP/1.0" 301 6277 "-" "Mozilla/5.0 (compatible; Yahoo! Slurp; http://help.yahoo.com/help/us/ysearch/slurp)"
78.129.161.54 - - [06/Aug/2016:16:45:15 +0100] "POST /cto_osc_link.php HTTP/1.0" 200 1389 "-" "CarryTheOne"
162.158.153.46 - - [06/Aug/2016:16:45:39 +0100] "GET /index.php?main_page=signup_success HTTP/1.0" 200 8464 "https://www.paiskincare.com/index.php?main_page=checkout_success" "Mozilla/5.0 (iPad; CPU OS 9_3_3 like Mac OS X) AppleWebKit/601.1.46 (KHTML, like Gecko) Version/9.0 Mobile/13G34 Safari/601.1"
207.46.13.153 - - [06/Aug/2016:16:46:10 +0100] "GET /eczema-16/ HTTP/1.0" 200 9839 "-" "Mozilla/5.0 (compatible; bingbot/2.0; +http://www.bing.com/bingbot.htm)"
162.158.73.154 - - [06/Aug/2016:16:48:27 +0100] "POST /cto_osc_link.php HTTP/1.0" 200 1133 "-" "CarryTheOne"
162.158.104.196 - - [06/Aug/2016:16:48:36 +0100] "GET /blog/category/skin-focus/ HTTP/1.0" 301 949 "-" "Mozilla/5.0 (compatible; bingbot/2.0; +http://www.bing.com/bingbot.htm)"
207.46.13.174 - - [06/Aug/2016:16:48:39 +0100] "GET /signs-of-ageing-26/ HTTP/1.0" 200 10184 "-" "Mozilla/5.0 (compatible; bingbot/2.0; +http://www.bing.com/bingbot.htm)"
207.46.13.174 - - [06/Aug/2016:16:48:51 +0100] "GET /pages/what-s-not-in-pai-45 HTTP/1.0" 200 9997 "-" "Mozilla/5.0 (compatible; bingbot/2.0; +http://www.bing.com/bingbot.htm)"
207.46.13.153 - - [06/Aug/2016:16:49:57 +0100] "GET /cleanse-tone-2/ HTTP/1.0" 200 9561 "-" "Mozilla/5.0 (compatible; bingbot/2.0; +http://www.bing.com/bingbot.htm)"
40.77.167.104 - - [06/Aug/2016:16:50:21 +0100] "GET /contact-dermatitis-23/ HTTP/1.0" 200 9789 "-" "Mozilla/5.0 (compatible; bingbot/2.0; +http://www.bing.com/bingbot.htm)"
68.180.228.155 - - [06/Aug/2016:16:50:55 +0100] "GET /pages/camellia-oil-77 HTTP/1.0" 200 8713 "-" "Mozilla/5.0 (compatible; Yahoo! Slurp; http://help.yahoo.com/help/us/ysearch/slurp)"
173.245.63.134 - - [06/Aug/2016:16:51:16 +0100] "GET /blog/made-in-london/ HTTP/1.0" 301 951 "-" "Mozilla/5.0 (compatible; bingbot/2.0; +http://www.bing.com/bingbot.htm)"
78.129.161.54 - - [06/Aug/2016:16:51:18 +0100] "POST /cto_osc_link.php HTTP/1.0" 200 1389 "-" "CarryTheOne"
78.129.161.54 - - [06/Aug/2016:16:52:20 +0100] "GET /blog/category/pai-news-and-press/ HTTP/1.0" 301 944 "-" "Mozilla/5.0 (compatible; bingbot/2.0; +http://www.bing.com/bingbot.htm)"
162.158.73.154 - - [06/Aug/2016:16:54:18 +0100] "POST /cto_osc_link.php HTTP/1.0" 200 1133 "-" "CarryTheOne"
78.129.161.54 - - [06/Aug/2016:16:57:15 +0100] "POST /cto_osc_link.php HTTP/1.0" 200 1389 "-" "CarryTheOne"
207.46.13.153 - - [06/Aug/2016:16:57:40 +0100] "GET /urticaria-22/ HTTP/1.0" 200 9532 "-" "Mozilla/5.0 (compatible; bingbot/2.0; +http://www.bing.com/bingbot.htm)"
162.158.108.196 - - [06/Aug/2016:16:59:40 +0100] "GET /blog/2015/10/15/should-we-be-using-standing-up-desks-to-work/ HTTP/1.0" 301 1019 "-" "Mozilla/5.0 (compatible; AhrefsBot/5.1; +http://ahrefs.com/robot/)"
162.158.73.154 - - [06/Aug/2016:17:00:17 +0100] "POST /cto_osc_link.php HTTP/1.0" 200 1133 "-" "CarryTheOne"
78.129.161.54 - - [06/Aug/2016:17:03:17 +0100] "POST /cto_osc_link.php HTTP/1.0" 200 1389 "-" "CarryTheOne"
162.158.73.154 - - [06/Aug/2016:17:06:19 +0100] "POST /cto_osc_link.php HTTP/1.0" 200 1133 "-" "CarryTheOne"
78.129.161.54 - - [06/Aug/2016:17:09:18 +0100] "POST /cto_osc_link.php HTTP/1.0" 200 1389 "-" "CarryTheOne"
141.101.64.142 - - [06/Aug/2016:17:09:37 +0100] "GET /blog/tag/eating/feed/ HTTP/1.0" 301 951 "-" "Mozilla/5.0 (compatible; AhrefsBot/5.1; +http://ahrefs.com/robot/)"
162.158.73.154 - - [06/Aug/2016:17:12:18 +0100] "POST /cto_osc_link.php HTTP/1.0" 200 1133 "-" "CarryTheOne"
108.162.228.154 - - [06/Aug/2016:17:14:31 +0100] "GET /blog/tag/cleanser/ HTTP/1.0" 301 947 "-" "Mozilla/5.0 (compatible; AhrefsBot/5.1; +http://ahrefs.com/robot/)"
78.129.161.54 - - [06/Aug/2016:17:15:17 +0100] "POST /cto_osc_link.php HTTP/1.0" 200 1389 "-" "CarryTheOne"
78.129.161.54 - - [06/Aug/2016:17:17:31 +0100] "GET /index.php?main_page=checkout_success HTTP/1.0" 302 893 "-" "Mozilla/5.0 (Linux; Android 5.0; SM-N9005 Build/LRX21V) AppleWebKit/537.36 (KHTML, like Gecko) Chrome/51.0.2704.81 Mobile Safari/537.36"
78.129.161.54 - - [06/Aug/2016:17:17:31 +0100] "GET /index.php?main_page=time_out&zenid=72fk9tclughc1pp2eq1s9e2bb2 HTTP/1.0" 200 33411 "-" "Mozilla/5.0 (Linux; Android 5.0; SM-N9005 Build/LRX21V) AppleWebKit/537.36 (KHTML, like Gecko) Chrome/51.0.2704.81 Mobile Safari/537.36"
108.162.244.138 - - [06/Aug/2016:17:18:09 +0100] "GET /blog/2011/05/03/%e2%80%98my-hands-get-so-dry-from-washing-up-that-the-skin-cracks-how-can-i-stop-that-happening%e2%80%99/feed/ HTTP/1.0" 301 1127 "-" "Mozilla/5.0 (compatible; Yahoo! Slurp; http://help.yahoo.com/help/us/ysearch/slurp)"
162.158.73.154 - - [06/Aug/2016:17:18:18 +0100] "POST /cto_osc_link.php HTTP/1.0" 200 1133 "-" "CarryTheOne"
78.129.161.54 - - [06/Aug/2016:17:21:18 +0100] "POST /cto_osc_link.php HTTP/1.0" 200 6705 "-" "CarryTheOne"
162.158.73.154 - - [06/Aug/2016:17:24:18 +0100] "POST /cto_osc_link.php HTTP/1.0" 200 1133 "-" "CarryTheOne"
78.129.161.54 - - [06/Aug/2016:17:27:22 +0100] "POST /cto_osc_link.php HTTP/1.0" 200 1389 "-" "CarryTheOne"
162.158.73.154 - - [06/Aug/2016:17:30:22 +0100] "POST /cto_osc_link.php HTTP/1.0" 200 1133 "-" "CarryTheOne"
78.129.161.54 - - [06/Aug/2016:17:33:18 +0100] "POST /cto_osc_link.php HTTP/1.0" 200 1389 "-" "CarryTheOne"
162.158.73.154 - - [06/Aug/2016:17:36:20 +0100] "POST /cto_osc_link.php HTTP/1.0" 200 1133 "-" "CarryTheOne"
78.129.161.54 - - [06/Aug/2016:17:39:19 +0100] "POST /cto_osc_link.php HTTP/1.0" 200 1389 "-" "CarryTheOne"
162.158.73.154 - - [06/Aug/2016:17:42:19 +0100] "POST /cto_osc_link.php HTTP/1.0" 200 6449 "-" "CarryTheOne"
78.129.161.54 - - [06/Aug/2016:17:45:17 +0100] "POST /cto_osc_link.php HTTP/1.0" 200 1389 "-" "CarryTheOne"
162.158.73.154 - - [06/Aug/2016:17:48:17 +0100] "POST /cto_osc_link.php HTTP/1.0" 200 1133 "-" "CarryTheOne"
141.101.64.142 - - [06/Aug/2016:17:48:23 +0100] "GET /blog/tag/offers/feed/ HTTP/1.0" 301 952 "-" "Mozilla/5.0 (compatible; AhrefsBot/5.1; +http://ahrefs.com/robot/)"
78.129.161.54 - - [06/Aug/2016:17:51:16 +0100] "POST /cto_osc_link.php HTTP/1.0" 200 1389 "-" "CarryTheOne"
162.158.73.154 - - [06/Aug/2016:17:54:30 +0100] "POST /cto_osc_link.php HTTP/1.0" 200 1133 "-" "CarryTheOne"
78.129.161.54 - - [06/Aug/2016:17:57:18 +0100] "POST /cto_osc_link.php HTTP/1.0" 200 1389 "-" "CarryTheOne"
141.101.64.142 - - [06/Aug/2016:17:59:07 +0100] "GET /blog/2014/05/28/oils-vs-creams-whats-the-difference/feed/ HTTP/1.0" 301 1013 "-" "Mozilla/5.0 (compatible; AhrefsBot/5.1; +http://ahrefs.com/robot/)"
162.158.73.154 - - [06/Aug/2016:18:00:17 +0100] "POST /cto_osc_link.php HTTP/1.0" 200 1133 "-" "CarryTheOne"
78.129.161.54 - - [06/Aug/2016:18:03:16 +0100] "POST /cto_osc_link.php HTTP/1.0" 200 6705 "-" "CarryTheOne"
78.129.161.54 - - [06/Aug/2016:18:04:19 +0100] "GET /checkout/shipping HTTP/1.0" 302 775 "http://www.paiskincare.com/index.php?main_page=shopping_cart&number_of_uploads=0" "Mozilla/5.0 (Windows NT 6.2; WOW64) AppleWebKit/537.36 (KHTML, like Gecko) Chrome/51.0.2704.103 Safari/537.36"
78.129.161.54 - - [06/Aug/2016:18:04:19 +0100] "GET /index.php?main_page=login HTTP/1.0" 301 710 "http://www.paiskincare.com/index.php?main_page=shopping_cart&number_of_uploads=0" "Mozilla/5.0 (Windows NT 6.2; WOW64) AppleWebKit/537.36 (KHTML, like Gecko) Chrome/51.0.2704.103 Safari/537.36"
78.129.161.54 - - [06/Aug/2016:18:04:19 +0100] "GET /account/login HTTP/1.0" 200 67998 "http://www.paiskincare.com/index.php?main_page=shopping_cart&number_of_uploads=0" "Mozilla/5.0 (Windows NT 6.2; WOW64) AppleWebKit/537.36 (KHTML, like Gecko) Chrome/51.0.2704.103 Safari/537.36"
78.129.161.54 - - [06/Aug/2016:18:04:32 +0100] "POST /index.php?main_page=login&action=process HTTP/1.0" 200 68582 "https://www.paiskincare.com/account/login" "Mozilla/5.0 (Windows NT 6.2; WOW64) AppleWebKit/537.36 (KHTML, like Gecko) Chrome/51.0.2704.103 Safari/537.36"
78.129.161.54 - - [06/Aug/2016:18:04:38 +0100] "GET /index.php?main_page=no_account HTTP/1.0" 200 67705 "https://www.paiskincare.com/index.php?main_page=login&action=process" "Mozilla/5.0 (Windows NT 6.2; WOW64) AppleWebKit/537.36 (KHTML, like Gecko) Chrome/51.0.2704.103 Safari/537.36"
78.129.161.54 - - [06/Aug/2016:18:04:51 +0100] "POST /index.php?main_page=no_account HTTP/1.0" 302 869 "https://www.paiskincare.com/index.php?main_page=no_account" "Mozilla/5.0 (Windows NT 6.2; WOW64) AppleWebKit/537.36 (KHTML, like Gecko) Chrome/51.0.2704.103 Safari/537.36"
78.129.161.54 - - [06/Aug/2016:18:04:51 +0100] "GET /index.php?main_page=checkout_shipping HTTP/1.0" 301 714 "https://www.paiskincare.com/index.php?main_page=no_account" "Mozilla/5.0 (Windows NT 6.2; WOW64) AppleWebKit/537.36 (KHTML, like Gecko) Chrome/51.0.2704.103 Safari/537.36"
78.129.161.54 - - [06/Aug/2016:18:04:51 +0100] "GET /checkout/shipping HTTP/1.0" 200 30721 "https://www.paiskincare.com/index.php?main_page=no_account" "Mozilla/5.0 (Windows NT 6.2; WOW64) AppleWebKit/537.36 (KHTML, like Gecko) Chrome/51.0.2704.103 Safari/537.36"
78.129.161.54 - - [06/Aug/2016:18:05:03 +0100] "POST /index.php?main_page=checkout_shipping HTTP/1.0" 302 786 "https://www.paiskincare.com/checkout/shipping" "Mozilla/5.0 (Windows NT 6.2; WOW64) AppleWebKit/537.36 (KHTML, like Gecko) Chrome/51.0.2704.103 Safari/537.36"
78.129.161.54 - - [06/Aug/2016:18:05:04 +0100] "GET /index.php?main_page=checkout_payment HTTP/1.0" 200 37515 "https://www.paiskincare.com/checkout/shipping" "Mozilla/5.0 (Windows NT 6.2; WOW64) AppleWebKit/537.36 (KHTML, like Gecko) Chrome/51.0.2704.103 Safari/537.36"
78.129.161.54 - - [06/Aug/2016:18:06:04 +0100] "POST /index.php?main_page=checkout_confirmation HTTP/1.0" 200 34508 "https://www.paiskincare.com/index.php?main_page=checkout_payment" "Mozilla/5.0 (Windows NT 6.2; WOW64) AppleWebKit/537.36 (KHTML, like Gecko) Chrome/51.0.2704.103 Safari/537.36"
78.129.161.54 - - [06/Aug/2016:18:06:24 +0100] "POST /index.php?main_page=checkout_process HTTP/1.0" 302 786 "https://www.paiskincare.com/index.php?main_page=checkout_confirmation" "Mozilla/5.0 (Windows NT 6.2; WOW64) AppleWebKit/537.36 (KHTML, like Gecko) Chrome/51.0.2704.103 Safari/537.36"
78.129.161.54 - - [06/Aug/2016:18:06:29 +0100] "GET /index.php?main_page=checkout_success HTTP/1.0" 200 26704 "https://www.paiskincare.com/index.php?main_page=checkout_confirmation" "Mozilla/5.0 (Windows NT 6.2; WOW64) AppleWebKit/537.36 (KHTML, like Gecko) Chrome/51.0.2704.103 Safari/537.36"
162.158.73.154 - - [06/Aug/2016:18:06:35 +0100] "POST /cto_osc_link.php HTTP/1.0" 200 1792 "-" "CarryTheOne"
164.132.161.17 - - [06/Aug/2016:18:06:57 +0100] "GET /pregnancy-28/ HTTP/1.0" 200 9490 "-" "Mozilla/5.0 (compatible; AhrefsBot/5.1; +http://ahrefs.com/robot/)"
78.129.161.54 - - [06/Aug/2016:18:09:16 +0100] "POST /cto_osc_link.php HTTP/1.0" 200 1389 "-" "CarryTheOne"
162.158.73.154 - - [06/Aug/2016:18:12:18 +0100] "POST /cto_osc_link.php HTTP/1.0" 200 1133 "-" "CarryTheOne"
78.129.161.54 - - [06/Aug/2016:18:15:18 +0100] "POST /cto_osc_link.php HTTP/1.0" 200 1389 "-" "CarryTheOne"
162.158.108.196 - - [06/Aug/2016:18:17:09 +0100] "GET /blog/tag/angelina-jolie/ HTTP/1.0" 301 958 "-" "Mozilla/5.0 (compatible; AhrefsBot/5.1; +http://ahrefs.com/robot/)"
162.158.73.154 - - [06/Aug/2016:18:18:19 +0100] "POST /cto_osc_link.php HTTP/1.0" 200 1133 "-" "CarryTheOne"
108.162.228.154 - - [06/Aug/2016:18:19:04 +0100] "GET /blog/tag/mindfulness/feed/ HTTP/1.0" 301 961 "-" "Mozilla/5.0 (compatible; AhrefsBot/5.1; +http://ahrefs.com/robot/)"
78.129.161.54 - - [06/Aug/2016:18:21:18 +0100] "POST /cto_osc_link.php HTTP/1.0" 200 1389 "-" "CarryTheOne"
141.101.64.142 - - [06/Aug/2016:18:24:02 +0100] "GET /blog/tag/sos-skin/feed/ HTTP/1.0" 301 954 "-" "Mozilla/5.0 (compatible; AhrefsBot/5.1; +http://ahrefs.com/robot/)"
162.158.73.154 - - [06/Aug/2016:18:24:18 +0100] "POST /cto_osc_link.php HTTP/1.0" 200 1133 "-" "CarryTheOne"
78.129.161.54 - - [06/Aug/2016:18:27:14 +0100] "POST /cto_osc_link.php HTTP/1.0" 200 1389 "-" "CarryTheOne"
141.101.64.142 - - [06/Aug/2016:18:28:36 +0100] "GET /blog/tag/skin/feed/ HTTP/1.0" 301 947 "-" "Mozilla/5.0 (compatible; AhrefsBot/5.1; +http://ahrefs.com/robot/)"
162.158.73.154 - - [06/Aug/2016:18:30:18 +0100] "POST /cto_osc_link.php HTTP/1.0" 200 1133 "-" "CarryTheOne"
78.129.161.54 - - [06/Aug/2016:18:33:18 +0100] "POST /cto_osc_link.php HTTP/1.0" 200 1389 "-" "CarryTheOne"
162.158.73.154 - - [06/Aug/2016:18:36:17 +0100] "POST /cto_osc_link.php HTTP/1.0" 200 1133 "-" "CarryTheOne"
78.129.161.54 - - [06/Aug/2016:18:39:17 +0100] "POST /cto_osc_link.php HTTP/1.0" 200 1389 "-" "CarryTheOne"
162.158.73.154 - - [06/Aug/2016:18:42:17 +0100] "POST /cto_osc_link.php HTTP/1.0" 200 1133 "-" "CarryTheOne"
207.46.13.174 - - [06/Aug/2016:18:44:57 +0100] "GET / HTTP/1.0" 301 758 "-" "Mozilla/5.0 (compatible; bingbot/2.0; +http://www.bing.com/bingbot.htm)"
78.129.161.54 - - [06/Aug/2016:18:45:16 +0100] "POST /cto_osc_link.php HTTP/1.0" 200 1389 "-" "CarryTheOne"
5.104.241.187 - - [06/Aug/2016:18:47:49 +0100] "GET / HTTP/1.0" 200 9465 "-" "Opera/7.50 (Windows ME; U) [en]"
162.158.73.154 - - [06/Aug/2016:18:48:17 +0100] "POST /cto_osc_link.php HTTP/1.0" 200 1133 "-" "CarryTheOne"
162.158.108.196 - - [06/Aug/2016:18:48:43 +0100] "GET /blog/tag/new-parent/ HTTP/1.0" 301 950 "-" "Mozilla/5.0 (compatible; AhrefsBot/5.1; +http://ahrefs.com/robot/)"
78.129.161.54 - - [06/Aug/2016:18:51:17 +0100] "POST /cto_osc_link.php HTTP/1.0" 200 6705 "-" "CarryTheOne"
162.158.108.196 - - [06/Aug/2016:18:51:26 +0100] "GET /blog/2012/12/18/6-ways-to-get-party-ready-with-pai/ HTTP/1.0" 301 1003 "-" "Mozilla/5.0 (compatible; AhrefsBot/5.1; +http://ahrefs.com/robot/)"
162.158.73.154 - - [06/Aug/2016:18:54:15 +0100] "POST /cto_osc_link.php HTTP/1.0" 200 1133 "-" "CarryTheOne"
78.129.161.54 - - [06/Aug/2016:18:54:57 +0100] "GET /checkout/shipping HTTP/1.0" 302 775 "http://www.paiskincare.com/index.php?main_page=shopping_cart&number_of_uploads=0" "Mozilla/5.0 (iPad; CPU OS 9_2 like Mac OS X) AppleWebKit/601.1.46 (KHTML, like Gecko) Version/9.0 Mobile/13C75 Safari/601.1"
78.129.161.54 - - [06/Aug/2016:18:54:57 +0100] "GET /index.php?main_page=login HTTP/1.0" 301 710 "http://www.paiskincare.com/index.php?main_page=shopping_cart&number_of_uploads=0" "Mozilla/5.0 (iPad; CPU OS 9_2 like Mac OS X) AppleWebKit/601.1.46 (KHTML, like Gecko) Version/9.0 Mobile/13C75 Safari/601.1"
78.129.161.54 - - [06/Aug/2016:18:54:58 +0100] "GET /account/login HTTP/1.0" 200 68028 "http://www.paiskincare.com/index.php?main_page=shopping_cart&number_of_uploads=0" "Mozilla/5.0 (iPad; CPU OS 9_2 like Mac OS X) AppleWebKit/601.1.46 (KHTML, like Gecko) Version/9.0 Mobile/13C75 Safari/601.1"
78.129.161.54 - - [06/Aug/2016:18:55:03 +0100] "GET /index.php?main_page=no_account HTTP/1.0" 200 67706 "https://www.paiskincare.com/account/login" "Mozilla/5.0 (iPad; CPU OS 9_2 like Mac OS X) AppleWebKit/601.1.46 (KHTML, like Gecko) Version/9.0 Mobile/13C75 Safari/601.1"
78.129.161.54 - - [06/Aug/2016:18:57:17 +0100] "POST /cto_osc_link.php HTTP/1.0" 200 1389 "-" "CarryTheOne"
162.158.73.154 - - [06/Aug/2016:19:00:20 +0100] "POST /cto_osc_link.php HTTP/1.0" 200 1133 "-" "CarryTheOne"
162.158.108.196 - - [06/Aug/2016:19:03:03 +0100] "GET /blog/tag/travel-sets/feed/ HTTP/1.0" 301 959 "-" "Mozilla/5.0 (compatible; AhrefsBot/5.1; +http://ahrefs.com/robot/)"
162.158.101.161 - - [06/Aug/2016:19:03:11 +0100] "GET /blog/2014/02/13/8-things-to-do-with-your-muslin-cloth HTTP/1.0" 301 1007 "-" "Mozilla/5.0 (Windows NT 6.1; WOW64) AppleWebKit/537.36 (KHTML, like Gecko) Chrome/41.0.2227.0 Safari/537.36"
78.129.161.54 - - [06/Aug/2016:19:03:18 +0100] "POST /cto_osc_link.php HTTP/1.0" 200 1389 "-" "CarryTheOne"
141.101.64.142 - - [06/Aug/2016:19:04:09 +0100] "GET /blog/2013/04/10/facial-massage/ HTTP/1.0" 301 969 "-" "Mozilla/5.0 (compatible; AhrefsBot/5.1; +http://ahrefs.com/robot/)"
78.129.161.54 - - [06/Aug/2016:19:05:06 +0100] "GET /blog/2013/10/28/how-to-care-for-your-skin-after-coming-off-the-pill/feed/ HTTP/1.0" 301 1052 "-" "Mozilla/5.0 (compatible; AhrefsBot/5.1; +http://ahrefs.com/robot/)"
162.158.73.154 - - [06/Aug/2016:19:06:17 +0100] "POST /cto_osc_link.php HTTP/1.0" 200 1133 "-" "CarryTheOne"
78.129.161.54 - - [06/Aug/2016:19:09:17 +0100] "POST /cto_osc_link.php HTTP/1.0" 200 1389 "-" "CarryTheOne"
162.158.108.196 - - [06/Aug/2016:19:12:10 +0100] "GET /blog/2011/05/23/yoga-magazine-says-soothe-sensitive-skin-with-nature-pai/ HTTP/1.0" 301 1040 "-" "Mozilla/5.0 (compatible; AhrefsBot/5.1; +http://ahrefs.com/robot/)"
162.158.73.154 - - [06/Aug/2016:19:12:19 +0100] "POST /cto_osc_link.php HTTP/1.0" 200 1133 "-" "CarryTheOne"
78.129.161.54 - - [06/Aug/2016:19:15:16 +0100] "POST /cto_osc_link.php HTTP/1.0" 200 1389 "-" "CarryTheOne"
162.158.73.154 - - [06/Aug/2016:19:18:19 +0100] "POST /cto_osc_link.php HTTP/1.0" 200 1133 "-" "CarryTheOne"
207.46.13.172 - - [06/Aug/2016:19:19:02 +0100] "GET /pages/delivery-returns-52 HTTP/1.0" 301 787 "-" "Mozilla/5.0 (compatible; bingbot/2.0; +http://www.bing.com/bingbot.htm)"
78.129.161.54 - - [06/Aug/2016:19:20:01 +0100] "GET /account/login HTTP/1.0" 200 68026 "http://www.paiskincare.com/index.php?main_page=product_info&products_id=45&cPath=7" "Mozilla/5.0 (iPhone; CPU iPhone OS 9_3_3 like Mac OS X) AppleWebKit/601.1.46 (KHTML, like Gecko) Version/9.0 Mobile/13G34 Safari/601.1"
78.129.161.54 - - [06/Aug/2016:19:20:21 +0100] "POST /index.php?main_page=login&action=process HTTP/1.0" 200 68581 "https://www.paiskincare.com/account/login" "Mozilla/5.0 (iPhone; CPU iPhone OS 9_3_3 like Mac OS X) AppleWebKit/601.1.46 (KHTML, like Gecko) Version/9.0 Mobile/13G34 Safari/601.1"
78.129.161.54 - - [06/Aug/2016:19:20:52 +0100] "POST /index.php?main_page=login&action=process HTTP/1.0" 302 887 "https://www.paiskincare.com/index.php?main_page=login&action=process" "Mozilla/5.0 (iPhone; CPU iPhone OS 9_3_3 like Mac OS X) AppleWebKit/601.1.46 (KHTML, like Gecko) Version/9.0 Mobile/13G34 Safari/601.1"
78.129.161.54 - - [06/Aug/2016:19:20:53 +0100] "GET /index.php?main_page=product_info&products_id=45&cPath=7 HTTP/1.0" 200 41581 "https://www.paiskincare.com/index.php?main_page=login&action=process" "Mozilla/5.0 (iPhone; CPU iPhone OS 9_3_3 like Mac OS X) AppleWebKit/601.1.46 (KHTML, like Gecko) Version/9.0 Mobile/13G34 Safari/601.1"
5.67.180.139 - - [06/Aug/2016:19:21:08 +0100] "GET /checkout/shipping HTTP/1.0" 200 9088 "http://www.paiskincare.com/shopping-cart/" "Mozilla/5.0 (iPhone; CPU iPhone OS 9_3_3 like Mac OS X) AppleWebKit/601.1.46 (KHTML, like Gecko) Version/9.0 Mobile/13G34 Safari/601.1"
78.129.161.54 - - [06/Aug/2016:19:21:16 +0100] "POST /cto_osc_link.php HTTP/1.0" 200 1389 "-" "CarryTheOne"
162.158.73.154 - - [06/Aug/2016:19:24:18 +0100] "POST /cto_osc_link.php HTTP/1.0" 200 1133 "-" "CarryTheOne"
141.101.106.166 - - [06/Aug/2016:19:26:48 +0100] "POST /index.php?main_page=checkout_shipping HTTP/1.0" 302 918 "https://www.paiskincare.com/checkout/shipping" "Mozilla/5.0 (iPhone; CPU iPhone OS 9_3_3 like Mac OS X) AppleWebKit/601.1.46 (KHTML, like Gecko) Version/9.0 Mobile/13G34 Safari/601.1"
141.101.106.166 - - [06/Aug/2016:19:26:48 +0100] "GET /index.php?main_page=checkout_payment HTTP/1.0" 200 10898 "https://www.paiskincare.com/checkout/shipping" "Mozilla/5.0 (iPhone; CPU iPhone OS 9_3_3 like Mac OS X) AppleWebKit/601.1.46 (KHTML, like Gecko) Version/9.0 Mobile/13G34 Safari/601.1"
78.129.161.54 - - [06/Aug/2016:19:27:27 +0100] "POST /cto_osc_link.php HTTP/1.0" 200 6705 "-" "CarryTheOne"
78.129.161.54 - - [06/Aug/2016:19:28:25 +0100] "POST /index.php?main_page=checkout_confirmation HTTP/1.0" 500 1859 "https://www.paiskincare.com/index.php?main_page=checkout_payment" "Mozilla/5.0 (iPhone; CPU iPhone OS 9_3_3 like Mac OS X) AppleWebKit/601.1.46 (KHTML, like Gecko) Version/9.0 Mobile/13G34 Safari/601.1"
78.129.161.54 - - [06/Aug/2016:19:28:30 +0100] "GET /index.php?main_page=checkout_payment HTTP/1.0" 200 38636 "https://www.paiskincare.com/checkout/shipping" "Mozilla/5.0 (iPhone; CPU iPhone OS 9_3_3 like Mac OS X) AppleWebKit/601.1.46 (KHTML, like Gecko) Version/9.0 Mobile/13G34 Safari/601.1"
78.129.161.54 - - [06/Aug/2016:19:28:36 +0100] "POST /index.php?main_page=checkout_confirmation HTTP/1.0" 302 868 "https://www.paiskincare.com/index.php?main_page=checkout_payment" "Mozilla/5.0 (iPhone; CPU iPhone OS 9_3_3 like Mac OS X) AppleWebKit/601.1.46 (KHTML, like Gecko) Version/9.0 Mobile/13G34 Safari/601.1"
78.129.161.54 - - [06/Aug/2016:19:28:37 +0100] "GET /index.php?main_page=checkout_payment&The%20credit%20card%20number%20entered%20is%20invalid.%20Please%20check%20the%20number%20and%20try%20again. HTTP/1.0" 200 39840 "https://www.paiskincare.com/index.php?main_page=checkout_payment" "Mozilla/5.0 (iPhone; CPU iPhone OS 9_3_3 like Mac OS X) AppleWebKit/601.1.46 (KHTML, like Gecko) Version/9.0 Mobile/13G34 Safari/601.1"
78.129.161.54 - - [06/Aug/2016:19:28:58 +0100] "GET / HTTP/1.0" 200 30855 "-" "Mozilla/5.0 (Windows NT 10.0; WOW64) AppleWebKit/537.36 (KHTML, like Gecko) Chrome/51.0.2704.103 Safari/537.36"
78.129.161.54 - - [06/Aug/2016:19:29:03 +0100] "GET /moisturisers-1/ HTTP/1.0" 200 35125 "https://www.paiskincare.com/" "Mozilla/5.0 (Windows NT 10.0; WOW64) AppleWebKit/537.36 (KHTML, like Gecko) Chrome/51.0.2704.103 Safari/537.36"
78.129.161.54 - - [06/Aug/2016:19:29:06 +0100] "GET /account/login HTTP/1.0" 200 66946 "https://www.paiskincare.com/moisturisers-1/" "Mozilla/5.0 (Windows NT 10.0; WOW64) AppleWebKit/537.36 (KHTML, like Gecko) Chrome/51.0.2704.103 Safari/537.36"
78.129.161.54 - - [06/Aug/2016:19:29:09 +0100] "POST /index.php?main_page=login&action=process HTTP/1.0" 302 857 "https://www.paiskincare.com/account/login" "Mozilla/5.0 (Windows NT 10.0; WOW64) AppleWebKit/537.36 (KHTML, like Gecko) Chrome/51.0.2704.103 Safari/537.36"
78.129.161.54 - - [06/Aug/2016:19:29:09 +0100] "GET /index.php?main_page=index HTTP/1.0" 301 697 "https://www.paiskincare.com/account/login" "Mozilla/5.0 (Windows NT 10.0; WOW64) AppleWebKit/537.36 (KHTML, like Gecko) Chrome/51.0.2704.103 Safari/537.36"
78.129.161.54 - - [06/Aug/2016:19:29:09 +0100] "GET / HTTP/1.0" 200 31064 "https://www.paiskincare.com/account/login" "Mozilla/5.0 (Windows NT 10.0; WOW64) AppleWebKit/537.36 (KHTML, like Gecko) Chrome/51.0.2704.103 Safari/537.36"
78.129.161.54 - - [06/Aug/2016:19:29:27 +0100] "GET /checkout/shipping HTTP/1.0" 200 30800 "http://www.paiskincare.com/shopping-cart/" "Mozilla/5.0 (Windows NT 10.0; WOW64) AppleWebKit/537.36 (KHTML, like Gecko) Chrome/51.0.2704.103 Safari/537.36"
78.129.161.54 - - [06/Aug/2016:19:29:35 +0100] "POST /index.php?main_page=checkout_shipping HTTP/1.0" 302 786 "https://www.paiskincare.com/checkout/shipping" "Mozilla/5.0 (Windows NT 10.0; WOW64) AppleWebKit/537.36 (KHTML, like Gecko) Chrome/51.0.2704.103 Safari/537.36"
78.129.161.54 - - [06/Aug/2016:19:29:35 +0100] "GET /index.php?main_page=checkout_payment HTTP/1.0" 200 38328 "https://www.paiskincare.com/checkout/shipping" "Mozilla/5.0 (Windows NT 10.0; WOW64) AppleWebKit/537.36 (KHTML, like Gecko) Chrome/51.0.2704.103 Safari/537.36"
162.158.73.154 - - [06/Aug/2016:19:30:18 +0100] "POST /cto_osc_link.php HTTP/1.0" 200 1133 "-" "CarryTheOne"
78.129.161.54 - - [06/Aug/2016:19:30:22 +0100] "POST /index.php?main_page=checkout_confirmation HTTP/1.0" 200 34519 "https://www.paiskincare.com/index.php?main_page=checkout_payment" "Mozilla/5.0 (Windows NT 10.0; WOW64) AppleWebKit/537.36 (KHTML, like Gecko) Chrome/51.0.2704.103 Safari/537.36"
78.129.161.54 - - [06/Aug/2016:19:30:34 +0100] "POST /index.php?main_page=checkout_process HTTP/1.0" 302 786 "https://www.paiskincare.com/index.php?main_page=checkout_confirmation" "Mozilla/5.0 (Windows NT 10.0; WOW64) AppleWebKit/537.36 (KHTML, like Gecko) Chrome/51.0.2704.103 Safari/537.36"
78.129.161.54 - - [06/Aug/2016:19:30:38 +0100] "GET /index.php?main_page=checkout_success HTTP/1.0" 200 26946 "https://www.paiskincare.com/index.php?main_page=checkout_confirmation" "Mozilla/5.0 (Windows NT 10.0; WOW64) AppleWebKit/537.36 (KHTML, like Gecko) Chrome/51.0.2704.103 Safari/537.36"
78.129.161.54 - - [06/Aug/2016:19:30:47 +0100] "POST /index.php?main_page=checkout_success HTTP/1.0" 200 26568 "https://www.paiskincare.com/index.php?main_page=checkout_success" "Mozilla/5.0 (Windows NT 10.0; WOW64) AppleWebKit/537.36 (KHTML, like Gecko) Chrome/51.0.2704.103 Safari/537.36"
78.129.161.54 - - [06/Aug/2016:19:30:59 +0100] "GET /index.php?main_page=checkout_payment&The%20credit%20card%20number%20entered%20is%20invalid.%20Please%20check%20the%20number%20and%20try%20again. HTTP/1.0" 200 39550 "-" "Mozilla/5.0 (iPhone; CPU iPhone OS 9_3_3 like Mac OS X) AppleWebKit/601.1.46 (KHTML, like Gecko) Version/9.0 Mobile/13G34 Safari/601.1"
78.129.161.54 - - [06/Aug/2016:19:33:16 +0100] "POST /cto_osc_link.php HTTP/1.0" 200 2874 "-" "CarryTheOne"
162.158.73.154 - - [06/Aug/2016:19:36:17 +0100] "POST /cto_osc_link.php HTTP/1.0" 200 1133 "-" "CarryTheOne"
108.162.244.138 - - [06/Aug/2016:19:39:22 +0100] "GET /blog/tag/skincare/page/6/ HTTP/1.0" 301 957 "-" "Mozilla/5.0 (compatible; Yahoo! Slurp; http://help.yahoo.com/help/us/ysearch/slurp)"
78.129.161.54 - - [06/Aug/2016:19:39:26 +0100] "POST /cto_osc_link.php HTTP/1.0" 200 1389 "-" "CarryTheOne"
162.158.73.154 - - [06/Aug/2016:19:42:19 +0100] "POST /cto_osc_link.php HTTP/1.0" 200 1133 "-" "CarryTheOne"
108.162.244.138 - - [06/Aug/2016:19:44:38 +0100] "GET /blog/tag/pai-tv/ HTTP/1.0" 301 943 "-" "Mozilla/5.0 (compatible; Yahoo! Slurp; http://help.yahoo.com/help/us/ysearch/slurp)"
78.129.161.54 - - [06/Aug/2016:19:45:16 +0100] "POST /cto_osc_link.php HTTP/1.0" 200 1389 "-" "CarryTheOne"
141.101.64.142 - - [06/Aug/2016:19:46:09 +0100] "GET /blog/tag/campaign/ HTTP/1.0" 301 947 "-" "Mozilla/5.0 (compatible; AhrefsBot/5.1; +http://ahrefs.com/robot/)"
78.129.161.54 - - [06/Aug/2016:19:47:40 +0100] "GET /index.php?main_page=product_info&cPath=19&products_id=22 HTTP/1.0" 301 654 "-" "Mozilla/5.0 (compatible; Googlebot/2.1; +http://www.google.com/bot.html)"
66.249.66.133 - - [06/Aug/2016:19:47:42 +0100] "GET /rosehip-bioregenerate-oil-22 HTTP/1.0" 200 11963 "-" "Mozilla/5.0 (compatible; Googlebot/2.1; +http://www.google.com/bot.html)"
162.158.73.154 - - [06/Aug/2016:19:48:18 +0100] "POST /cto_osc_link.php HTTP/1.0" 200 1133 "-" "CarryTheOne"
78.129.161.54 - - [06/Aug/2016:19:51:18 +0100] "POST /cto_osc_link.php HTTP/1.0" 200 1389 "-" "CarryTheOne"
108.162.244.138 - - [06/Aug/2016:19:54:14 +0100] "GET /blog/tag/exfoliator/ HTTP/1.0" 301 951 "-" "Mozilla/5.0 (compatible; Yahoo! Slurp; http://help.yahoo.com/help/us/ysearch/slurp)"
162.158.73.154 - - [06/Aug/2016:19:54:18 +0100] "POST /cto_osc_link.php HTTP/1.0" 200 1133 "-" "CarryTheOne"
78.129.161.54 - - [06/Aug/2016:19:57:16 +0100] "POST /cto_osc_link.php HTTP/1.0" 200 1389 "-" "CarryTheOne"
162.158.73.154 - - [06/Aug/2016:20:00:19 +0100] "POST /cto_osc_link.php HTTP/1.0" 200 1133 "-" "CarryTheOne"
78.129.161.54 - - [06/Aug/2016:20:03:17 +0100] "POST /cto_osc_link.php HTTP/1.0" 200 1389 "-" "CarryTheOne"
162.158.73.154 - - [06/Aug/2016:20:06:18 +0100] "POST /cto_osc_link.php HTTP/1.0" 200 1133 "-" "CarryTheOne"
78.129.161.54 - - [06/Aug/2016:20:09:17 +0100] "POST /cto_osc_link.php HTTP/1.0" 200 1389 "-" "CarryTheOne"
162.158.73.154 - - [06/Aug/2016:20:12:17 +0100] "POST /cto_osc_link.php HTTP/1.0" 200 1133 "-" "CarryTheOne"
162.158.108.196 - - [06/Aug/2016:20:12:57 +0100] "GET /blog/tag/eye/feed/ HTTP/1.0" 301 947 "-" "Mozilla/5.0 (compatible; AhrefsBot/5.1; +http://ahrefs.com/robot/)"
78.129.161.54 - - [06/Aug/2016:20:15:17 +0100] "POST /cto_osc_link.php HTTP/1.0" 200 1389 "-" "CarryTheOne"
162.158.73.154 - - [06/Aug/2016:20:18:19 +0100] "POST /cto_osc_link.php HTTP/1.0" 200 1133 "-" "CarryTheOne"
78.129.161.54 - - [06/Aug/2016:20:21:17 +0100] "POST /cto_osc_link.php HTTP/1.0" 200 1389 "-" "CarryTheOne"
162.158.73.154 - - [06/Aug/2016:20:24:18 +0100] "POST /cto_osc_link.php HTTP/1.0" 200 1133 "-" "CarryTheOne"
162.158.108.196 - - [06/Aug/2016:20:26:36 +0100] "GET /blog/2015/05/08/the-benefits-of-a-digital-detox/ HTTP/1.0" 301 999 "-" "Mozilla/5.0 (compatible; AhrefsBot/5.1; +http://ahrefs.com/robot/)"
78.129.161.54 - - [06/Aug/2016:20:27:17 +0100] "POST /cto_osc_link.php HTTP/1.0" 200 6705 "-" "CarryTheOne"
162.158.73.154 - - [06/Aug/2016:20:30:18 +0100] "POST /cto_osc_link.php HTTP/1.0" 200 1133 "-" "CarryTheOne"
78.151.165.75 - - [06/Aug/2016:20:31:59 +0100] "GET / HTTP/1.0" 200 9467 "https://www.ecosia.org/search?q=pai+skincare+uk&addon=firefox" "Mozilla/5.0 (Windows NT 10.0; WOW64; rv:47.0) Gecko/20100101 Firefox/47.0"
78.129.161.54 - - [06/Aug/2016:20:33:16 +0100] "POST /cto_osc_link.php HTTP/1.0" 200 6705 "-" "CarryTheOne"
141.101.64.142 - - [06/Aug/2016:20:35:15 +0100] "GET /blog/tag/toulene/ HTTP/1.0" 301 945 "-" "Mozilla/5.0 (compatible; AhrefsBot/5.1; +http://ahrefs.com/robot/)"
162.158.73.154 - - [06/Aug/2016:20:36:17 +0100] "POST /cto_osc_link.php HTTP/1.0" 200 1133 "-" "CarryTheOne"
66.249.66.157 - - [06/Aug/2016:20:38:45 +0100] "GET /account/login HTTP/1.0" 302 843 "-" "Mozilla/5.0 (compatible; Googlebot/2.1; +http://www.google.com/bot.html)"
162.158.76.148 - - [06/Aug/2016:20:38:45 +0100] "GET /index.php?main_page=cookie_usage HTTP/1.0" 200 9107 "-" "Mozilla/5.0 (compatible; Googlebot/2.1; +http://www.google.com/bot.html)"
78.129.161.54 - - [06/Aug/2016:20:39:17 +0100] "POST /cto_osc_link.php HTTP/1.0" 200 1389 "-" "CarryTheOne"
162.158.73.154 - - [06/Aug/2016:20:42:19 +0100] "POST /cto_osc_link.php HTTP/1.0" 200 1133 "-" "CarryTheOne"
78.129.161.54 - - [06/Aug/2016:20:45:24 +0100] "POST /cto_osc_link.php HTTP/1.0" 200 1389 "-" "CarryTheOne"
77.30.7.199 - - [06/Aug/2016:20:48:00 +0100] "GET /pages/drinks-business-63 HTTP/1.0" 200 10600 "https://www.google.com.sa/" "Mozilla/5.0 (Windows NT 6.1) AppleWebKit/537.36 (KHTML, like Gecko) Chrome/51.0.2704.103 Safari/537.36"
162.158.73.154 - - [06/Aug/2016:20:48:17 +0100] "POST /cto_osc_link.php HTTP/1.0" 200 1133 "-" "CarryTheOne"
78.129.161.54 - - [06/Aug/2016:20:51:18 +0100] "POST /cto_osc_link.php HTTP/1.0" 200 1389 "-" "CarryTheOne"
162.158.73.154 - - [06/Aug/2016:20:54:19 +0100] "POST /cto_osc_link.php HTTP/1.0" 200 1133 "-" "CarryTheOne"
78.129.161.54 - - [06/Aug/2016:20:57:33 +0100] "POST /cto_osc_link.php HTTP/1.0" 200 1389 "-" "CarryTheOne"
162.158.73.154 - - [06/Aug/2016:21:00:20 +0100] "POST /cto_osc_link.php HTTP/1.0" 200 1133 "-" "CarryTheOne"
78.129.161.54 - - [06/Aug/2016:21:03:18 +0100] "POST /cto_osc_link.php HTTP/1.0" 200 1389 "-" "CarryTheOne"
94.15.137.95 - - [06/Aug/2016:21:04:55 +0100] "GET /pages/contact-us-155 HTTP/1.0" 200 8703 "https://www.paiskincare.com/" "Mozilla/5.0 (iPad; CPU OS 9_3_2 like Mac OS X) AppleWebKit/601.1.46 (KHTML, like Gecko) Version/9.0 Mobile/13F69 Safari/601.1"
162.158.73.154 - - [06/Aug/2016:21:06:17 +0100] "POST /cto_osc_link.php HTTP/1.0" 200 6449 "-" "CarryTheOne"
78.129.161.54 - - [06/Aug/2016:21:09:18 +0100] "POST /cto_osc_link.php HTTP/1.0" 200 1389 "-" "CarryTheOne"
162.158.73.154 - - [06/Aug/2016:21:12:19 +0100] "POST /cto_osc_link.php HTTP/1.0" 200 6449 "-" "CarryTheOne"
108.162.228.154 - - [06/Aug/2016:21:12:24 +0100] "GET /blog/tag/patch-test/feed/ HTTP/1.0" 301 958 "-" "Mozilla/5.0 (compatible; AhrefsBot/5.1; +http://ahrefs.com/robot/)"
78.129.161.54 - - [06/Aug/2016:21:13:59 +0100] "GET /checkout/shipping HTTP/1.0" 302 775 "http://www.paiskincare.com/shopping-cart/" "Mozilla/5.0 (iPad; CPU OS 9_3_3 like Mac OS X) AppleWebKit/601.1.46 (KHTML, like Gecko) Version/9.0 Mobile/13G34 Safari/601.1"
78.129.161.54 - - [06/Aug/2016:21:13:59 +0100] "GET /index.php?main_page=login HTTP/1.0" 301 710 "http://www.paiskincare.com/shopping-cart/" "Mozilla/5.0 (iPad; CPU OS 9_3_3 like Mac OS X) AppleWebKit/601.1.46 (KHTML, like Gecko) Version/9.0 Mobile/13G34 Safari/601.1"
78.129.161.54 - - [06/Aug/2016:21:13:59 +0100] "GET /account/login HTTP/1.0" 200 68025 "http://www.paiskincare.com/shopping-cart/" "Mozilla/5.0 (iPad; CPU OS 9_3_3 like Mac OS X) AppleWebKit/601.1.46 (KHTML, like Gecko) Version/9.0 Mobile/13G34 Safari/601.1"
78.129.161.54 - - [06/Aug/2016:21:14:18 +0100] "POST /index.php?main_page=login&action=process HTTP/1.0" 302 869 "https://www.paiskincare.com/account/login" "Mozilla/5.0 (iPad; CPU OS 9_3_3 like Mac OS X) AppleWebKit/601.1.46 (KHTML, like Gecko) Version/9.0 Mobile/13G34 Safari/601.1"
78.129.161.54 - - [06/Aug/2016:21:14:19 +0100] "GET /index.php?main_page=checkout_shipping HTTP/1.0" 301 714 "https://www.paiskincare.com/account/login" "Mozilla/5.0 (iPad; CPU OS 9_3_3 like Mac OS X) AppleWebKit/601.1.46 (KHTML, like Gecko) Version/9.0 Mobile/13G34 Safari/601.1"
78.129.161.54 - - [06/Aug/2016:21:14:19 +0100] "GET /checkout/shipping HTTP/1.0" 200 30799 "https://www.paiskincare.com/account/login" "Mozilla/5.0 (iPad; CPU OS 9_3_3 like Mac OS X) AppleWebKit/601.1.46 (KHTML, like Gecko) Version/9.0 Mobile/13G34 Safari/601.1"
78.129.161.54 - - [06/Aug/2016:21:14:49 +0100] "POST /index.php?main_page=checkout_shipping HTTP/1.0" 302 786 "https://www.paiskincare.com/checkout/shipping" "Mozilla/5.0 (iPad; CPU OS 9_3_3 like Mac OS X) AppleWebKit/601.1.46 (KHTML, like Gecko) Version/9.0 Mobile/13G34 Safari/601.1"
78.129.161.54 - - [06/Aug/2016:21:14:49 +0100] "GET /index.php?main_page=checkout_payment HTTP/1.0" 200 38331 "https://www.paiskincare.com/checkout/shipping" "Mozilla/5.0 (iPad; CPU OS 9_3_3 like Mac OS X) AppleWebKit/601.1.46 (KHTML, like Gecko) Version/9.0 Mobile/13G34 Safari/601.1"
78.129.161.54 - - [06/Aug/2016:21:15:18 +0100] "POST /cto_osc_link.php HTTP/1.0" 200 1389 "-" "CarryTheOne"
78.129.161.54 - - [06/Aug/2016:21:15:24 +0100] "POST /index.php?main_page=checkout_confirmation HTTP/1.0" 200 34483 "https://www.paiskincare.com/index.php?main_page=checkout_payment" "Mozilla/5.0 (iPad; CPU OS 9_3_3 like Mac OS X) AppleWebKit/601.1.46 (KHTML, like Gecko) Version/9.0 Mobile/13G34 Safari/601.1"
78.129.161.54 - - [06/Aug/2016:21:15:35 +0100] "POST /index.php?main_page=checkout_process HTTP/1.0" 302 786 "https://www.paiskincare.com/index.php?main_page=checkout_confirmation" "Mozilla/5.0 (iPad; CPU OS 9_3_3 like Mac OS X) AppleWebKit/601.1.46 (KHTML, like Gecko) Version/9.0 Mobile/13G34 Safari/601.1"
78.129.161.54 - - [06/Aug/2016:21:15:40 +0100] "GET /index.php?main_page=checkout_success HTTP/1.0" 200 26880 "https://www.paiskincare.com/index.php?main_page=checkout_confirmation" "Mozilla/5.0 (iPad; CPU OS 9_3_3 like Mac OS X) AppleWebKit/601.1.46 (KHTML, like Gecko) Version/9.0 Mobile/13G34 Safari/601.1"
108.162.244.42 - - [06/Aug/2016:21:16:48 +0100] "GET /blog/2015/08/ HTTP/1.0" 301 941 "-" "Mozilla/5.0 (compatible; bingbot/2.0; +http://www.bing.com/bingbot.htm)"
162.158.73.154 - - [06/Aug/2016:21:18:21 +0100] "POST /cto_osc_link.php HTTP/1.0" 200 1720 "-" "CarryTheOne"
78.129.161.54 - - [06/Aug/2016:21:21:18 +0100] "POST /cto_osc_link.php HTTP/1.0" 200 1389 "-" "CarryTheOne"
162.158.73.154 - - [06/Aug/2016:21:24:23 +0100] "POST /cto_osc_link.php HTTP/1.0" 200 1133 "-" "CarryTheOne"
78.129.161.54 - - [06/Aug/2016:21:27:17 +0100] "POST /cto_osc_link.php HTTP/1.0" 200 1389 "-" "CarryTheOne"
162.158.73.154 - - [06/Aug/2016:21:30:21 +0100] "POST /cto_osc_link.php HTTP/1.0" 200 1133 "-" "CarryTheOne"
78.129.161.54 - - [06/Aug/2016:21:33:38 +0100] "POST /cto_osc_link.php HTTP/1.0" 200 1389 "-" "CarryTheOne"
162.158.73.154 - - [06/Aug/2016:21:36:25 +0100] "POST /cto_osc_link.php HTTP/1.0" 200 1133 "-" "CarryTheOne"
78.129.161.54 - - [06/Aug/2016:21:39:30 +0100] "POST /cto_osc_link.php HTTP/1.0" 200 6705 "-" "CarryTheOne"
162.158.73.154 - - [06/Aug/2016:21:42:21 +0100] "POST /cto_osc_link.php HTTP/1.0" 200 1133 "-" "CarryTheOne"
94.14.99.165 - - [06/Aug/2016:21:43:51 +0100] "GET /dual-effect-sensitive-skin-cloth-pack-of-88 HTTP/1.0" 200 9774 "http://www.paiskincare.com/" "Mozilla/5.0 (Windows NT 10.0) AppleWebKit/537.36 (KHTML, like Gecko) Chrome/51.0.2704.103 Safari/537.36"
108.162.244.138 - - [06/Aug/2016:21:45:03 +0100] "GET /blog/tag/world-baking-day/ HTTP/1.0" 301 6277 "-" "Mozilla/5.0 (compatible; Yahoo! Slurp; http://help.yahoo.com/help/us/ysearch/slurp)"
78.129.161.54 - - [06/Aug/2016:21:45:17 +0100] "POST /cto_osc_link.php HTTP/1.0" 200 1389 "-" "CarryTheOne"
78.129.161.54 - - [06/Aug/2016:21:45:27 +0100] "GET /pages/search-results-136?cx=013912337177975719970%3A5a_tjecfpxa&cof=FORID%3A11&ie=UTF-8&q=muslin+cloth&sa=Search HTTP/1.0" 200 31952 "https://www.paiskincare.com/dual-effect-sensitive-skin-cloth-pack-of-88" "Mozilla/5.0 (Windows NT 10.0) AppleWebKit/537.36 (KHTML, like Gecko) Chrome/51.0.2704.103 Safari/537.36"
162.158.108.196 - - [06/Aug/2016:21:45:33 +0100] "GET /blog/tag/essentials/feed/ HTTP/1.0" 301 957 "-" "Mozilla/5.0 (compatible; AhrefsBot/5.1; +http://ahrefs.com/robot/)"
5.104.241.190 - - [06/Aug/2016:21:48:12 +0100] "GET / HTTP/1.0" 200 9465 "-" "Mozilla/5.0 (Windows; U; Windows NT 5.1; en-US; rv:1.7) Gecko/20040803 Firefox/0.9.3"
162.158.73.154 - - [06/Aug/2016:21:48:17 +0100] "POST /cto_osc_link.php HTTP/1.0" 200 1133 "-" "CarryTheOne"
78.129.161.54 - - [06/Aug/2016:21:51:17 +0100] "POST /cto_osc_link.php HTTP/1.0" 200 1389 "-" "CarryTheOne"
108.162.244.138 - - [06/Aug/2016:21:51:49 +0100] "GET /blog/tag/bee-pollen/ HTTP/1.0" 301 950 "-" "Mozilla/5.0 (compatible; Yahoo! Slurp; http://help.yahoo.com/help/us/ysearch/slurp)"
108.162.228.154 - - [06/Aug/2016:21:52:57 +0100] "GET /blog/2011/06/24/vegetable-oils-vs-esterified-oils-which-are-better-for-the-skin/feed/ HTTP/1.0" 301 1055 "-" "Mozilla/5.0 (compatible; AhrefsBot/5.1; +http://ahrefs.com/robot/)"
78.129.161.54 - - [06/Aug/2016:21:54:09 +0100] "GET /checkout/shipping HTTP/1.0" 302 775 "http://www.paiskincare.com/index.php?main_page=shopping_cart&number_of_uploads=0" "Mozilla/5.0 (iPad; CPU OS 8_1_3 like Mac OS X) AppleWebKit/600.1.4 (KHTML, like Gecko) Version/8.0 Mobile/12B466 Safari/600.1.4"
78.129.161.54 - - [06/Aug/2016:21:54:09 +0100] "GET /index.php?main_page=login HTTP/1.0" 301 710 "http://www.paiskincare.com/index.php?main_page=shopping_cart&number_of_uploads=0" "Mozilla/5.0 (iPad; CPU OS 8_1_3 like Mac OS X) AppleWebKit/600.1.4 (KHTML, like Gecko) Version/8.0 Mobile/12B466 Safari/600.1.4"
78.129.161.54 - - [06/Aug/2016:21:54:09 +0100] "GET /account/login HTTP/1.0" 200 67998 "http://www.paiskincare.com/index.php?main_page=shopping_cart&number_of_uploads=0" "Mozilla/5.0 (iPad; CPU OS 8_1_3 like Mac OS X) AppleWebKit/600.1.4 (KHTML, like Gecko) Version/8.0 Mobile/12B466 Safari/600.1.4"
162.158.73.154 - - [06/Aug/2016:21:54:19 +0100] "POST /cto_osc_link.php HTTP/1.0" 200 1133 "-" "CarryTheOne"
78.129.161.54 - - [06/Aug/2016:21:54:36 +0100] "POST /index.php?main_page=login&action=process HTTP/1.0" 200 68582 "https://www.paiskincare.com/account/login" "Mozilla/5.0 (iPad; CPU OS 8_1_3 like Mac OS X) AppleWebKit/600.1.4 (KHTML, like Gecko) Version/8.0 Mobile/12B466 Safari/600.1.4"
78.129.161.54 - - [06/Aug/2016:21:54:56 +0100] "POST /index.php?main_page=login&action=process HTTP/1.0" 200 68582 "https://www.paiskincare.com/index.php?main_page=login&action=process" "Mozilla/5.0 (iPad; CPU OS 8_1_3 like Mac OS X) AppleWebKit/600.1.4 (KHTML, like Gecko) Version/8.0 Mobile/12B466 Safari/600.1.4"
78.129.161.54 - - [06/Aug/2016:21:55:00 +0100] "GET /index.php?main_page=no_account HTTP/1.0" 200 67705 "https://www.paiskincare.com/index.php?main_page=login&action=process" "Mozilla/5.0 (iPad; CPU OS 8_1_3 like Mac OS X) AppleWebKit/600.1.4 (KHTML, like Gecko) Version/8.0 Mobile/12B466 Safari/600.1.4"
78.129.161.54 - - [06/Aug/2016:21:55:09 +0100] "GET /account/login HTTP/1.0" 200 67998 "https://www.paiskincare.com/index.php?main_page=no_account" "Mozilla/5.0 (iPad; CPU OS 8_1_3 like Mac OS X) AppleWebKit/600.1.4 (KHTML, like Gecko) Version/8.0 Mobile/12B466 Safari/600.1.4"
78.129.161.54 - - [06/Aug/2016:21:55:13 +0100] "GET /index.php?main_page=password_forgotten HTTP/1.0" 200 31987 "https://www.paiskincare.com/account/login" "Mozilla/5.0 (iPad; CPU OS 8_1_3 like Mac OS X) AppleWebKit/600.1.4 (KHTML, like Gecko) Version/8.0 Mobile/12B466 Safari/600.1.4"
78.129.161.54 - - [06/Aug/2016:21:55:32 +0100] "POST /index.php?main_page=password_forgotten&action=process HTTP/1.0" 302 997 "https://www.paiskincare.com/index.php?main_page=password_forgotten" "Mozilla/5.0 (iPad; CPU OS 8_1_3 like Mac OS X) AppleWebKit/600.1.4 (KHTML, like Gecko) Version/8.0 Mobile/12B466 Safari/600.1.4"
78.129.161.54 - - [06/Aug/2016:21:55:33 +0100] "GET /index.php?main_page=login HTTP/1.0" 301 710 "https://www.paiskincare.com/index.php?main_page=password_forgotten" "Mozilla/5.0 (iPad; CPU OS 8_1_3 like Mac OS X) AppleWebKit/600.1.4 (KHTML, like Gecko) Version/8.0 Mobile/12B466 Safari/600.1.4"
78.129.161.54 - - [06/Aug/2016:21:55:33 +0100] "GET /account/login HTTP/1.0" 200 67998 "https://www.paiskincare.com/index.php?main_page=password_forgotten" "Mozilla/5.0 (iPad; CPU OS 8_1_3 like Mac OS X) AppleWebKit/600.1.4 (KHTML, like Gecko) Version/8.0 Mobile/12B466 Safari/600.1.4"
141.101.106.100 - - [06/Aug/2016:21:56:14 +0100] "POST /index.php?main_page=login&action=process HTTP/1.0" 302 1001 "https://www.paiskincare.com/account/login" "Mozilla/5.0 (iPad; CPU OS 8_1_3 like Mac OS X) AppleWebKit/600.1.4 (KHTML, like Gecko) Version/8.0 Mobile/12B466 Safari/600.1.4"
78.129.161.54 - - [06/Aug/2016:21:56:14 +0100] "GET /index.php?main_page=checkout_shipping HTTP/1.0" 301 714 "https://www.paiskincare.com/account/login" "Mozilla/5.0 (iPad; CPU OS 8_1_3 like Mac OS X) AppleWebKit/600.1.4 (KHTML, like Gecko) Version/8.0 Mobile/12B466 Safari/600.1.4"
78.129.161.54 - - [06/Aug/2016:21:56:14 +0100] "GET /checkout/shipping HTTP/1.0" 200 30810 "https://www.paiskincare.com/account/login" "Mozilla/5.0 (iPad; CPU OS 8_1_3 like Mac OS X) AppleWebKit/600.1.4 (KHTML, like Gecko) Version/8.0 Mobile/12B466 Safari/600.1.4"
78.129.161.54 - - [06/Aug/2016:21:56:40 +0100] "GET /checkout/shipping HTTP/1.0" 302 775 "http://www.paiskincare.com/index.php?main_page=shopping_cart&number_of_uploads=0" "Mozilla/5.0 (iPad; CPU OS 8_3 like Mac OS X) AppleWebKit/600.1.4 (KHTML, like Gecko) GSA/17.0.128207670 Mobile/12F69 Safari/600.1.4"
78.129.161.54 - - [06/Aug/2016:21:56:40 +0100] "GET /index.php?main_page=login HTTP/1.0" 301 710 "http://www.paiskincare.com/index.php?main_page=shopping_cart&number_of_uploads=0" "Mozilla/5.0 (iPad; CPU OS 8_3 like Mac OS X) AppleWebKit/600.1.4 (KHTML, like Gecko) GSA/17.0.128207670 Mobile/12F69 Safari/600.1.4"
78.129.161.54 - - [06/Aug/2016:21:56:40 +0100] "GET /account/login HTTP/1.0" 200 67998 "http://www.paiskincare.com/index.php?main_page=shopping_cart&number_of_uploads=0" "Mozilla/5.0 (iPad; CPU OS 8_3 like Mac OS X) AppleWebKit/600.1.4 (KHTML, like Gecko) GSA/17.0.128207670 Mobile/12F69 Safari/600.1.4"
78.129.161.54 - - [06/Aug/2016:21:56:45 +0100] "POST /index.php?main_page=checkout_shipping HTTP/1.0" 302 786 "https://www.paiskincare.com/checkout/shipping" "Mozilla/5.0 (iPad; CPU OS 8_1_3 like Mac OS X) AppleWebKit/600.1.4 (KHTML, like Gecko) Version/8.0 Mobile/12B466 Safari/600.1.4"
