162.158.73.154 - - [10/Aug/2016:09:39:29 +0100] "POST /cto_osc_link.php HTTP/1.0" 200 1133 "-" "CarryTheOne"
78.129.161.54 - - [10/Aug/2016:09:40:00 +0100] "GET / HTTP/1.0" 301 779 "-" "httpscheck (unknown version) CFNetwork/760.6.3 Darwin/15.6.0 (x86_64)"
78.129.161.54 - - [10/Aug/2016:09:40:00 +0100] "GET / HTTP/1.0" 200 30888 "-" "httpscheck (unknown version) CFNetwork/760.6.3 Darwin/15.6.0 (x86_64)"
31.10.146.16 - - [10/Aug/2016:09:40:00 +0100] "GET / HTTP/1.0" 200 9449 "-" "httpscheck (unknown version) CFNetwork/760.6.3 Darwin/15.6.0 (x86_64)"
78.129.161.54 - - [10/Aug/2016:09:42:20 +0100] "POST /cto_osc_link.php HTTP/1.0" 200 6705 "-" "CarryTheOne"
162.158.73.154 - - [10/Aug/2016:09:45:21 +0100] "POST /cto_osc_link.php HTTP/1.0" 200 1133 "-" "CarryTheOne"
78.129.161.54 - - [10/Aug/2016:09:48:19 +0100] "POST /cto_osc_link.php HTTP/1.0" 200 1389 "-" "CarryTheOne"
162.158.73.154 - - [10/Aug/2016:09:51:21 +0100] "POST /cto_osc_link.php HTTP/1.0" 200 1133 "-" "CarryTheOne"
66.249.69.169 - - [10/Aug/2016:09:51:41 +0100] "GET / HTTP/1.0" 200 9259 "-" "Mozilla/5.0 (compatible; Googlebot/2.1; +http://www.google.com/bot.html)"
78.129.161.54 - - [10/Aug/2016:09:54:20 +0100] "POST /cto_osc_link.php HTTP/1.0" 200 1389 "-" "CarryTheOne"
108.162.244.138 - - [10/Aug/2016:09:56:09 +0100] "GET /blog/tag/mi/ HTTP/1.0" 301 937 "-" "Mozilla/5.0 (compatible; Yahoo! Slurp; http://help.yahoo.com/help/us/ysearch/slurp)"
162.158.73.154 - - [10/Aug/2016:09:57:20 +0100] "POST /cto_osc_link.php HTTP/1.0" 200 1133 "-" "CarryTheOne"
78.129.161.54 - - [10/Aug/2016:10:00:19 +0100] "POST /cto_osc_link.php HTTP/1.0" 200 1389 "-" "CarryTheOne"
162.158.108.196 - - [10/Aug/2016:10:03:21 +0100] "GET /blog/2014/09/01/the-link-between-stomach-bacteria-and-skin/feed/ HTTP/1.0" 301 1023 "-" "Mozilla/5.0 (compatible; AhrefsBot/5.1; +http://ahrefs.com/robot/)"
162.158.73.154 - - [10/Aug/2016:10:03:33 +0100] "POST /cto_osc_link.php HTTP/1.0" 200 1133 "-" "CarryTheOne"
78.129.161.54 - - [10/Aug/2016:10:06:27 +0100] "POST /cto_osc_link.php HTTP/1.0" 200 1389 "-" "CarryTheOne"
162.158.73.154 - - [10/Aug/2016:10:09:19 +0100] "POST /cto_osc_link.php HTTP/1.0" 200 1133 "-" "CarryTheOne"
5.104.241.192 - - [10/Aug/2016:10:10:36 +0100] "GET / HTTP/1.0" 200 9448 "-" "Opera/9.25 (Windows NT 6.0; U; en)"
78.129.161.54 - - [10/Aug/2016:10:12:23 +0100] "POST /cto_osc_link.php HTTP/1.0" 200 1389 "-" "CarryTheOne"
157.55.39.66 - - [10/Aug/2016:10:12:27 +0100] "GET / HTTP/1.0" 200 9259 "-" "Mozilla/5.0 (compatible; bingbot/2.0; +http://www.bing.com/bingbot.htm)"
78.129.161.54 - - [10/Aug/2016:10:13:36 +0100] "GET /blog/tag/keratosis-pilaris/feed/ HTTP/1.0" 301 970 "-" "Mozilla/5.0 (compatible; AhrefsBot/5.1; +http://ahrefs.com/robot/)"
162.158.73.154 - - [10/Aug/2016:10:15:22 +0100] "POST /cto_osc_link.php HTTP/1.0" 200 1133 "-" "CarryTheOne"
78.129.161.54 - - [10/Aug/2016:10:18:25 +0100] "POST /cto_osc_link.php HTTP/1.0" 200 1389 "-" "CarryTheOne"
162.158.73.154 - - [10/Aug/2016:10:21:26 +0100] "POST /cto_osc_link.php HTTP/1.0" 200 1133 "-" "CarryTheOne"
78.129.161.54 - - [10/Aug/2016:10:24:26 +0100] "POST /cto_osc_link.php HTTP/1.0" 200 1389 "-" "CarryTheOne"
141.101.64.142 - - [10/Aug/2016:10:26:51 +0100] "GET /blog/category/wellbeing/page/3/ HTTP/1.0" 301 6285 "-" "Mozilla/5.0 (compatible; AhrefsBot/5.1; +http://ahrefs.com/robot/)"
162.158.73.154 - - [10/Aug/2016:10:27:21 +0100] "POST /cto_osc_link.php HTTP/1.0" 200 1133 "-" "CarryTheOne"
78.129.161.54 - - [10/Aug/2016:10:30:22 +0100] "POST /cto_osc_link.php HTTP/1.0" 200 1389 "-" "CarryTheOne"
141.101.64.142 - - [10/Aug/2016:10:33:06 +0100] "GET /blog/tag/aromatherapy/feed/ HTTP/1.0" 301 6276 "-" "Mozilla/5.0 (compatible; AhrefsBot/5.1; +http://ahrefs.com/robot/)"
162.158.73.154 - - [10/Aug/2016:10:33:38 +0100] "POST /cto_osc_link.php HTTP/1.0" 200 1133 "-" "CarryTheOne"
78.129.161.54 - - [10/Aug/2016:10:33:50 +0100] "GET /checkout/shipping HTTP/1.0" 302 775 "http://www.paiskincare.com/index.php?main_page=shopping_cart&number_of_uploads=0" "Mozilla/5.0 (Macintosh; Intel Mac OS X 10_10_5) AppleWebKit/537.36 (KHTML, like Gecko) Chrome/51.0.2704.103 Safari/537.36"
78.129.161.54 - - [10/Aug/2016:10:33:50 +0100] "GET /index.php?main_page=login HTTP/1.0" 301 710 "http://www.paiskincare.com/index.php?main_page=shopping_cart&number_of_uploads=0" "Mozilla/5.0 (Macintosh; Intel Mac OS X 10_10_5) AppleWebKit/537.36 (KHTML, like Gecko) Chrome/51.0.2704.103 Safari/537.36"
78.129.161.54 - - [10/Aug/2016:10:33:50 +0100] "GET /account/login HTTP/1.0" 200 68028 "http://www.paiskincare.com/index.php?main_page=shopping_cart&number_of_uploads=0" "Mozilla/5.0 (Macintosh; Intel Mac OS X 10_10_5) AppleWebKit/537.36 (KHTML, like Gecko) Chrome/51.0.2704.103 Safari/537.36"
78.129.161.54 - - [10/Aug/2016:10:34:12 +0100] "POST /index.php?main_page=login&action=process HTTP/1.0" 200 68583 "https://www.paiskincare.com/account/login" "Mozilla/5.0 (Macintosh; Intel Mac OS X 10_10_5) AppleWebKit/537.36 (KHTML, like Gecko) Chrome/51.0.2704.103 Safari/537.36"
78.129.161.54 - - [10/Aug/2016:10:34:30 +0100] "POST /index.php?main_page=login&action=process HTTP/1.0" 200 68583 "https://www.paiskincare.com/index.php?main_page=login&action=process" "Mozilla/5.0 (Macintosh; Intel Mac OS X 10_10_5) AppleWebKit/537.36 (KHTML, like Gecko) Chrome/51.0.2704.103 Safari/537.36"
162.158.108.196 - - [10/Aug/2016:10:34:40 +0100] "GET /blog/2012/12/04/3-steps-to-radiant-skin/ HTTP/1.0" 301 983 "-" "Mozilla/5.0 (compatible; AhrefsBot/5.1; +http://ahrefs.com/robot/)"
78.129.161.54 - - [10/Aug/2016:10:34:46 +0100] "POST /index.php?main_page=login&action=process HTTP/1.0" 302 869 "https://www.paiskincare.com/index.php?main_page=login&action=process" "Mozilla/5.0 (Macintosh; Intel Mac OS X 10_10_5) AppleWebKit/537.36 (KHTML, like Gecko) Chrome/51.0.2704.103 Safari/537.36"
78.129.161.54 - - [10/Aug/2016:10:34:46 +0100] "GET /index.php?main_page=checkout_shipping HTTP/1.0" 301 714 "https://www.paiskincare.com/index.php?main_page=login&action=process" "Mozilla/5.0 (Macintosh; Intel Mac OS X 10_10_5) AppleWebKit/537.36 (KHTML, like Gecko) Chrome/51.0.2704.103 Safari/537.36"
78.129.161.54 - - [10/Aug/2016:10:34:46 +0100] "GET /checkout/shipping HTTP/1.0" 200 30780 "https://www.paiskincare.com/index.php?main_page=login&action=process" "Mozilla/5.0 (Macintosh; Intel Mac OS X 10_10_5) AppleWebKit/537.36 (KHTML, like Gecko) Chrome/51.0.2704.103 Safari/537.36"
78.129.161.54 - - [10/Aug/2016:10:34:50 +0100] "GET /index.php?main_page=checkout_shipping_address HTTP/1.0" 200 63304 "https://www.paiskincare.com/checkout/shipping" "Mozilla/5.0 (Macintosh; Intel Mac OS X 10_10_5) AppleWebKit/537.36 (KHTML, like Gecko) Chrome/51.0.2704.103 Safari/537.36"
78.129.161.54 - - [10/Aug/2016:10:34:59 +0100] "POST /index.php?main_page=checkout_shipping_address HTTP/1.0" 302 787 "https://www.paiskincare.com/index.php?main_page=checkout_shipping_address" "Mozilla/5.0 (Macintosh; Intel Mac OS X 10_10_5) AppleWebKit/537.36 (KHTML, like Gecko) Chrome/51.0.2704.103 Safari/537.36"
78.129.161.54 - - [10/Aug/2016:10:34:59 +0100] "GET /index.php?main_page=checkout_shipping HTTP/1.0" 301 714 "https://www.paiskincare.com/index.php?main_page=checkout_shipping_address" "Mozilla/5.0 (Macintosh; Intel Mac OS X 10_10_5) AppleWebKit/537.36 (KHTML, like Gecko) Chrome/51.0.2704.103 Safari/537.36"
78.129.161.54 - - [10/Aug/2016:10:34:59 +0100] "GET /checkout/shipping HTTP/1.0" 200 30788 "https://www.paiskincare.com/index.php?main_page=checkout_shipping_address" "Mozilla/5.0 (Macintosh; Intel Mac OS X 10_10_5) AppleWebKit/537.36 (KHTML, like Gecko) Chrome/51.0.2704.103 Safari/537.36"
78.129.161.54 - - [10/Aug/2016:10:35:06 +0100] "POST /index.php?main_page=checkout_shipping HTTP/1.0" 302 786 "https://www.paiskincare.com/checkout/shipping" "Mozilla/5.0 (Macintosh; Intel Mac OS X 10_10_5) AppleWebKit/537.36 (KHTML, like Gecko) Chrome/51.0.2704.103 Safari/537.36"
78.129.161.54 - - [10/Aug/2016:10:35:07 +0100] "GET /index.php?main_page=checkout_payment HTTP/1.0" 200 38502 "https://www.paiskincare.com/checkout/shipping" "Mozilla/5.0 (Macintosh; Intel Mac OS X 10_10_5) AppleWebKit/537.36 (KHTML, like Gecko) Chrome/51.0.2704.103 Safari/537.36"
78.129.161.54 - - [10/Aug/2016:10:35:13 +0100] "GET /index.php?main_page=checkout_payment_address HTTP/1.0" 200 60821 "https://www.paiskincare.com/index.php?main_page=checkout_payment" "Mozilla/5.0 (Macintosh; Intel Mac OS X 10_10_5) AppleWebKit/537.36 (KHTML, like Gecko) Chrome/51.0.2704.103 Safari/537.36"
78.129.161.54 - - [10/Aug/2016:10:35:27 +0100] "POST /index.php?main_page=checkout_payment_address HTTP/1.0" 302 786 "https://www.paiskincare.com/index.php?main_page=checkout_payment_address" "Mozilla/5.0 (Macintosh; Intel Mac OS X 10_10_5) AppleWebKit/537.36 (KHTML, like Gecko) Chrome/51.0.2704.103 Safari/537.36"
78.129.161.54 - - [10/Aug/2016:10:35:27 +0100] "GET /index.php?main_page=checkout_payment HTTP/1.0" 200 38504 "https://www.paiskincare.com/index.php?main_page=checkout_payment_address" "Mozilla/5.0 (Macintosh; Intel Mac OS X 10_10_5) AppleWebKit/537.36 (KHTML, like Gecko) Chrome/51.0.2704.103 Safari/537.36"
78.129.161.54 - - [10/Aug/2016:10:35:42 +0100] "GET /index.php?main_page=checkout_payment_address HTTP/1.0" 200 60823 "https://www.paiskincare.com/index.php?main_page=checkout_payment" "Mozilla/5.0 (Macintosh; Intel Mac OS X 10_10_5) AppleWebKit/537.36 (KHTML, like Gecko) Chrome/51.0.2704.103 Safari/537.36"
78.129.161.54 - - [10/Aug/2016:10:35:45 +0100] "GET /index.php?main_page=checkout_payment HTTP/1.0" 200 38504 "https://www.paiskincare.com/checkout/shipping" "Mozilla/5.0 (Macintosh; Intel Mac OS X 10_10_5) AppleWebKit/537.36 (KHTML, like Gecko) Chrome/51.0.2704.103 Safari/537.36"
78.129.161.54 - - [10/Aug/2016:10:35:48 +0100] "GET /checkout/shipping HTTP/1.0" 200 30788 "https://www.paiskincare.com/index.php?main_page=checkout_shipping_address" "Mozilla/5.0 (Macintosh; Intel Mac OS X 10_10_5) AppleWebKit/537.36 (KHTML, like Gecko) Chrome/51.0.2704.103 Safari/537.36"
78.129.161.54 - - [10/Aug/2016:10:35:52 +0100] "POST /index.php?main_page=checkout_shipping HTTP/1.0" 302 786 "https://www.paiskincare.com/checkout/shipping" "Mozilla/5.0 (Macintosh; Intel Mac OS X 10_10_5) AppleWebKit/537.36 (KHTML, like Gecko) Chrome/51.0.2704.103 Safari/537.36"
78.129.161.54 - - [10/Aug/2016:10:35:53 +0100] "GET /index.php?main_page=checkout_payment HTTP/1.0" 200 38504 "https://www.paiskincare.com/checkout/shipping" "Mozilla/5.0 (Macintosh; Intel Mac OS X 10_10_5) AppleWebKit/537.36 (KHTML, like Gecko) Chrome/51.0.2704.103 Safari/537.36"
78.129.161.54 - - [10/Aug/2016:10:36:03 +0100] "GET /blog/2015/04/02/our-masks-are-back-and-here-to-stay/feed/ HTTP/1.0" 301 1020 "-" "Mozilla/5.0 (compatible; AhrefsBot/5.1; +http://ahrefs.com/robot/)"
78.129.161.54 - - [10/Aug/2016:10:36:35 +0100] "POST /cto_osc_link.php HTTP/1.0" 200 1389 "-" "CarryTheOne"
78.129.161.54 - - [10/Aug/2016:10:36:39 +0100] "POST /index.php?main_page=checkout_confirmation HTTP/1.0" 200 35423 "https://www.paiskincare.com/index.php?main_page=checkout_payment" "Mozilla/5.0 (Macintosh; Intel Mac OS X 10_10_5) AppleWebKit/537.36 (KHTML, like Gecko) Chrome/51.0.2704.103 Safari/537.36"
162.158.152.76 - - [10/Aug/2016:10:36:48 +0100] "POST /index.php?main_page=checkout_process HTTP/1.0" 302 918 "https://www.paiskincare.com/index.php?main_page=checkout_confirmation" "Mozilla/5.0 (Macintosh; Intel Mac OS X 10_10_5) AppleWebKit/537.36 (KHTML, like Gecko) Chrome/51.0.2704.103 Safari/537.36"
78.129.161.54 - - [10/Aug/2016:10:36:52 +0100] "GET /index.php?main_page=checkout_success HTTP/1.0" 200 27218 "https://www.paiskincare.com/index.php?main_page=checkout_confirmation" "Mozilla/5.0 (Macintosh; Intel Mac OS X 10_10_5) AppleWebKit/537.36 (KHTML, like Gecko) Chrome/51.0.2704.103 Safari/537.36"
162.158.73.154 - - [10/Aug/2016:10:39:21 +0100] "POST /cto_osc_link.php HTTP/1.0" 200 1978 "-" "CarryTheOne"
78.129.161.54 - - [10/Aug/2016:10:42:23 +0100] "POST /cto_osc_link.php HTTP/1.0" 200 1389 "-" "CarryTheOne"
162.158.73.154 - - [10/Aug/2016:10:46:39 +0100] "POST /cto_osc_link.php HTTP/1.0" 200 1133 "-" "CarryTheOne"
78.129.161.54 - - [10/Aug/2016:10:48:26 +0100] "GET /blog/tag/jamie-oliver/feed/ HTTP/1.0" 301 960 "-" "Mozilla/5.0 (compatible; AhrefsBot/5.1; +http://ahrefs.com/robot/)"
66.249.69.191 - - [10/Aug/2016:10:49:43 +0100] "GET / HTTP/1.0" 200 9259 "-" "Mozilla/5.0 (Linux; Android 6.0.1; Nexus 5X Build/MMB29P) AppleWebKit/537.36 (KHTML, like Gecko) Chrome/41.0.2272.96 Mobile Safari/537.36 (compatible; Googlebot/2.1; +http://www.google.com/bot.html)"
78.129.161.54 - - [10/Aug/2016:10:51:33 +0100] "POST /cto_osc_link.php HTTP/1.0" 200 1389 "-" "CarryTheOne"
162.158.108.196 - - [10/Aug/2016:10:53:55 +0100] "GET /blog/tag/isotonic/ HTTP/1.0" 301 947 "-" "Mozilla/5.0 (compatible; AhrefsBot/5.1; +http://ahrefs.com/robot/)"
162.158.73.154 - - [10/Aug/2016:10:54:28 +0100] "POST /cto_osc_link.php HTTP/1.0" 200 1133 "-" "CarryTheOne"
108.162.244.138 - - [10/Aug/2016:10:54:29 +0100] "GET /blog/tag/city-break/feed/ HTTP/1.0" 301 958 "-" "Mozilla/5.0 (compatible; Yahoo! Slurp; http://help.yahoo.com/help/us/ysearch/slurp)"
162.158.85.110 - - [10/Aug/2016:10:55:22 +0100] "GET /blog/tag/food/feed HTTP/1.0" 301 947 "-" "Mozilla/5.0 (Windows; U; Windows NT 5.1; en-US; rv:1.8.1.6) Gecko/20070725 Firefox/2.0.0.6 - James BOT - WebCrawler http://cognitiveseo.com/bot.html"
78.129.161.54 - - [10/Aug/2016:10:56:33 +0100] "GET /blog/tag/exfoliate/feed/ HTTP/1.0" 301 954 "-" "Mozilla/5.0 (compatible; AhrefsBot/5.1; +http://ahrefs.com/robot/)"
78.129.161.54 - - [10/Aug/2016:10:57:22 +0100] "POST /cto_osc_link.php HTTP/1.0" 200 1389 "-" "CarryTheOne"
141.101.64.142 - - [10/Aug/2016:10:58:54 +0100] "GET /blog/tag/pai-award/ HTTP/1.0" 301 948 "-" "Mozilla/5.0 (compatible; AhrefsBot/5.1; +http://ahrefs.com/robot/)"
162.158.73.154 - - [10/Aug/2016:11:00:23 +0100] "POST /cto_osc_link.php HTTP/1.0" 200 1133 "-" "CarryTheOne"
78.129.161.54 - - [10/Aug/2016:11:03:21 +0100] "POST /cto_osc_link.php HTTP/1.0" 200 1389 "-" "CarryTheOne"
162.158.73.154 - - [10/Aug/2016:11:06:19 +0100] "POST /cto_osc_link.php HTTP/1.0" 200 1133 "-" "CarryTheOne"
108.162.244.138 - - [10/Aug/2016:11:06:25 +0100] "GET /blog/2013/12/04/which-moisturiser-is-right-for-me/feed/ HTTP/1.0" 301 1010 "-" "Mozilla/5.0 (compatible; Yahoo! Slurp; http://help.yahoo.com/help/us/ysearch/slurp)"
78.129.161.54 - - [10/Aug/2016:11:09:19 +0100] "POST /cto_osc_link.php HTTP/1.0" 200 1389 "-" "CarryTheOne"
162.158.73.154 - - [10/Aug/2016:11:12:20 +0100] "POST /cto_osc_link.php HTTP/1.0" 200 1133 "-" "CarryTheOne"
78.129.161.54 - - [10/Aug/2016:11:15:21 +0100] "POST /cto_osc_link.php HTTP/1.0" 200 1389 "-" "CarryTheOne"
86.149.196.249 - - [10/Aug/2016:11:16:40 +0100] "GET / HTTP/1.0" 200 14766 "-" "Mozilla/5.0 (Macintosh; Intel Mac OS X 10_10_5) AppleWebKit/601.6.17 (KHTML, like Gecko)"
78.129.161.54 - - [10/Aug/2016:11:16:41 +0100] "GET / HTTP/1.0" 200 31074 "-" "Mozilla/5.0 (iPhone; CPU iPhone OS 9_3 like Mac OS X) AppleWebKit/601.1.46 (KHTML, like Gecko) Version/9.0 Mobile/13E188a Safari/601.1"
162.158.73.154 - - [10/Aug/2016:11:18:19 +0100] "POST /cto_osc_link.php HTTP/1.0" 200 1133 "-" "CarryTheOne"
78.129.161.54 - - [10/Aug/2016:11:21:21 +0100] "POST /cto_osc_link.php HTTP/1.0" 200 1389 "-" "CarryTheOne"
162.158.73.154 - - [10/Aug/2016:11:24:19 +0100] "POST /cto_osc_link.php HTTP/1.0" 200 1133 "-" "CarryTheOne"
108.162.244.138 - - [10/Aug/2016:11:24:47 +0100] "GET /blog/tag/triyoga/ HTTP/1.0" 301 946 "-" "Mozilla/5.0 (compatible; Yahoo! Slurp; http://help.yahoo.com/help/us/ysearch/slurp)"
78.129.161.54 - - [10/Aug/2016:11:27:18 +0100] "POST /cto_osc_link.php HTTP/1.0" 200 1389 "-" "CarryTheOne"
162.158.73.154 - - [10/Aug/2016:11:30:21 +0100] "POST /cto_osc_link.php HTTP/1.0" 200 1133 "-" "CarryTheOne"
78.129.161.54 - - [10/Aug/2016:11:32:51 +0100] "GET /ipn_main_handler.php?type=ec HTTP/1.0" 302 6139 "http://www.paiskincare.com/index.php?main_page=shopping_cart&product_id=25%3A171dbe3f97a8b349ca5f80711e1f8b12" "Mozilla/5.0 (iPad; CPU OS 9_3_3 like Mac OS X) AppleWebKit/601.1.46 (KHTML, like Gecko) Version/9.0 Mobile/13G34 Safari/601.1"
108.162.228.154 - - [10/Aug/2016:11:33:01 +0100] "GET /blog/tag/pancake/feed/ HTTP/1.0" 301 953 "-" "Mozilla/5.0 (compatible; AhrefsBot/5.1; +http://ahrefs.com/robot/)"
78.129.161.54 - - [10/Aug/2016:11:33:19 +0100] "POST /cto_osc_link.php HTTP/1.0" 200 1389 "-" "CarryTheOne"
78.129.161.54 - - [10/Aug/2016:11:34:06 +0100] "GET /ipn_main_handler.php?type=ec&token=EC-18F54615481296224&PayerID=8BQHXVYAG25A4 HTTP/1.0" 302 868 "https://www.paypal.com/cgi-bin/webscr?cmd=_express-checkout&token=EC-18F54615481296224&useraction=continue" "Mozilla/5.0 (iPad; CPU OS 9_3_3 like Mac OS X) AppleWebKit/601.1.46 (KHTML, like Gecko) Version/9.0 Mobile/13G34 Safari/601.1"
78.129.161.54 - - [10/Aug/2016:11:34:08 +0100] "GET /index.php?main_page=checkout_payment HTTP/1.0" 200 34268 "https://www.paypal.com/cgi-bin/webscr?cmd=_express-checkout&token=EC-18F54615481296224&useraction=continue" "Mozilla/5.0 (iPad; CPU OS 9_3_3 like Mac OS X) AppleWebKit/601.1.46 (KHTML, like Gecko) Version/9.0 Mobile/13G34 Safari/601.1"
78.129.161.54 - - [10/Aug/2016:11:34:31 +0100] "POST /index.php?main_page=checkout_confirmation HTTP/1.0" 200 34472 "https://www.paiskincare.com/index.php?main_page=checkout_payment" "Mozilla/5.0 (iPad; CPU OS 9_3_3 like Mac OS X) AppleWebKit/601.1.46 (KHTML, like Gecko) Version/9.0 Mobile/13G34 Safari/601.1"
78.129.161.54 - - [10/Aug/2016:11:34:50 +0100] "POST /index.php?main_page=checkout_process HTTP/1.0" 302 786 "https://www.paiskincare.com/index.php?main_page=checkout_confirmation" "Mozilla/5.0 (iPad; CPU OS 9_3_3 like Mac OS X) AppleWebKit/601.1.46 (KHTML, like Gecko) Version/9.0 Mobile/13G34 Safari/601.1"
78.129.161.54 - - [10/Aug/2016:11:34:56 +0100] "GET /index.php?main_page=checkout_success HTTP/1.0" 200 27511 "https://www.paiskincare.com/index.php?main_page=checkout_confirmation" "Mozilla/5.0 (iPad; CPU OS 9_3_3 like Mac OS X) AppleWebKit/601.1.46 (KHTML, like Gecko) Version/9.0 Mobile/13G34 Safari/601.1"
78.129.161.54 - - [10/Aug/2016:11:35:19 +0100] "POST /index.php?main_page=checkout_success HTTP/1.0" 302 784 "https://www.paiskincare.com/index.php?main_page=checkout_success" "Mozilla/5.0 (iPad; CPU OS 9_3_3 like Mac OS X) AppleWebKit/601.1.46 (KHTML, like Gecko) Version/9.0 Mobile/13G34 Safari/601.1"
78.129.161.54 - - [10/Aug/2016:11:35:19 +0100] "GET /index.php?main_page=signup_success HTTP/1.0" 200 29664 "https://www.paiskincare.com/index.php?main_page=checkout_success" "Mozilla/5.0 (iPad; CPU OS 9_3_3 like Mac OS X) AppleWebKit/601.1.46 (KHTML, like Gecko) Version/9.0 Mobile/13G34 Safari/601.1"
162.158.73.154 - - [10/Aug/2016:11:36:18 +0100] "POST /cto_osc_link.php HTTP/1.0" 200 2011 "-" "CarryTheOne"
78.129.161.54 - - [10/Aug/2016:11:39:19 +0100] "POST /cto_osc_link.php HTTP/1.0" 200 1389 "-" "CarryTheOne"
162.158.73.154 - - [10/Aug/2016:11:42:34 +0100] "POST /cto_osc_link.php HTTP/1.0" 200 1133 "-" "CarryTheOne"
108.162.228.154 - - [10/Aug/2016:11:43:44 +0100] "GET /blog/tag/magasin/feed/ HTTP/1.0" 301 953 "-" "Mozilla/5.0 (compatible; AhrefsBot/5.1; +http://ahrefs.com/robot/)"
78.129.161.54 - - [10/Aug/2016:11:45:20 +0100] "POST /cto_osc_link.php HTTP/1.0" 200 1389 "-" "CarryTheOne"
162.158.73.154 - - [10/Aug/2016:11:48:17 +0100] "POST /cto_osc_link.php HTTP/1.0" 200 6449 "-" "CarryTheOne"
139.162.247.24 - - [10/Aug/2016:11:51:15 +0100] "GET /pages/company-history-2 HTTP/1.0" 200 10007 "-" "Railgun/5.3.0"
78.129.161.54 - - [10/Aug/2016:11:51:18 +0100] "POST /cto_osc_link.php HTTP/1.0" 200 1389 "-" "CarryTheOne"
78.129.161.54 - - [10/Aug/2016:11:53:45 +0100] "GET /checkout/shipping HTTP/1.0" 302 775 "http://www.paiskincare.com/shopping-cart/" "Mozilla/5.0 (iPhone; CPU iPhone OS 9_3_3 like Mac OS X) AppleWebKit/601.1.46 (KHTML, like Gecko) Version/9.0 Mobile/13G34 Safari/601.1"
78.129.161.54 - - [10/Aug/2016:11:53:45 +0100] "GET /index.php?main_page=login HTTP/1.0" 301 710 "http://www.paiskincare.com/shopping-cart/" "Mozilla/5.0 (iPhone; CPU iPhone OS 9_3_3 like Mac OS X) AppleWebKit/601.1.46 (KHTML, like Gecko) Version/9.0 Mobile/13G34 Safari/601.1"
78.129.161.54 - - [10/Aug/2016:11:53:45 +0100] "GET /account/login HTTP/1.0" 200 67998 "http://www.paiskincare.com/shopping-cart/" "Mozilla/5.0 (iPhone; CPU iPhone OS 9_3_3 like Mac OS X) AppleWebKit/601.1.46 (KHTML, like Gecko) Version/9.0 Mobile/13G34 Safari/601.1"
78.129.161.54 - - [10/Aug/2016:11:54:18 +0100] "POST /account/login HTTP/1.0" 302 49071 "https://www.paiskincare.com/account/login" "Mozilla/5.0 (iPhone; CPU iPhone OS 9_3_3 like Mac OS X) AppleWebKit/601.1.46 (KHTML, like Gecko) Version/9.0 Mobile/13G34 Safari/601.1"
78.129.161.54 - - [10/Aug/2016:11:54:18 +0100] "GET /index.php?main_page=signup_success HTTP/1.0" 200 29814 "https://www.paiskincare.com/account/login" "Mozilla/5.0 (iPhone; CPU iPhone OS 9_3_3 like Mac OS X) AppleWebKit/601.1.46 (KHTML, like Gecko) Version/9.0 Mobile/13G34 Safari/601.1"
162.158.73.154 - - [10/Aug/2016:11:54:20 +0100] "POST /cto_osc_link.php HTTP/1.0" 200 1133 "-" "CarryTheOne"
108.162.244.138 - - [10/Aug/2016:11:54:52 +0100] "GET /blog/category/industry-news/page/10/ HTTP/1.0" 301 962 "-" "Mozilla/5.0 (compatible; Yahoo! Slurp; http://help.yahoo.com/help/us/ysearch/slurp)"
182.253.73.110 - - [10/Aug/2016:11:56:30 +0100] "GET /pages/drinks-business-63 HTTP/1.0" 200 10601 "https://www.google.co.id/" "Mozilla/5.0 (Windows NT 6.3; WOW64) AppleWebKit/537.36 (KHTML, like Gecko) Chrome/52.0.2743.116 Safari/537.36"
78.129.161.54 - - [10/Aug/2016:11:57:16 +0100] "POST /cto_osc_link.php HTTP/1.0" 200 1389 "-" "CarryTheOne"
162.158.73.154 - - [10/Aug/2016:12:00:22 +0100] "POST /cto_osc_link.php HTTP/1.0" 200 1133 "-" "CarryTheOne"
78.129.161.54 - - [10/Aug/2016:12:03:19 +0100] "POST /cto_osc_link.php HTTP/1.0" 200 1389 "-" "CarryTheOne"
162.158.73.154 - - [10/Aug/2016:12:06:20 +0100] "POST /cto_osc_link.php HTTP/1.0" 200 1133 "-" "CarryTheOne"
78.129.161.54 - - [10/Aug/2016:12:09:16 +0100] "POST /cto_osc_link.php HTTP/1.0" 200 6705 "-" "CarryTheOne"
141.101.64.142 - - [10/Aug/2016:12:10:09 +0100] "GET /blog/tag/mature-skin/feed/ HTTP/1.0" 301 959 "-" "Mozilla/5.0 (compatible; AhrefsBot/5.1; +http://ahrefs.com/robot/)"
162.158.73.154 - - [10/Aug/2016:12:12:22 +0100] "POST /cto_osc_link.php HTTP/1.0" 200 1133 "-" "CarryTheOne"
78.129.161.54 - - [10/Aug/2016:12:15:17 +0100] "POST /cto_osc_link.php HTTP/1.0" 200 1389 "-" "CarryTheOne"
162.158.73.154 - - [10/Aug/2016:12:18:17 +0100] "POST /cto_osc_link.php HTTP/1.0" 200 1133 "-" "CarryTheOne"
78.129.161.54 - - [10/Aug/2016:12:21:19 +0100] "POST /cto_osc_link.php HTTP/1.0" 200 1389 "-" "CarryTheOne"
162.158.73.154 - - [10/Aug/2016:12:24:25 +0100] "POST /cto_osc_link.php HTTP/1.0" 200 1133 "-" "CarryTheOne"
162.158.152.232 - - [10/Aug/2016:12:25:16 +0100] "GET /index.php?main_page=signup_success HTTP/1.0" 200 8347 "https://www.paiskincare.com/account/login" "Mozilla/5.0 (iPhone; CPU iPhone OS 9_3_3 like Mac OS X) AppleWebKit/601.1.46 (KHTML, like Gecko) Version/9.0 Mobile/13G34 Safari/601.1"
78.129.161.54 - - [10/Aug/2016:12:27:27 +0100] "POST /cto_osc_link.php HTTP/1.0" 200 1389 "-" "CarryTheOne"
78.129.161.54 - - [10/Aug/2016:12:28:34 +0100] "GET /account/login HTTP/1.0" 200 68026 "http://www.paiskincare.com/index.php?main_page=shopping_cart&number_of_uploads=0" "Mozilla/5.0 (Windows NT 10.0; WOW64) AppleWebKit/537.36 (KHTML, like Gecko) Chrome/51.0.2704.103 Safari/537.36"
78.129.161.54 - - [10/Aug/2016:12:28:50 +0100] "GET /account/login HTTP/1.0" 200 66946 "http://www.paiskincare.com/index.php?main_page=index&gclid=CO3Mwdzets4CFeUy0wodRk0IfQ" "Mozilla/5.0 (Windows NT 6.1; Win64; x64) AppleWebKit/537.36 (KHTML, like Gecko) Chrome/52.0.2743.116 Safari/537.36"
78.129.161.54 - - [10/Aug/2016:12:28:59 +0100] "POST /index.php?main_page=login&action=process HTTP/1.0" 200 68581 "https://www.paiskincare.com/account/login" "Mozilla/5.0 (Windows NT 10.0; WOW64) AppleWebKit/537.36 (KHTML, like Gecko) Chrome/51.0.2704.103 Safari/537.36"
78.129.161.54 - - [10/Aug/2016:12:29:03 +0100] "POST /index.php?main_page=login&action=process HTTP/1.0" 302 857 "https://www.paiskincare.com/account/login" "Mozilla/5.0 (Windows NT 6.1; Win64; x64) AppleWebKit/537.36 (KHTML, like Gecko) Chrome/52.0.2743.116 Safari/537.36"
78.129.161.54 - - [10/Aug/2016:12:29:03 +0100] "GET /index.php?main_page=index HTTP/1.0" 301 697 "https://www.paiskincare.com/account/login" "Mozilla/5.0 (Windows NT 6.1; Win64; x64) AppleWebKit/537.36 (KHTML, like Gecko) Chrome/52.0.2743.116 Safari/537.36"
78.129.161.54 - - [10/Aug/2016:12:29:03 +0100] "GET / HTTP/1.0" 200 30927 "https://www.paiskincare.com/account/login" "Mozilla/5.0 (Windows NT 6.1; Win64; x64) AppleWebKit/537.36 (KHTML, like Gecko) Chrome/52.0.2743.116 Safari/537.36"
78.129.161.54 - - [10/Aug/2016:12:29:18 +0100] "GET /moisturisers-1/ HTTP/1.0" 200 35213 "https://www.paiskincare.com/" "Mozilla/5.0 (Windows NT 6.1; Win64; x64) AppleWebKit/537.36 (KHTML, like Gecko) Chrome/52.0.2743.116 Safari/537.36"
78.129.161.54 - - [10/Aug/2016:12:29:40 +0100] "GET /checkout/shipping HTTP/1.0" 200 30801 "http://www.paiskincare.com/index.php?main_page=shopping_cart&number_of_uploads=0" "Mozilla/5.0 (Windows NT 6.1; Win64; x64) AppleWebKit/537.36 (KHTML, like Gecko) Chrome/52.0.2743.116 Safari/537.36"
78.129.161.54 - - [10/Aug/2016:12:29:41 +0100] "GET /checkout/shipping HTTP/1.0" 200 30801 "http://www.paiskincare.com/index.php?main_page=shopping_cart&number_of_uploads=0" "Mozilla/5.0 (Windows NT 6.1; Win64; x64) AppleWebKit/537.36 (KHTML, like Gecko) Chrome/52.0.2743.116 Safari/537.36"
78.129.161.54 - - [10/Aug/2016:12:29:53 +0100] "POST /index.php?main_page=login&action=process HTTP/1.0" 200 68581 "https://www.paiskincare.com/index.php?main_page=login&action=process" "Mozilla/5.0 (Windows NT 10.0; WOW64) AppleWebKit/537.36 (KHTML, like Gecko) Chrome/51.0.2704.103 Safari/537.36"
78.129.161.54 - - [10/Aug/2016:12:29:57 +0100] "POST /index.php?main_page=checkout_shipping HTTP/1.0" 302 786 "https://www.paiskincare.com/checkout/shipping" "Mozilla/5.0 (Windows NT 6.1; Win64; x64) AppleWebKit/537.36 (KHTML, like Gecko) Chrome/52.0.2743.116 Safari/537.36"
78.129.161.54 - - [10/Aug/2016:12:29:57 +0100] "GET /index.php?main_page=checkout_payment HTTP/1.0" 200 38334 "https://www.paiskincare.com/checkout/shipping" "Mozilla/5.0 (Windows NT 6.1; Win64; x64) AppleWebKit/537.36 (KHTML, like Gecko) Chrome/52.0.2743.116 Safari/537.36"
78.129.161.54 - - [10/Aug/2016:12:30:06 +0100] "POST /index.php?main_page=login&action=process HTTP/1.0" 200 68581 "https://www.paiskincare.com/index.php?main_page=login&action=process" "Mozilla/5.0 (Windows NT 10.0; WOW64) AppleWebKit/537.36 (KHTML, like Gecko) Chrome/51.0.2704.103 Safari/537.36"
78.129.161.54 - - [10/Aug/2016:12:30:18 +0100] "POST /index.php?main_page=checkout_confirmation HTTP/1.0" 200 34541 "https://www.paiskincare.com/index.php?main_page=checkout_payment" "Mozilla/5.0 (Windows NT 6.1; Win64; x64) AppleWebKit/537.36 (KHTML, like Gecko) Chrome/52.0.2743.116 Safari/537.36"
78.129.161.54 - - [10/Aug/2016:12:30:26 +0100] "POST /index.php?main_page=checkout_process HTTP/1.0" 302 786 "https://www.paiskincare.com/index.php?main_page=checkout_confirmation" "Mozilla/5.0 (Windows NT 6.1; Win64; x64) AppleWebKit/537.36 (KHTML, like Gecko) Chrome/52.0.2743.116 Safari/537.36"
162.158.73.154 - - [10/Aug/2016:12:30:29 +0100] "POST /cto_osc_link.php HTTP/1.0" 200 1761 "-" "CarryTheOne"
78.129.161.54 - - [10/Aug/2016:12:30:30 +0100] "GET /index.php?main_page=checkout_success HTTP/1.0" 200 26906 "https://www.paiskincare.com/index.php?main_page=checkout_confirmation" "Mozilla/5.0 (Windows NT 6.1; Win64; x64) AppleWebKit/537.36 (KHTML, like Gecko) Chrome/52.0.2743.116 Safari/537.36"
78.129.161.54 - - [10/Aug/2016:12:30:36 +0100] "POST /index.php?main_page=login&action=process HTTP/1.0" 302 6202 "https://www.paiskincare.com/index.php?main_page=login&action=process" "Mozilla/5.0 (Windows NT 10.0; WOW64) AppleWebKit/537.36 (KHTML, like Gecko) Chrome/51.0.2704.103 Safari/537.36"
78.129.161.54 - - [10/Aug/2016:12:30:36 +0100] "GET /index.php?main_page=product_info&products_id=2&cPath=1 HTTP/1.0" 200 43226 "https://www.paiskincare.com/index.php?main_page=login&action=process" "Mozilla/5.0 (Windows NT 10.0; WOW64) AppleWebKit/537.36 (KHTML, like Gecko) Chrome/51.0.2704.103 Safari/537.36"
78.129.161.54 - - [10/Aug/2016:12:30:59 +0100] "GET /checkout/shipping HTTP/1.0" 200 30801 "http://www.paiskincare.com/shopping-cart/" "Mozilla/5.0 (Windows NT 10.0; WOW64) AppleWebKit/537.36 (KHTML, like Gecko) Chrome/51.0.2704.103 Safari/537.36"
78.129.161.54 - - [10/Aug/2016:12:31:02 +0100] "GET /log-off HTTP/1.0" 302 776 "https://www.paiskincare.com/index.php?main_page=checkout_success" "Mozilla/5.0 (Windows NT 6.1; Win64; x64) AppleWebKit/537.36 (KHTML, like Gecko) Chrome/52.0.2743.116 Safari/537.36"
78.129.161.54 - - [10/Aug/2016:12:31:02 +0100] "GET /index.php?main_page=logoff HTTP/1.0" 301 704 "https://www.paiskincare.com/index.php?main_page=checkout_success" "Mozilla/5.0 (Windows NT 6.1; Win64; x64) AppleWebKit/537.36 (KHTML, like Gecko) Chrome/52.0.2743.116 Safari/537.36"
78.129.161.54 - - [10/Aug/2016:12:31:02 +0100] "GET /log-off HTTP/1.0" 200 30778 "https://www.paiskincare.com/index.php?main_page=checkout_success" "Mozilla/5.0 (Windows NT 6.1; Win64; x64) AppleWebKit/537.36 (KHTML, like Gecko) Chrome/52.0.2743.116 Safari/537.36"
78.129.161.54 - - [10/Aug/2016:12:31:14 +0100] "POST /index.php?main_page=checkout_shipping HTTP/1.0" 302 786 "https://www.paiskincare.com/checkout/shipping" "Mozilla/5.0 (Windows NT 10.0; WOW64) AppleWebKit/537.36 (KHTML, like Gecko) Chrome/51.0.2704.103 Safari/537.36"
78.129.161.54 - - [10/Aug/2016:12:31:14 +0100] "GET /index.php?main_page=checkout_payment HTTP/1.0" 200 38336 "https://www.paiskincare.com/checkout/shipping" "Mozilla/5.0 (Windows NT 10.0; WOW64) AppleWebKit/537.36 (KHTML, like Gecko) Chrome/51.0.2704.103 Safari/537.36"
78.129.161.54 - - [10/Aug/2016:12:33:30 +0100] "POST /cto_osc_link.php HTTP/1.0" 200 1389 "-" "CarryTheOne"
162.158.108.196 - - [10/Aug/2016:12:34:52 +0100] "GET /blog/tag/mi/feed/ HTTP/1.0" 301 945 "-" "Mozilla/5.0 (compatible; AhrefsBot/5.1; +http://ahrefs.com/robot/)"
78.129.161.54 - - [10/Aug/2016:12:35:06 +0100] "POST /index.php?main_page=checkout_confirmation HTTP/1.0" 302 786 "https://www.paiskincare.com/index.php?main_page=checkout_payment" "Mozilla/5.0 (Windows NT 10.0; WOW64) AppleWebKit/537.36 (KHTML, like Gecko) Chrome/51.0.2704.103 Safari/537.36"
78.129.161.54 - - [10/Aug/2016:12:35:07 +0100] "GET /index.php?main_page=checkout_payment HTTP/1.0" 200 38558 "https://www.paiskincare.com/index.php?main_page=checkout_payment" "Mozilla/5.0 (Windows NT 10.0; WOW64) AppleWebKit/537.36 (KHTML, like Gecko) Chrome/51.0.2704.103 Safari/537.36"
78.129.161.54 - - [10/Aug/2016:12:35:53 +0100] "POST /index.php?main_page=checkout_confirmation HTTP/1.0" 200 39885 "https://www.paiskincare.com/index.php?main_page=checkout_payment" "Mozilla/5.0 (Windows NT 10.0; WOW64) AppleWebKit/537.36 (KHTML, like Gecko) Chrome/51.0.2704.103 Safari/537.36"
78.129.161.54 - - [10/Aug/2016:12:36:08 +0100] "POST /index.php?main_page=checkout_process HTTP/1.0" 302 786 "https://www.paiskincare.com/index.php?main_page=checkout_confirmation" "Mozilla/5.0 (Windows NT 10.0; WOW64) AppleWebKit/537.36 (KHTML, like Gecko) Chrome/51.0.2704.103 Safari/537.36"
78.129.161.54 - - [10/Aug/2016:12:36:13 +0100] "GET /index.php?main_page=checkout_success HTTP/1.0" 200 26927 "https://www.paiskincare.com/index.php?main_page=checkout_confirmation" "Mozilla/5.0 (Windows NT 10.0; WOW64) AppleWebKit/537.36 (KHTML, like Gecko) Chrome/51.0.2704.103 Safari/537.36"
162.158.73.154 - - [10/Aug/2016:12:36:19 +0100] "POST /cto_osc_link.php HTTP/1.0" 200 1774 "-" "CarryTheOne"
78.129.161.54 - - [10/Aug/2016:12:36:34 +0100] "POST /index.php?main_page=checkout_success HTTP/1.0" 200 26546 "https://www.paiskincare.com/index.php?main_page=checkout_success" "Mozilla/5.0 (Windows NT 10.0; WOW64) AppleWebKit/537.36 (KHTML, like Gecko) Chrome/51.0.2704.103 Safari/537.36"
78.129.161.54 - - [10/Aug/2016:12:39:15 +0100] "POST /cto_osc_link.php HTTP/1.0" 200 1389 "-" "CarryTheOne"
108.162.244.84 - - [10/Aug/2016:12:40:40 +0100] "GET /blog/2014/04/19/what-are-the-most-common-detergents/ HTTP/1.0" 301 1004 "-" "Mozilla/5.0 (compatible; bingbot/2.0; +http://www.bing.com/bingbot.htm)"
162.158.73.154 - - [10/Aug/2016:12:42:18 +0100] "POST /cto_osc_link.php HTTP/1.0" 200 1133 "-" "CarryTheOne"
78.129.161.54 - - [10/Aug/2016:12:42:21 +0100] "GET /pages/organic-certification-137 HTTP/1.0" 200 32594 "-" "Mozilla/5.0 (compatible; bingbot/2.0; +http://www.bing.com/bingbot.htm)"
40.77.167.54 - - [10/Aug/2016:12:42:37 +0100] "GET /pages/pai-stockists-store-locator-62 HTTP/1.0" 200 11357 "-" "Mozilla/5.0 (compatible; bingbot/2.0; +http://www.bing.com/bingbot.htm)"
78.129.161.54 - - [10/Aug/2016:12:45:18 +0100] "POST /cto_osc_link.php HTTP/1.0" 200 1389 "-" "CarryTheOne"
157.55.39.66 - - [10/Aug/2016:12:46:11 +0100] "GET /pages/company-history-2 HTTP/1.0" 200 9746 "-" "Mozilla/5.0 (compatible; bingbot/2.0; +http://www.bing.com/bingbot.htm)"
108.162.244.138 - - [10/Aug/2016:12:48:06 +0100] "GET /blog/tag/reactive/ HTTP/1.0" 301 947 "-" "Mozilla/5.0 (compatible; Yahoo! Slurp; http://help.yahoo.com/help/us/ysearch/slurp)"
162.158.73.154 - - [10/Aug/2016:12:48:19 +0100] "POST /cto_osc_link.php HTTP/1.0" 200 1133 "-" "CarryTheOne"
78.129.161.54 - - [10/Aug/2016:12:48:19 +0100] "GET /pages/gift-guide-180 HTTP/1.0" 200 40605 "-" "Mozilla/5.0 (compatible; bingbot/2.0; +http://www.bing.com/bingbot.htm)"
78.129.161.54 - - [10/Aug/2016:12:51:21 +0100] "POST /cto_osc_link.php HTTP/1.0" 200 1389 "-" "CarryTheOne"
207.46.13.1 - - [10/Aug/2016:12:53:41 +0100] "GET /dull-skin-10/ HTTP/1.0" 200 9492 "-" "Mozilla/5.0 (compatible; bingbot/2.0; +http://www.bing.com/bingbot.htm)"
162.158.73.154 - - [10/Aug/2016:12:54:24 +0100] "POST /cto_osc_link.php HTTP/1.0" 200 1133 "-" "CarryTheOne"
54.226.111.224 - - [10/Aug/2016:12:54:33 +0100] "GET /account/login?zenid=6qk8jcnt33ffr5kg31b94hm4t5 HTTP/1.0" 200 16071 "-" "ltx71 - (http://ltx71.com/)"
40.77.167.54 - - [10/Aug/2016:12:56:55 +0100] "GET /dry-dehydrated-20/ HTTP/1.0" 200 15404 "-" "Mozilla/5.0 (compatible; bingbot/2.0; +http://www.bing.com/bingbot.htm)"
78.129.161.54 - - [10/Aug/2016:12:57:17 +0100] "POST /cto_osc_link.php HTTP/1.0" 200 1389 "-" "CarryTheOne"
108.162.244.138 - - [10/Aug/2016:12:57:40 +0100] "GET /blog/2016/03/08/international-womens-day-2016/ HTTP/1.0" 301 994 "-" "Mozilla/5.0 (compatible; Yahoo! Slurp; http://help.yahoo.com/help/us/ysearch/slurp)"
78.129.161.54 - - [10/Aug/2016:13:00:02 +0100] "GET /blog/industry-beauty-awards/ HTTP/1.0" 301 962 "-" "Mozilla/5.0 (compatible; bingbot/2.0; +http://www.bing.com/bingbot.htm)"
78.129.161.54 - - [10/Aug/2016:13:00:19 +0100] "GET / HTTP/1.0" 200 31053 "-" "Mozilla/5.0 (iPhone; CPU iPhone OS 9_2_1 like Mac OS X) AppleWebKit/601.1.46 (KHTML, like Gecko) Version/9.0 Mobile/13D15 Safari/601.1"
162.158.73.154 - - [10/Aug/2016:13:00:19 +0100] "POST /cto_osc_link.php HTTP/1.0" 200 1133 "-" "CarryTheOne"
173.245.63.134 - - [10/Aug/2016:13:02:12 +0100] "GET /blog/ HTTP/1.0" 301 923 "-" "Mozilla/5.0 (compatible; bingbot/2.0; +http://www.bing.com/bingbot.htm)"
78.129.161.54 - - [10/Aug/2016:13:03:19 +0100] "POST /cto_osc_link.php HTTP/1.0" 200 1389 "-" "CarryTheOne"
162.158.73.154 - - [10/Aug/2016:13:06:27 +0100] "POST /cto_osc_link.php HTTP/1.0" 200 1133 "-" "CarryTheOne"
78.129.161.54 - - [10/Aug/2016:13:06:29 +0100] "GET /checkout/shipping HTTP/1.0" 302 775 "http://www.paiskincare.com/index.php?main_page=shopping_cart&number_of_uploads=0" "Mozilla/5.0 (Macintosh; Intel Mac OS X 10_10) AppleWebKit/600.1.25 (KHTML, like Gecko) Version/8.0 Safari/600.1.25"
78.129.161.54 - - [10/Aug/2016:13:06:30 +0100] "GET /index.php?main_page=login HTTP/1.0" 301 710 "http://www.paiskincare.com/index.php?main_page=shopping_cart&number_of_uploads=0" "Mozilla/5.0 (Macintosh; Intel Mac OS X 10_10) AppleWebKit/600.1.25 (KHTML, like Gecko) Version/8.0 Safari/600.1.25"
78.129.161.54 - - [10/Aug/2016:13:06:30 +0100] "GET /account/login HTTP/1.0" 200 68026 "http://www.paiskincare.com/index.php?main_page=shopping_cart&number_of_uploads=0" "Mozilla/5.0 (Macintosh; Intel Mac OS X 10_10) AppleWebKit/600.1.25 (KHTML, like Gecko) Version/8.0 Safari/600.1.25"
207.46.13.1 - - [10/Aug/2016:13:06:50 +0100] "GET /pages/recruitment-138 HTTP/1.0" 200 8882 "-" "Mozilla/5.0 (compatible; bingbot/2.0; +http://www.bing.com/bingbot.htm)"
157.55.39.66 - - [10/Aug/2016:13:08:27 +0100] "GET /pages/terms-conditions-50 HTTP/1.0" 200 16064 "-" "Mozilla/5.0 (compatible; bingbot/2.0; +http://www.bing.com/bingbot.htm)"
78.129.161.54 - - [10/Aug/2016:13:09:20 +0100] "POST /cto_osc_link.php HTTP/1.0" 200 1389 "-" "CarryTheOne"
162.158.57.94 - - [10/Aug/2016:13:09:45 +0100] "GET /index.php?main_page=no_account HTTP/1.0" 200 15780 "-" "Sogou web spider/4.0(+http://www.sogou.com/docs/help/webmasters.htm#07)"
5.104.241.174 - - [10/Aug/2016:13:11:55 +0100] "GET / HTTP/1.0" 200 9450 "-" "Mozilla/5.0 (X11; U; Linux i686; en-US; rv:1.7.8) Gecko/20050511"
162.158.73.154 - - [10/Aug/2016:13:12:20 +0100] "POST /cto_osc_link.php HTTP/1.0" 200 1133 "-" "CarryTheOne"
108.162.244.42 - - [10/Aug/2016:13:12:39 +0100] "GET /blog/category/diet-and-lifestyle/ HTTP/1.0" 301 958 "-" "Mozilla/5.0 (compatible; bingbot/2.0; +http://www.bing.com/bingbot.htm)"
217.155.35.112 - - [10/Aug/2016:13:14:35 +0100] "GET /checkout/shipping HTTP/1.0" 302 1025 "-" "Mozilla/5.0 (Macintosh; Intel Mac OS X 10_11_6) AppleWebKit/601.7.7 (KHTML, like Gecko)"
78.129.161.54 - - [10/Aug/2016:13:14:36 +0100] "GET /index.php?main_page=time_out&zenid=re6st2655ffhjbjkoh8rqdo841 HTTP/1.0" 200 33432 "-" "Mozilla/5.0 (Macintosh; Intel Mac OS X 10_11_6) AppleWebKit/601.7.7 (KHTML, like Gecko)"
78.129.161.54 - - [10/Aug/2016:13:14:38 +0100] "GET /checkout/shipping HTTP/1.0" 302 893 "-" "Mozilla/5.0 (iPhone; CPU iPhone OS 9_3 like Mac OS X) AppleWebKit/601.1.46 (KHTML, like Gecko) Version/9.0 Mobile/13E188a Safari/601.1"
78.129.161.54 - - [10/Aug/2016:13:14:38 +0100] "GET /index.php?main_page=time_out&zenid=8v486osvqtd4m041ie9n7kthg6 HTTP/1.0" 200 33432 "-" "Mozilla/5.0 (iPhone; CPU iPhone OS 9_3 like Mac OS X) AppleWebKit/601.1.46 (KHTML, like Gecko) Version/9.0 Mobile/13E188a Safari/601.1"
78.129.161.54 - - [10/Aug/2016:13:15:04 +0100] "GET /petit-pai-35/ HTTP/1.0" 200 34626 "-" "Mozilla/5.0 (compatible; bingbot/2.0; +http://www.bing.com/bingbot.htm)"
78.129.161.54 - - [10/Aug/2016:13:15:21 +0100] "POST /cto_osc_link.php HTTP/1.0" 200 1389 "-" "CarryTheOne"
86.26.1.190 - - [10/Aug/2016:13:15:47 +0100] "GET / HTTP/1.0" 200 9442 "-" "Mozilla/5.0 (iPhone; CPU iPhone OS 9_3_4 like Mac OS X) AppleWebKit/601.1.46 (KHTML, like Gecko) Version/9.0 Mobile/13G35 Safari/601.1"
78.129.161.54 - - [10/Aug/2016:13:15:53 +0100] "GET / HTTP/1.0" 200 30868 "-" "Mozilla/5.0 (iPhone; CPU iPhone OS 9_3_4 like Mac OS X) AppleWebKit/601.1.46 (KHTML, like Gecko) Version/9.0 Mobile/13G35 Safari/601.1"
78.129.161.54 - - [10/Aug/2016:13:16:16 +0100] "GET /pregnancy-28/ HTTP/1.0" 200 33332 "-" "Mozilla/5.0 (compatible; bingbot/2.0; +http://www.bing.com/bingbot.htm)"
162.158.73.154 - - [10/Aug/2016:13:18:19 +0100] "POST /cto_osc_link.php HTTP/1.0" 200 1133 "-" "CarryTheOne"
40.77.167.54 - - [10/Aug/2016:13:18:35 +0100] "GET /anti-redness-hypersensitive-18/ HTTP/1.0" 200 10148 "-" "Mozilla/5.0 (compatible; bingbot/2.0; +http://www.bing.com/bingbot.htm)"
78.129.161.54 - - [10/Aug/2016:13:19:22 +0100] "GET /account/login HTTP/1.0" 200 66946 "http://www.paiskincare.com/index.php?main_page=index&gclid=COa9nInqts4CFUaNGwodoF8BGg" "Mozilla/5.0 (iPhone; CPU iPhone OS 9_3_3 like Mac OS X) AppleWebKit/601.1.46 (KHTML, like Gecko) Version/9.0 Mobile/13G34 Safari/601.1"
78.129.161.54 - - [10/Aug/2016:13:19:48 +0100] "POST /index.php?main_page=login&action=process HTTP/1.0" 302 857 "https://www.paiskincare.com/account/login" "Mozilla/5.0 (iPhone; CPU iPhone OS 9_3_3 like Mac OS X) AppleWebKit/601.1.46 (KHTML, like Gecko) Version/9.0 Mobile/13G34 Safari/601.1"
78.129.161.54 - - [10/Aug/2016:13:19:51 +0100] "GET /index.php?main_page=index HTTP/1.0" 301 697 "https://www.paiskincare.com/account/login" "Mozilla/5.0 (iPhone; CPU iPhone OS 9_3_3 like Mac OS X) AppleWebKit/601.1.46 (KHTML, like Gecko) Version/9.0 Mobile/13G34 Safari/601.1"
78.129.161.54 - - [10/Aug/2016:13:19:51 +0100] "GET / HTTP/1.0" 200 30927 "https://www.paiskincare.com/account/login" "Mozilla/5.0 (iPhone; CPU iPhone OS 9_3_3 like Mac OS X) AppleWebKit/601.1.46 (KHTML, like Gecko) Version/9.0 Mobile/13G34 Safari/601.1"
78.129.161.54 - - [10/Aug/2016:13:20:04 +0100] "GET /petit-pai-35/ HTTP/1.0" 200 34735 "https://www.paiskincare.com/" "Mozilla/5.0 (iPhone; CPU iPhone OS 9_3_3 like Mac OS X) AppleWebKit/601.1.46 (KHTML, like Gecko) Version/9.0 Mobile/13G34 Safari/601.1"
162.158.108.196 - - [10/Aug/2016:13:20:40 +0100] "GET /blog/tag/dermatitis/ HTTP/1.0" 301 949 "-" "Mozilla/5.0 (compatible; AhrefsBot/5.1; +http://ahrefs.com/robot/)"
78.129.161.54 - - [10/Aug/2016:13:20:45 +0100] "GET /petit-pai-35/ HTTP/1.0" 200 34885 "https://www.paiskincare.com/" "Mozilla/5.0 (iPhone; CPU iPhone OS 9_3_3 like Mac OS X) AppleWebKit/601.1.46 (KHTML, like Gecko) Version/9.0 Mobile/13G34 Safari/601.1"
78.129.161.54 - - [10/Aug/2016:13:21:19 +0100] "POST /cto_osc_link.php HTTP/1.0" 200 1389 "-" "CarryTheOne"
207.46.13.1 - - [10/Aug/2016:13:21:54 +0100] "GET /masks-exfoliators-25/ HTTP/1.0" 200 9500 "-" "Mozilla/5.0 (compatible; bingbot/2.0; +http://www.bing.com/bingbot.htm)"
78.129.161.54 - - [10/Aug/2016:13:22:04 +0100] "GET /petit-pai-35/ HTTP/1.0" 200 34915 "https://www.paiskincare.com/" "Mozilla/5.0 (iPhone; CPU iPhone OS 9_3_3 like Mac OS X) AppleWebKit/601.1.46 (KHTML, like Gecko) Version/9.0 Mobile/13G34 Safari/601.1"
78.129.161.54 - - [10/Aug/2016:13:22:37 +0100] "GET /checkout/shipping HTTP/1.0" 200 30776 "http://www.paiskincare.com/index.php?main_page=shopping_cart&products_id=10" "Mozilla/5.0 (iPhone; CPU iPhone OS 9_3_3 like Mac OS X) AppleWebKit/601.1.46 (KHTML, like Gecko) Version/9.0 Mobile/13G34 Safari/601.1"
78.129.161.54 - - [10/Aug/2016:13:22:45 +0100] "GET /index.php?main_page=checkout_shipping_address HTTP/1.0" 200 63354 "https://www.paiskincare.com/checkout/shipping" "Mozilla/5.0 (iPhone; CPU iPhone OS 9_3_3 like Mac OS X) AppleWebKit/601.1.46 (KHTML, like Gecko) Version/9.0 Mobile/13G34 Safari/601.1"
78.129.161.54 - - [10/Aug/2016:13:23:09 +0100] "POST /index.php?main_page=checkout_shipping_address HTTP/1.0" 302 6103 "https://www.paiskincare.com/index.php?main_page=checkout_shipping_address" "Mozilla/5.0 (iPhone; CPU iPhone OS 9_3_3 like Mac OS X) AppleWebKit/601.1.46 (KHTML, like Gecko) Version/9.0 Mobile/13G34 Safari/601.1"
78.129.161.54 - - [10/Aug/2016:13:23:09 +0100] "GET /index.php?main_page=checkout_shipping HTTP/1.0" 301 714 "https://www.paiskincare.com/index.php?main_page=checkout_shipping_address" "Mozilla/5.0 (iPhone; CPU iPhone OS 9_3_3 like Mac OS X) AppleWebKit/601.1.46 (KHTML, like Gecko) Version/9.0 Mobile/13G34 Safari/601.1"
78.129.161.54 - - [10/Aug/2016:13:23:09 +0100] "GET /checkout/shipping HTTP/1.0" 200 30790 "https://www.paiskincare.com/index.php?main_page=checkout_shipping_address" "Mozilla/5.0 (iPhone; CPU iPhone OS 9_3_3 like Mac OS X) AppleWebKit/601.1.46 (KHTML, like Gecko) Version/9.0 Mobile/13G34 Safari/601.1"
78.129.161.54 - - [10/Aug/2016:13:23:17 +0100] "POST /index.php?main_page=checkout_shipping HTTP/1.0" 302 786 "https://www.paiskincare.com/checkout/shipping" "Mozilla/5.0 (iPhone; CPU iPhone OS 9_3_3 like Mac OS X) AppleWebKit/601.1.46 (KHTML, like Gecko) Version/9.0 Mobile/13G34 Safari/601.1"
78.129.161.54 - - [10/Aug/2016:13:23:18 +0100] "GET /index.php?main_page=checkout_payment HTTP/1.0" 200 38529 "https://www.paiskincare.com/checkout/shipping" "Mozilla/5.0 (iPhone; CPU iPhone OS 9_3_3 like Mac OS X) AppleWebKit/601.1.46 (KHTML, like Gecko) Version/9.0 Mobile/13G34 Safari/601.1"
78.129.161.54 - - [10/Aug/2016:13:23:31 +0100] "POST /index.php?main_page=checkout_confirmation HTTP/1.0" 200 34615 "https://www.paiskincare.com/index.php?main_page=checkout_payment" "Mozilla/5.0 (iPhone; CPU iPhone OS 9_3_3 like Mac OS X) AppleWebKit/601.1.46 (KHTML, like Gecko) Version/9.0 Mobile/13G34 Safari/601.1"
78.129.161.54 - - [10/Aug/2016:13:23:41 +0100] "GET /index.php?main_page=checkout_payment HTTP/1.0" 200 38547 "https://www.paiskincare.com/index.php?main_page=checkout_confirmation" "Mozilla/5.0 (iPhone; CPU iPhone OS 9_3_3 like Mac OS X) AppleWebKit/601.1.46 (KHTML, like Gecko) Version/9.0 Mobile/13G34 Safari/601.1"
78.129.161.54 - - [10/Aug/2016:13:23:51 +0100] "POST /index.php?main_page=checkout_confirmation HTTP/1.0" 200 34615 "https://www.paiskincare.com/index.php?main_page=checkout_payment" "Mozilla/5.0 (iPhone; CPU iPhone OS 9_3_3 like Mac OS X) AppleWebKit/601.1.46 (KHTML, like Gecko) Version/9.0 Mobile/13G34 Safari/601.1"
78.129.161.54 - - [10/Aug/2016:13:24:05 +0100] "POST /ipn_main_handler.php?type=ec&markflow=1&clearSess=1&stage=final HTTP/1.0" 302 821 "https://www.paiskincare.com/index.php?main_page=checkout_confirmation" "Mozilla/5.0 (iPhone; CPU iPhone OS 9_3_3 like Mac OS X) AppleWebKit/601.1.46 (KHTML, like Gecko) Version/9.0 Mobile/13G34 Safari/601.1"
162.158.73.154 - - [10/Aug/2016:13:24:18 +0100] "POST /cto_osc_link.php HTTP/1.0" 200 1133 "-" "CarryTheOne"
78.129.161.54 - - [10/Aug/2016:13:25:18 +0100] "GET /checkout/shipping HTTP/1.0" 302 775 "http://www.paiskincare.com/shopping-cart/" "Mozilla/5.0 (iPhone; CPU iPhone OS 9_3_4 like Mac OS X) AppleWebKit/601.1.46 (KHTML, like Gecko) Version/9.0 Mobile/13G35 Safari/601.1"
78.129.161.54 - - [10/Aug/2016:13:25:19 +0100] "GET /index.php?main_page=login HTTP/1.0" 301 710 "http://www.paiskincare.com/shopping-cart/" "Mozilla/5.0 (iPhone; CPU iPhone OS 9_3_4 like Mac OS X) AppleWebKit/601.1.46 (KHTML, like Gecko) Version/9.0 Mobile/13G35 Safari/601.1"
78.129.161.54 - - [10/Aug/2016:13:25:19 +0100] "GET /account/login HTTP/1.0" 200 68026 "http://www.paiskincare.com/shopping-cart/" "Mozilla/5.0 (iPhone; CPU iPhone OS 9_3_4 like Mac OS X) AppleWebKit/601.1.46 (KHTML, like Gecko) Version/9.0 Mobile/13G35 Safari/601.1"
78.129.161.54 - - [10/Aug/2016:13:25:37 +0100] "GET /checkout/shipping HTTP/1.0" 302 775 "http://www.paiskincare.com/shopping-cart/" "Mozilla/5.0 (iPhone; CPU iPhone OS 9_3_4 like Mac OS X) AppleWebKit/601.1.46 (KHTML, like Gecko) Version/9.0 Mobile/13G35 Safari/601.1"
78.129.161.54 - - [10/Aug/2016:13:25:37 +0100] "GET /index.php?main_page=login HTTP/1.0" 301 710 "http://www.paiskincare.com/shopping-cart/" "Mozilla/5.0 (iPhone; CPU iPhone OS 9_3_4 like Mac OS X) AppleWebKit/601.1.46 (KHTML, like Gecko) Version/9.0 Mobile/13G35 Safari/601.1"
78.129.161.54 - - [10/Aug/2016:13:25:37 +0100] "GET /account/login HTTP/1.0" 200 68026 "http://www.paiskincare.com/shopping-cart/" "Mozilla/5.0 (iPhone; CPU iPhone OS 9_3_4 like Mac OS X) AppleWebKit/601.1.46 (KHTML, like Gecko) Version/9.0 Mobile/13G35 Safari/601.1"
141.101.70.234 - - [10/Aug/2016:13:25:41 +0100] "GET /ipn_main_handler.php?type=ec&token=EC-365727437J958832S&PayerID=BUAMTES7PU6C2 HTTP/1.0" 302 918 "https://www.paypal.com/cgi-bin/webscr?cmd=_express-checkout&token=EC-365727437J958832S&useraction=commit" "Mozilla/5.0 (iPhone; CPU iPhone OS 9_3_3 like Mac OS X) AppleWebKit/601.1.46 (KHTML, like Gecko) Version/9.0 Mobile/13G34 Safari/601.1"
78.129.161.54 - - [10/Aug/2016:13:25:45 +0100] "GET /index.php?main_page=checkout_process HTTP/1.0" 302 786 "https://www.paypal.com/cgi-bin/webscr?cmd=_express-checkout&token=EC-365727437J958832S&useraction=commit" "Mozilla/5.0 (iPhone; CPU iPhone OS 9_3_3 like Mac OS X) AppleWebKit/601.1.46 (KHTML, like Gecko) Version/9.0 Mobile/13G34 Safari/601.1"
78.129.161.54 - - [10/Aug/2016:13:25:49 +0100] "GET /index.php?main_page=no_account HTTP/1.0" 200 67704 "https://www.paiskincare.com/account/login" "Mozilla/5.0 (iPhone; CPU iPhone OS 9_3_4 like Mac OS X) AppleWebKit/601.1.46 (KHTML, like Gecko) Version/9.0 Mobile/13G35 Safari/601.1"
78.129.161.54 - - [10/Aug/2016:13:26:02 +0100] "GET /index.php?main_page=checkout_success HTTP/1.0" 200 27226 "https://www.paypal.com/cgi-bin/webscr?cmd=_express-checkout&token=EC-365727437J958832S&useraction=commit" "Mozilla/5.0 (iPhone; CPU iPhone OS 9_3_3 like Mac OS X) AppleWebKit/601.1.46 (KHTML, like Gecko) Version/9.0 Mobile/13G34 Safari/601.1"
78.129.161.54 - - [10/Aug/2016:13:27:02 +0100] "GET /combination-blemish-prone-skin-19/ HTTP/1.0" 200 39265 "-" "Mozilla/5.0 (compatible; bingbot/2.0; +http://www.bing.com/bingbot.htm)"
78.129.161.54 - - [10/Aug/2016:13:27:18 +0100] "POST /cto_osc_link.php HTTP/1.0" 200 3196 "-" "CarryTheOne"
162.158.153.88 - - [10/Aug/2016:13:27:32 +0100] "POST /index.php?main_page=no_account HTTP/1.0" 302 1001 "https://www.paiskincare.com/index.php?main_page=no_account" "Mozilla/5.0 (iPhone; CPU iPhone OS 9_3_4 like Mac OS X) AppleWebKit/601.1.46 (KHTML, like Gecko) Version/9.0 Mobile/13G35 Safari/601.1"
78.129.161.54 - - [10/Aug/2016:13:27:33 +0100] "GET /index.php?main_page=checkout_shipping HTTP/1.0" 301 714 "https://www.paiskincare.com/index.php?main_page=no_account" "Mozilla/5.0 (iPhone; CPU iPhone OS 9_3_4 like Mac OS X) AppleWebKit/601.1.46 (KHTML, like Gecko) Version/9.0 Mobile/13G35 Safari/601.1"
78.129.161.54 - - [10/Aug/2016:13:27:33 +0100] "GET /checkout/shipping HTTP/1.0" 200 30718 "https://www.paiskincare.com/index.php?main_page=no_account" "Mozilla/5.0 (iPhone; CPU iPhone OS 9_3_4 like Mac OS X) AppleWebKit/601.1.46 (KHTML, like Gecko) Version/9.0 Mobile/13G35 Safari/601.1"
