78.129.161.54 - - [08/Aug/2016:14:31:44 +0100] "GET /gift-certificate-faq HTTP/1.0" 200 31609 "-" "Mozilla/5.0 (compatible; bingbot/2.0; +http://www.bing.com/bingbot.htm)"
78.129.161.54 - - [08/Aug/2016:14:32:21 +0100] "GET /facial-oils-serums-29/ HTTP/1.0" 200 35522 "-" "Mozilla/5.0 (compatible; bingbot/2.0; +http://www.bing.com/bingbot.htm)"
157.55.39.246 - - [08/Aug/2016:14:33:05 +0100] "GET /pages/a-z-of-ingredients-46 HTTP/1.0" 200 9506 "-" "Mozilla/5.0 (compatible; bingbot/2.0; +http://www.bing.com/bingbot.htm)"
162.158.73.154 - - [08/Aug/2016:14:33:21 +0100] "POST /cto_osc_link.php HTTP/1.0" 200 1133 "-" "CarryTheOne"
78.129.161.54 - - [08/Aug/2016:14:33:45 +0100] "GET /blog/category/industry-news/ HTTP/1.0" 301 944 "-" "Mozilla/5.0 (compatible; bingbot/2.0; +http://www.bing.com/bingbot.htm)"
78.129.161.54 - - [08/Aug/2016:14:34:25 +0100] "GET /pages/about-pai-1 HTTP/1.0" 200 32010 "-" "Mozilla/5.0 (compatible; bingbot/2.0; +http://www.bing.com/bingbot.htm)"
207.46.13.171 - - [08/Aug/2016:14:34:31 +0100] "GET /hand-body-17/ HTTP/1.0" 200 9608 "-" "Mozilla/5.0 (compatible; bingbot/2.0; +http://www.bing.com/bingbot.htm)"
78.129.161.54 - - [08/Aug/2016:14:35:35 +0100] "GET /index.php?main_page=product_info&products_id=12 HTTP/1.0" 301 653 "-" "Mozilla/5.0 (compatible; bingbot/2.0; +http://www.bing.com/bingbot.htm)"
217.73.208.150 - - [08/Aug/2016:14:36:07 +0100] "GET /pages/cetearyl-glucoside-75 HTTP/1.0" 200 8690 "-" "istellabot/t.1"
78.129.161.54 - - [08/Aug/2016:14:36:19 +0100] "POST /cto_osc_link.php HTTP/1.0" 200 1389 "-" "CarryTheOne"
207.46.13.171 - - [08/Aug/2016:14:37:08 +0100] "GET /gift-store-5/ HTTP/1.0" 200 9247 "-" "Mozilla/5.0 (compatible; bingbot/2.0; +http://www.bing.com/bingbot.htm)"
108.162.228.166 - - [08/Aug/2016:14:38:06 +0100] "GET /blog/tag/toluene/ HTTP/1.0" 301 945 "-" "Mozilla/5.0 (compatible; AhrefsBot/5.1; +http://ahrefs.com/robot/)"
207.46.13.171 - - [08/Aug/2016:14:39:14 +0100] "GET /pages/sensitive-skincare-109 HTTP/1.0" 200 9464 "-" "Mozilla/5.0 (compatible; bingbot/2.0; +http://www.bing.com/bingbot.htm)"
162.158.73.154 - - [08/Aug/2016:14:39:22 +0100] "POST /cto_osc_link.php HTTP/1.0" 200 1133 "-" "CarryTheOne"
157.55.39.66 - - [08/Aug/2016:14:39:34 +0100] "GET /pages/what-s-not-in-pai-45 HTTP/1.0" 200 9997 "-" "Mozilla/5.0 (compatible; bingbot/2.0; +http://www.bing.com/bingbot.htm)"
207.46.13.171 - - [08/Aug/2016:14:39:54 +0100] "GET /pages/pai-affiliate-program-earn-10-commission-on-referred-sales-142 HTTP/1.0" 200 9453 "-" "Mozilla/5.0 (compatible; bingbot/2.0; +http://www.bing.com/bingbot.htm)"
108.162.244.5 - - [08/Aug/2016:14:39:55 +0100] "GET /blog/made-in-london/ HTTP/1.0" 301 951 "-" "Mozilla/5.0 (compatible; bingbot/2.0; +http://www.bing.com/bingbot.htm)"
78.129.161.54 - - [08/Aug/2016:14:39:58 +0100] "GET /blog/category/skin-focus/ HTTP/1.0" 301 944 "-" "Mozilla/5.0 (compatible; bingbot/2.0; +http://www.bing.com/bingbot.htm)"
78.129.161.54 - - [08/Aug/2016:14:40:31 +0100] "GET /pages/contact-us-155 HTTP/1.0" 200 28735 "-" "Mozilla/5.0 (compatible; bingbot/2.0; +http://www.bing.com/bingbot.htm)"
207.46.13.171 - - [08/Aug/2016:14:40:35 +0100] "GET /pages/30-day-money-back-guarantee-146 HTTP/1.0" 301 797 "-" "Mozilla/5.0 (compatible; bingbot/2.0; +http://www.bing.com/bingbot.htm)"
207.46.13.171 - - [08/Aug/2016:14:40:37 +0100] "GET /pages/organic-facials-for-sensitive-skin-150 HTTP/1.0" 200 9541 "-" "Mozilla/5.0 (compatible; bingbot/2.0; +http://www.bing.com/bingbot.htm)"
78.129.161.54 - - [08/Aug/2016:14:40:40 +0100] "GET /signs-of-ageing-26/ HTTP/1.0" 200 39366 "-" "Mozilla/5.0 (compatible; bingbot/2.0; +http://www.bing.com/bingbot.htm)"
207.46.13.171 - - [08/Aug/2016:14:41:01 +0100] "GET /contact-dermatitis-23/ HTTP/1.0" 200 9789 "-" "Mozilla/5.0 (compatible; bingbot/2.0; +http://www.bing.com/bingbot.htm)"
78.129.161.54 - - [08/Aug/2016:14:41:05 +0100] "GET /blog/category/pai-news-and-press/ HTTP/1.0" 301 944 "-" "Mozilla/5.0 (compatible; bingbot/2.0; +http://www.bing.com/bingbot.htm)"
162.158.108.196 - - [08/Aug/2016:14:41:36 +0100] "GET /blog/tag/top-posts/ HTTP/1.0" 301 949 "-" "Mozilla/5.0 (compatible; AhrefsBot/5.1; +http://ahrefs.com/robot/)"
78.129.161.54 - - [08/Aug/2016:14:42:22 +0100] "POST /cto_osc_link.php HTTP/1.0" 200 1389 "-" "CarryTheOne"
78.129.161.54 - - [08/Aug/2016:14:44:20 +0100] "GET /gift-store-5/ HTTP/1.0" 200 33978 "-" "Mozilla/5.0 (compatible; bingbot/2.0; +http://www.bing.com/bingbot.htm)"
141.101.64.142 - - [08/Aug/2016:14:44:42 +0100] "GET /blog/tag/ideas/ HTTP/1.0" 301 942 "-" "Mozilla/5.0 (compatible; AhrefsBot/5.1; +http://ahrefs.com/robot/)"
162.158.73.154 - - [08/Aug/2016:14:45:20 +0100] "POST /cto_osc_link.php HTTP/1.0" 200 1133 "-" "CarryTheOne"
78.129.161.54 - - [08/Aug/2016:14:46:37 +0100] "GET /ipn_main_handler.php?type=ec HTTP/1.0" 302 823 "http://www.paiskincare.com/index.php?main_page=shopping_cart&number_of_uploads=0" "Mozilla/5.0 (Windows NT 6.1; WOW64) AppleWebKit/537.36 (KHTML, like Gecko) Chrome/51.0.2704.103 Safari/537.36"
78.129.161.54 - - [08/Aug/2016:14:47:03 +0100] "GET /ipn_main_handler.php?type=ec&token=EC-1V141855F3814871B&PayerID=7S5KL9HGA3H4Y HTTP/1.0" 302 868 "https://www.paypal.com/cgi-bin/webscr?cmd=_express-checkout&token=EC-1V141855F3814871B&useraction=continue" "Mozilla/5.0 (Windows NT 6.1; WOW64) AppleWebKit/537.36 (KHTML, like Gecko) Chrome/51.0.2704.103 Safari/537.36"
78.129.161.54 - - [08/Aug/2016:14:47:04 +0100] "GET /index.php?main_page=checkout_payment HTTP/1.0" 200 34263 "https://www.paypal.com/cgi-bin/webscr?cmd=_express-checkout&token=EC-1V141855F3814871B&useraction=continue" "Mozilla/5.0 (Windows NT 6.1; WOW64) AppleWebKit/537.36 (KHTML, like Gecko) Chrome/51.0.2704.103 Safari/537.36"
78.129.161.54 - - [08/Aug/2016:14:47:33 +0100] "POST /index.php?main_page=checkout_confirmation HTTP/1.0" 200 33456 "https://www.paiskincare.com/index.php?main_page=checkout_payment" "Mozilla/5.0 (Windows NT 6.1; WOW64) AppleWebKit/537.36 (KHTML, like Gecko) Chrome/51.0.2704.103 Safari/537.36"
78.129.161.54 - - [08/Aug/2016:14:47:45 +0100] "POST /index.php?main_page=checkout_process HTTP/1.0" 302 786 "https://www.paiskincare.com/index.php?main_page=checkout_confirmation" "Mozilla/5.0 (Windows NT 6.1; WOW64) AppleWebKit/537.36 (KHTML, like Gecko) Chrome/51.0.2704.103 Safari/537.36"
78.129.161.54 - - [08/Aug/2016:14:47:49 +0100] "GET /index.php?main_page=checkout_success HTTP/1.0" 200 26940 "https://www.paiskincare.com/index.php?main_page=checkout_confirmation" "Mozilla/5.0 (Windows NT 6.1; WOW64) AppleWebKit/537.36 (KHTML, like Gecko) Chrome/51.0.2704.103 Safari/537.36"
78.129.161.54 - - [08/Aug/2016:14:48:30 +0100] "POST /cto_osc_link.php HTTP/1.0" 200 2938 "-" "CarryTheOne"
80.108.122.105 - - [08/Aug/2016:14:48:57 +0100] "GET /lip-care-4/ HTTP/1.0" 200 8676 "https://www.google.at/" "Mozilla/5.0 (Windows NT 10.0; WOW64) AppleWebKit/537.36 (KHTML, like Gecko) Chrome/51.0.2704.103 Safari/537.36"
162.158.73.154 - - [08/Aug/2016:14:51:21 +0100] "POST /cto_osc_link.php HTTP/1.0" 200 1133 "-" "CarryTheOne"
207.46.13.63 - - [08/Aug/2016:14:52:39 +0100] "GET /moisturisers-1 HTTP/1.0" 301 772 "-" "Mozilla/5.0 (iPhone; CPU iPhone OS 7_0 like Mac OS X) AppleWebKit/537.51.1 (KHTML, like Gecko) Version/7.0 Mobile/11A465 Safari/9537.53 (compatible; bingbot/2.0; +http://www.bing.com/bingbot.htm)"
207.46.13.63 - - [08/Aug/2016:14:52:43 +0100] "GET /moisturisers-1 HTTP/1.0" 301 794 "-" "Mozilla/5.0 (iPhone; CPU iPhone OS 7_0 like Mac OS X) AppleWebKit/537.51.1 (KHTML, like Gecko) Version/7.0 Mobile/11A465 Safari/9537.53 (compatible; bingbot/2.0; +http://www.bing.com/bingbot.htm)"
207.46.13.63 - - [08/Aug/2016:14:52:44 +0100] "GET /avocado-jojoba-hydrating-day-cream-1 HTTP/1.0" 200 11519 "-" "Mozilla/5.0 (iPhone; CPU iPhone OS 7_0 like Mac OS X) AppleWebKit/537.51.1 (KHTML, like Gecko) Version/7.0 Mobile/11A465 Safari/9537.53 (compatible; bingbot/2.0; +http://www.bing.com/bingbot.htm)"
207.46.13.63 - - [08/Aug/2016:14:52:47 +0100] "GET /anti-redness-hypersensitive-18/ HTTP/1.0" 200 10148 "-" "Mozilla/5.0 (compatible; bingbot/2.0; +http://www.bing.com/bingbot.htm)"
162.158.108.196 - - [08/Aug/2016:14:53:10 +0100] "GET /blog/2012/07/20/spotlight-series-sun-spots-age-spots-liver-spots/feed/ HTTP/1.0" 301 1029 "-" "Mozilla/5.0 (compatible; AhrefsBot/5.1; +http://ahrefs.com/robot/)"
78.129.161.54 - - [08/Aug/2016:14:54:20 +0100] "POST /cto_osc_link.php HTTP/1.0" 200 1389 "-" "CarryTheOne"
162.158.73.154 - - [08/Aug/2016:14:57:19 +0100] "POST /cto_osc_link.php HTTP/1.0" 200 1133 "-" "CarryTheOne"
41.242.136.81 - - [08/Aug/2016:14:57:53 +0100] "GET /pages/drinks-business-63 HTTP/1.0" 200 10598 "https://www.google.com.gh" "Mozilla/5.0 (Windows NT 6.2; WOW64; rv:47.0) Gecko/20100101 Firefox/47.0"
207.46.13.171 - - [08/Aug/2016:14:59:31 +0100] "GET /pages/sensitive-skincare-109 HTTP/1.0" 200 9464 "-" "Mozilla/5.0 (compatible; bingbot/2.0; +http://www.bing.com/bingbot.htm)"
78.129.161.54 - - [08/Aug/2016:15:00:22 +0100] "POST /cto_osc_link.php HTTP/1.0" 200 1389 "-" "CarryTheOne"
78.129.161.54 - - [08/Aug/2016:15:01:25 +0100] "GET /pages/drinks-business-63 HTTP/1.0" 302 807 "https://www.google.com.gh" "Mozilla/5.0 (Windows NT 6.2; WOW64; rv:47.0) Gecko/20100101 Firefox/47.0"
78.129.161.54 - - [08/Aug/2016:15:01:31 +0100] "GET /pages/drinks-business-63 HTTP/1.0" 302 807 "https://www.google.com.gh" "Mozilla/5.0 (Windows NT 6.2; WOW64; rv:47.0) Gecko/20100101 Firefox/47.0"
78.129.161.54 - - [08/Aug/2016:15:01:35 +0100] "GET /pages/drinks-business-63 HTTP/1.0" 302 807 "https://www.google.com.gh" "Mozilla/5.0 (Windows NT 6.2; WOW64; rv:47.0) Gecko/20100101 Firefox/47.0"
78.129.161.54 - - [08/Aug/2016:15:01:37 +0100] "GET /pages/drinks-business-63 HTTP/1.0" 302 807 "https://www.google.com.gh" "Mozilla/5.0 (Windows NT 6.2; WOW64; rv:47.0) Gecko/20100101 Firefox/47.0"
78.129.161.54 - - [08/Aug/2016:15:01:40 +0100] "GET /pages/drinks-business-63 HTTP/1.0" 302 807 "https://www.google.com.gh" "Mozilla/5.0 (Windows NT 6.2; WOW64; rv:47.0) Gecko/20100101 Firefox/47.0"
78.129.161.54 - - [08/Aug/2016:15:01:42 +0100] "GET /pages/drinks-business-63 HTTP/1.0" 302 807 "https://www.google.com.gh" "Mozilla/5.0 (Windows NT 6.2; WOW64; rv:47.0) Gecko/20100101 Firefox/47.0"
78.129.161.54 - - [08/Aug/2016:15:01:46 +0100] "GET /pages/drinks-business-63 HTTP/1.0" 302 807 "https://www.google.com.gh" "Mozilla/5.0 (Windows NT 6.2; WOW64; rv:47.0) Gecko/20100101 Firefox/47.0"
78.129.161.54 - - [08/Aug/2016:15:01:49 +0100] "GET /pages/drinks-business-63 HTTP/1.0" 302 807 "https://www.google.com.gh" "Mozilla/5.0 (Windows NT 6.2; WOW64; rv:47.0) Gecko/20100101 Firefox/47.0"
78.129.161.54 - - [08/Aug/2016:15:02:34 +0100] "GET /pages/drinks-business-63 HTTP/1.0" 302 807 "https://www.google.com.gh" "Mozilla/5.0 (Windows NT 6.2; WOW64; rv:47.0) Gecko/20100101 Firefox/47.0"
162.158.73.154 - - [08/Aug/2016:15:03:20 +0100] "POST /cto_osc_link.php HTTP/1.0" 200 1133 "-" "CarryTheOne"
162.158.108.196 - - [08/Aug/2016:15:03:36 +0100] "GET /blog/2013/08/06/pai-celebrate-sisters-and-their-beauty-secrets/ HTTP/1.0" 301 1023 "-" "Mozilla/5.0 (compatible; AhrefsBot/5.1; +http://ahrefs.com/robot/)"
78.129.161.54 - - [08/Aug/2016:15:06:20 +0100] "POST /cto_osc_link.php HTTP/1.0" 200 1389 "-" "CarryTheOne"
162.158.108.196 - - [08/Aug/2016:15:08:51 +0100] "GET /blog/tag/international/ HTTP/1.0" 301 955 "-" "Mozilla/5.0 (compatible; AhrefsBot/5.1; +http://ahrefs.com/robot/)"
141.101.64.142 - - [08/Aug/2016:15:08:52 +0100] "GET /blog/2015/09/11/the-soil-association-campaign-for-clarity-in-beauty/ HTTP/1.0" 301 1033 "-" "Mozilla/5.0 (compatible; AhrefsBot/5.1; +http://ahrefs.com/robot/)"
207.46.13.171 - - [08/Aug/2016:15:08:52 +0100] "GET /pages/pai-affiliate-program-earn-10-commission-on-referred-sales-142 HTTP/1.0" 200 9453 "-" "Mozilla/5.0 (compatible; bingbot/2.0; +http://www.bing.com/bingbot.htm)"
40.77.167.83 - - [08/Aug/2016:15:09:11 +0100] "GET /travel-kits-7/ HTTP/1.0" 200 8979 "-" "Mozilla/5.0 (compatible; bingbot/2.0; +http://www.bing.com/bingbot.htm)"
162.158.73.154 - - [08/Aug/2016:15:09:21 +0100] "POST /cto_osc_link.php HTTP/1.0" 200 1133 "-" "CarryTheOne"
162.158.108.196 - - [08/Aug/2016:15:10:01 +0100] "GET /blog/2011/05/24/the-dirty-dozen-12-fruits-veg-to-always-buy-organic/ HTTP/1.0" 301 1034 "-" "Mozilla/5.0 (compatible; AhrefsBot/5.1; +http://ahrefs.com/robot/)"
78.129.161.54 - - [08/Aug/2016:15:11:49 +0100] "GET /account/login HTTP/1.0" 302 711 "-" "Mozilla/5.0 (compatible; bingbot/2.0; +http://www.bing.com/bingbot.htm)"
78.129.161.54 - - [08/Aug/2016:15:11:51 +0100] "GET /index.php?main_page=cookie_usage HTTP/1.0" 200 32363 "-" "Mozilla/5.0 (compatible; bingbot/2.0; +http://www.bing.com/bingbot.htm)"
207.46.13.171 - - [08/Aug/2016:15:12:25 +0100] "GET /pages/30-day-money-back-guarantee-146 HTTP/1.0" 301 797 "-" "Mozilla/5.0 (compatible; bingbot/2.0; +http://www.bing.com/bingbot.htm)"
78.129.161.54 - - [08/Aug/2016:15:12:26 +0100] "POST /cto_osc_link.php HTTP/1.0" 200 1389 "-" "CarryTheOne"
78.129.161.54 - - [08/Aug/2016:15:12:29 +0100] "GET /pages/contact-us-155 HTTP/1.0" 200 28735 "-" "Mozilla/5.0 (compatible; bingbot/2.0; +http://www.bing.com/bingbot.htm)"
78.129.161.54 - - [08/Aug/2016:15:13:17 +0100] "GET /ipn_main_handler.php?type=ec HTTP/1.0" 302 823 "http://www.paiskincare.com/index.php?main_page=shopping_cart&number_of_uploads=0" "Mozilla/5.0 (Windows NT 10.0; Win64; x64) AppleWebKit/537.36 (KHTML, like Gecko) Chrome/42.0.2311.135 Safari/537.36 Edge/12.10240"
78.129.161.54 - - [08/Aug/2016:15:13:48 +0100] "GET /blog/category/skin-focus/ HTTP/1.0" 301 944 "-" "Mozilla/5.0 (compatible; bingbot/2.0; +http://www.bing.com/bingbot.htm)"
78.129.161.54 - - [08/Aug/2016:15:13:48 +0100] "GET /ipn_main_handler.php?type=ec&token=EC-0VX857014C1809603&PayerID=3HSCQBNFDEJSW HTTP/1.0" 302 868 "https://www.paypal.com/cgi-bin/webscr?cmd=_express-checkout&token=EC-0VX857014C1809603&useraction=continue" "Mozilla/5.0 (Windows NT 10.0; Win64; x64) AppleWebKit/537.36 (KHTML, like Gecko) Chrome/42.0.2311.135 Safari/537.36 Edge/12.10240"
78.129.161.54 - - [08/Aug/2016:15:13:49 +0100] "GET /index.php?main_page=checkout_payment HTTP/1.0" 200 34263 "https://www.paypal.com/cgi-bin/webscr?cmd=_express-checkout&token=EC-0VX857014C1809603&useraction=continue" "Mozilla/5.0 (Windows NT 10.0; Win64; x64) AppleWebKit/537.36 (KHTML, like Gecko) Chrome/42.0.2311.135 Safari/537.36 Edge/12.10240"
78.129.161.54 - - [08/Aug/2016:15:13:49 +0100] "GET /ipn_main_handler.php?type=ec HTTP/1.0" 302 823 "http://www.paiskincare.com/shopping-cart/" "Mozilla/5.0 (Linux; Android 6.0.1; SAMSUNG SM-G935F Build/MMB29K) AppleWebKit/537.36 (KHTML, like Gecko) SamsungBrowser/4.0 Chrome/44.0.2403.133 Mobile Safari/537.36"
78.129.161.54 - - [08/Aug/2016:15:14:02 +0100] "POST /index.php?main_page=checkout_confirmation HTTP/1.0" 200 33433 "https://www.paiskincare.com/index.php?main_page=checkout_payment" "Mozilla/5.0 (Windows NT 10.0; Win64; x64) AppleWebKit/537.36 (KHTML, like Gecko) Chrome/42.0.2311.135 Safari/537.36 Edge/12.10240"
78.129.161.54 - - [08/Aug/2016:15:14:10 +0100] "POST /index.php?main_page=checkout_process HTTP/1.0" 302 786 "https://www.paiskincare.com/index.php?main_page=checkout_confirmation" "Mozilla/5.0 (Windows NT 10.0; Win64; x64) AppleWebKit/537.36 (KHTML, like Gecko) Chrome/42.0.2311.135 Safari/537.36 Edge/12.10240"
78.129.161.54 - - [08/Aug/2016:15:14:14 +0100] "GET /index.php?main_page=checkout_success HTTP/1.0" 200 27079 "https://www.paiskincare.com/index.php?main_page=checkout_confirmation" "Mozilla/5.0 (Windows NT 10.0; Win64; x64) AppleWebKit/537.36 (KHTML, like Gecko) Chrome/42.0.2311.135 Safari/537.36 Edge/12.10240"
207.46.13.171 - - [08/Aug/2016:15:14:35 +0100] "GET /pages/organic-facials-for-sensitive-skin-150 HTTP/1.0" 200 9541 "-" "Mozilla/5.0 (compatible; bingbot/2.0; +http://www.bing.com/bingbot.htm)"
78.129.161.54 - - [08/Aug/2016:15:14:39 +0100] "GET /signs-of-ageing-26/ HTTP/1.0" 200 39366 "-" "Mozilla/5.0 (compatible; bingbot/2.0; +http://www.bing.com/bingbot.htm)"
78.129.161.54 - - [08/Aug/2016:15:15:12 +0100] "GET /ipn_main_handler.php?type=ec HTTP/1.0" 302 823 "http://www.paiskincare.com/index.php?main_page=shopping_cart&product_id=22%3A4987f9666c41d0ac747ed74996cfb132" "Mozilla/5.0 (Linux; Android 6.0.1; SAMSUNG SM-G935F Build/MMB29K) AppleWebKit/537.36 (KHTML, like Gecko) SamsungBrowser/4.0 Chrome/44.0.2403.133 Mobile Safari/537.36"
162.158.73.154 - - [08/Aug/2016:15:15:28 +0100] "POST /cto_osc_link.php HTTP/1.0" 200 1785 "-" "CarryTheOne"
78.129.161.54 - - [08/Aug/2016:15:18:19 +0100] "POST /cto_osc_link.php HTTP/1.0" 200 6705 "-" "CarryTheOne"
77.75.76.168 - - [08/Aug/2016:15:18:52 +0100] "GET /eye-care-3/ HTTP/1.0" 200 9128 "-" "Mozilla/5.0 (compatible; SeznamBot/3.2; +http://napoveda.seznam.cz/en/seznambot-intro/)"
78.129.161.54 - - [08/Aug/2016:15:19:47 +0100] "GET /ipn_main_handler.php?type=ec&token=EC-3BE66246EG083004X&PayerID=M9GMFXUADXUWE HTTP/1.0" 302 868 "https://www.paypal.com/cgi-bin/webscr?cmd=_express-checkout&token=EC-3BE66246EG083004X&useraction=continue" "Mozilla/5.0 (Linux; Android 6.0.1; SAMSUNG SM-G935F Build/MMB29K) AppleWebKit/537.36 (KHTML, like Gecko) SamsungBrowser/4.0 Chrome/44.0.2403.133 Mobile Safari/537.36"
78.129.161.54 - - [08/Aug/2016:15:19:49 +0100] "GET /index.php?main_page=checkout_payment HTTP/1.0" 200 34263 "https://www.paypal.com/cgi-bin/webscr?cmd=_express-checkout&token=EC-3BE66246EG083004X&useraction=continue" "Mozilla/5.0 (Linux; Android 6.0.1; SAMSUNG SM-G935F Build/MMB29K) AppleWebKit/537.36 (KHTML, like Gecko) SamsungBrowser/4.0 Chrome/44.0.2403.133 Mobile Safari/537.36"
40.77.167.83 - - [08/Aug/2016:15:19:54 +0100] "GET /eczema-16/ HTTP/1.0" 200 9839 "-" "Mozilla/5.0 (compatible; bingbot/2.0; +http://www.bing.com/bingbot.htm)"
141.101.70.120 - - [08/Aug/2016:15:20:10 +0100] "POST /index.php?main_page=checkout_confirmation HTTP/1.0" 200 9481 "https://www.paiskincare.com/index.php?main_page=checkout_payment" "Mozilla/5.0 (Linux; Android 6.0.1; SAMSUNG SM-G935F Build/MMB29K) AppleWebKit/537.36 (KHTML, like Gecko) SamsungBrowser/4.0 Chrome/44.0.2403.133 Mobile Safari/537.36"
78.129.161.54 - - [08/Aug/2016:15:20:18 +0100] "GET /checkout/shipping HTTP/1.0" 200 30782 "https://www.paiskincare.com/index.php?main_page=checkout_confirmation" "Mozilla/5.0 (Linux; Android 6.0.1; SAMSUNG SM-G935F Build/MMB29K) AppleWebKit/537.36 (KHTML, like Gecko) SamsungBrowser/4.0 Chrome/44.0.2403.133 Mobile Safari/537.36"
78.129.161.54 - - [08/Aug/2016:15:20:30 +0100] "POST /index.php?main_page=checkout_shipping HTTP/1.0" 302 786 "https://www.paiskincare.com/checkout/shipping" "Mozilla/5.0 (Linux; Android 6.0.1; SAMSUNG SM-G935F Build/MMB29K) AppleWebKit/537.36 (KHTML, like Gecko) SamsungBrowser/4.0 Chrome/44.0.2403.133 Mobile Safari/537.36"
78.129.161.54 - - [08/Aug/2016:15:20:31 +0100] "GET /index.php?main_page=checkout_payment HTTP/1.0" 200 34243 "https://www.paiskincare.com/checkout/shipping" "Mozilla/5.0 (Linux; Android 6.0.1; SAMSUNG SM-G935F Build/MMB29K) AppleWebKit/537.36 (KHTML, like Gecko) SamsungBrowser/4.0 Chrome/44.0.2403.133 Mobile Safari/537.36"
78.129.161.54 - - [08/Aug/2016:15:20:49 +0100] "POST /index.php?main_page=checkout_confirmation HTTP/1.0" 200 33302 "https://www.paiskincare.com/index.php?main_page=checkout_payment" "Mozilla/5.0 (Linux; Android 6.0.1; SAMSUNG SM-G935F Build/MMB29K) AppleWebKit/537.36 (KHTML, like Gecko) SamsungBrowser/4.0 Chrome/44.0.2403.133 Mobile Safari/537.36"
78.129.161.54 - - [08/Aug/2016:15:20:58 +0100] "POST /index.php?main_page=checkout_process HTTP/1.0" 302 786 "https://www.paiskincare.com/index.php?main_page=checkout_confirmation" "Mozilla/5.0 (Linux; Android 6.0.1; SAMSUNG SM-G935F Build/MMB29K) AppleWebKit/537.36 (KHTML, like Gecko) SamsungBrowser/4.0 Chrome/44.0.2403.133 Mobile Safari/537.36"
78.129.161.54 - - [08/Aug/2016:15:21:03 +0100] "GET /index.php?main_page=checkout_success HTTP/1.0" 200 27058 "https://www.paiskincare.com/index.php?main_page=checkout_confirmation" "Mozilla/5.0 (Linux; Android 6.0.1; SAMSUNG SM-G935F Build/MMB29K) AppleWebKit/537.36 (KHTML, like Gecko) SamsungBrowser/4.0 Chrome/44.0.2403.133 Mobile Safari/537.36"
162.158.73.154 - - [08/Aug/2016:15:21:21 +0100] "POST /cto_osc_link.php HTTP/1.0" 200 1742 "-" "CarryTheOne"
108.162.228.166 - - [08/Aug/2016:15:22:23 +0100] "GET /blog/tag/organic-imposter/feed/ HTTP/1.0" 301 969 "-" "Mozilla/5.0 (compatible; AhrefsBot/5.1; +http://ahrefs.com/robot/)"
78.129.161.54 - - [08/Aug/2016:15:23:49 +0100] "GET /pages/what-s-not-in-pai-45 HTTP/1.0" 200 34052 "-" "Mozilla/5.0 (compatible; bingbot/2.0; +http://www.bing.com/bingbot.htm)"
78.129.161.54 - - [08/Aug/2016:15:24:20 +0100] "POST /cto_osc_link.php HTTP/1.0" 200 1389 "-" "CarryTheOne"
78.129.161.54 - - [08/Aug/2016:15:24:38 +0100] "GET /cleanse-tone-2/ HTTP/1.0" 200 36381 "-" "Mozilla/5.0 (compatible; bingbot/2.0; +http://www.bing.com/bingbot.htm)"
207.46.13.171 - - [08/Aug/2016:15:25:07 +0100] "GET /contact-dermatitis-23/ HTTP/1.0" 200 9789 "-" "Mozilla/5.0 (compatible; bingbot/2.0; +http://www.bing.com/bingbot.htm)"
108.162.244.5 - - [08/Aug/2016:15:25:55 +0100] "GET /blog/made-in-london/ HTTP/1.0" 301 951 "-" "Mozilla/5.0 (compatible; bingbot/2.0; +http://www.bing.com/bingbot.htm)"
162.158.73.154 - - [08/Aug/2016:15:27:27 +0100] "POST /cto_osc_link.php HTTP/1.0" 200 1133 "-" "CarryTheOne"
78.129.161.54 - - [08/Aug/2016:15:28:11 +0100] "GET /blog/category/pai-news-and-press/ HTTP/1.0" 301 944 "-" "Mozilla/5.0 (compatible; bingbot/2.0; +http://www.bing.com/bingbot.htm)"
78.129.161.54 - - [08/Aug/2016:15:29:56 +0100] "GET /monkey75/index.php HTTP/1.0" 401 1853 "-" "Mozilla/5.0 (Macintosh; Intel Mac OS X 10.10; rv:47.0) Gecko/20100101 Firefox/47.0"
78.129.161.54 - admin123 [08/Aug/2016:15:29:58 +0100] "GET /monkey75/index.php HTTP/1.0" 302 840 "-" "Mozilla/5.0 (Macintosh; Intel Mac OS X 10.10; rv:47.0) Gecko/20100101 Firefox/47.0"
78.129.161.54 - admin123 [08/Aug/2016:15:29:59 +0100] "GET /monkey75/login.php?zenAdminID=1sn0khj4kfehp71u0go35qh342 HTTP/1.0" 200 1921 "-" "Mozilla/5.0 (Macintosh; Intel Mac OS X 10.10; rv:47.0) Gecko/20100101 Firefox/47.0"
141.101.70.168 - admin123 [08/Aug/2016:15:29:59 +0100] "GET /monkey75/includes/stylesheet.css HTTP/1.0" 304 377 "https://www.paiskincare.com/monkey75/login.php?zenAdminID=1sn0khj4kfehp71u0go35qh342" "Mozilla/5.0 (Macintosh; Intel Mac OS X 10.10; rv:47.0) Gecko/20100101 Firefox/47.0"
162.158.152.220 - admin123 [08/Aug/2016:15:29:59 +0100] "GET /monkey75/includes/menu.css HTTP/1.0" 304 377 "https://www.paiskincare.com/monkey75/includes/stylesheet.css" "Mozilla/5.0 (Macintosh; Intel Mac OS X 10.10; rv:47.0) Gecko/20100101 Firefox/47.0"
141.101.70.228 - admin123 [08/Aug/2016:15:29:59 +0100] "GET /monkey75/includes/index.css HTTP/1.0" 304 377 "https://www.paiskincare.com/monkey75/includes/stylesheet.css" "Mozilla/5.0 (Macintosh; Intel Mac OS X 10.10; rv:47.0) Gecko/20100101 Firefox/47.0"
78.129.161.54 - admin123 [08/Aug/2016:15:30:00 +0100] "POST /monkey75/login.php HTTP/1.0" 302 802 "https://www.paiskincare.com/monkey75/login.php?zenAdminID=1sn0khj4kfehp71u0go35qh342" "Mozilla/5.0 (Macintosh; Intel Mac OS X 10.10; rv:47.0) Gecko/20100101 Firefox/47.0"
78.129.161.54 - admin123 [08/Aug/2016:15:30:00 +0100] "GET /monkey75/index.php HTTP/1.0" 200 26604 "https://www.paiskincare.com/monkey75/login.php?zenAdminID=1sn0khj4kfehp71u0go35qh342" "Mozilla/5.0 (Macintosh; Intel Mac OS X 10.10; rv:47.0) Gecko/20100101 Firefox/47.0"
78.129.161.54 - admin123 [08/Aug/2016:15:30:01 +0100] "GET /monkey75/includes/languages/english/images/buttons/button_reset.gif HTTP/1.0" 304 344 "https://www.paiskincare.com/monkey75/index.php" "Mozilla/5.0 (Macintosh; Intel Mac OS X 10.10; rv:47.0) Gecko/20100101 Firefox/47.0"
162.158.152.40 - admin123 [08/Aug/2016:15:30:01 +0100] "GET /monkey75/includes/cssjsmenuhover.css HTTP/1.0" 304 377 "https://www.paiskincare.com/monkey75/index.php" "Mozilla/5.0 (Macintosh; Intel Mac OS X 10.10; rv:47.0) Gecko/20100101 Firefox/47.0"
162.158.152.22 - admin123 [08/Aug/2016:15:30:01 +0100] "GET /monkey75/images/icons/warning.gif HTTP/1.0" 304 344 "https://www.paiskincare.com/monkey75/index.php" "Mozilla/5.0 (Macintosh; Intel Mac OS X 10.10; rv:47.0) Gecko/20100101 Firefox/47.0"
141.101.106.124 - admin123 [08/Aug/2016:15:30:01 +0100] "GET /monkey75/includes/menu.js HTTP/1.0" 304 361 "https://www.paiskincare.com/monkey75/index.php" "Mozilla/5.0 (Macintosh; Intel Mac OS X 10.10; rv:47.0) Gecko/20100101 Firefox/47.0"
162.158.153.100 - admin123 [08/Aug/2016:15:30:01 +0100] "GET /monkey75/images/logo.gif HTTP/1.0" 304 344 "https://www.paiskincare.com/monkey75/index.php" "Mozilla/5.0 (Macintosh; Intel Mac OS X 10.10; rv:47.0) Gecko/20100101 Firefox/47.0"
141.101.70.180 - admin123 [08/Aug/2016:15:30:01 +0100] "GET /monkey75/images/small_zen_logo.gif HTTP/1.0" 304 344 "https://www.paiskincare.com/monkey75/index.php" "Mozilla/5.0 (Macintosh; Intel Mac OS X 10.10; rv:47.0) Gecko/20100101 Firefox/47.0"
78.129.161.54 - - [08/Aug/2016:15:30:19 +0100] "POST /cto_osc_link.php HTTP/1.0" 200 1389 "-" "CarryTheOne"
162.158.73.154 - - [08/Aug/2016:15:33:22 +0100] "POST /cto_osc_link.php HTTP/1.0" 200 1133 "-" "CarryTheOne"
78.129.161.54 - - [08/Aug/2016:15:35:03 +0100] "GET /urticaria-22/ HTTP/1.0" 200 35605 "-" "Mozilla/5.0 (compatible; bingbot/2.0; +http://www.bing.com/bingbot.htm)"
78.129.161.54 - - [08/Aug/2016:15:36:18 +0100] "POST /cto_osc_link.php HTTP/1.0" 200 1389 "-" "CarryTheOne"
78.129.161.54 - - [08/Aug/2016:15:39:15 +0100] "GET /account/login HTTP/1.0" 302 711 "-" "Mozilla/5.0 (compatible; bingbot/2.0; +http://www.bing.com/bingbot.htm)"
78.129.161.54 - - [08/Aug/2016:15:39:15 +0100] "GET /index.php?main_page=cookie_usage HTTP/1.0" 200 32363 "-" "Mozilla/5.0 (compatible; bingbot/2.0; +http://www.bing.com/bingbot.htm)"
162.158.73.154 - - [08/Aug/2016:15:39:18 +0100] "POST /cto_osc_link.php HTTP/1.0" 200 1133 "-" "CarryTheOne"
141.101.64.142 - - [08/Aug/2016:15:39:56 +0100] "GET /blog/2014/08/05/caveman-skincare-genius-or-rubbish/feed/ HTTP/1.0" 301 1010 "-" "Mozilla/5.0 (compatible; AhrefsBot/5.1; +http://ahrefs.com/robot/)"
78.129.161.54 - - [08/Aug/2016:15:42:19 +0100] "POST /cto_osc_link.php HTTP/1.0" 200 1389 "-" "CarryTheOne"
82.3.29.119 - - [08/Aug/2016:15:42:43 +0100] "GET /checkout/shipping HTTP/1.0" 302 907 "http://www.paiskincare.com/shopping-cart/" "Mozilla/5.0 (Macintosh; Intel Mac OS X 10_11_4) AppleWebKit/537.36 (KHTML, like Gecko) Chrome/51.0.2704.103 Safari/537.36"
162.158.153.16 - - [08/Aug/2016:15:42:43 +0100] "GET /index.php?main_page=login HTTP/1.0" 301 842 "http://www.paiskincare.com/shopping-cart/" "Mozilla/5.0 (Macintosh; Intel Mac OS X 10_11_4) AppleWebKit/537.36 (KHTML, like Gecko) Chrome/51.0.2704.103 Safari/537.36"
78.129.161.54 - - [08/Aug/2016:15:42:43 +0100] "GET /account/login HTTP/1.0" 200 68026 "http://www.paiskincare.com/shopping-cart/" "Mozilla/5.0 (Macintosh; Intel Mac OS X 10_11_4) AppleWebKit/537.36 (KHTML, like Gecko) Chrome/51.0.2704.103 Safari/537.36"
78.129.161.54 - - [08/Aug/2016:15:42:53 +0100] "POST /index.php?main_page=login&action=process HTTP/1.0" 200 68581 "https://www.paiskincare.com/account/login" "Mozilla/5.0 (Macintosh; Intel Mac OS X 10_11_4) AppleWebKit/537.36 (KHTML, like Gecko) Chrome/51.0.2704.103 Safari/537.36"
78.129.161.54 - - [08/Aug/2016:15:44:01 +0100] "GET /blog/2013/05/31/pai-supports-beach-in-the-east/ HTTP/1.0" 301 1000 "-" "Mozilla/5.0 (compatible; AhrefsBot/5.1; +http://ahrefs.com/robot/)"
78.129.161.54 - - [08/Aug/2016:15:44:17 +0100] "POST /index.php?main_page=login&action=process HTTP/1.0" 200 68581 "https://www.paiskincare.com/index.php?main_page=login&action=process" "Mozilla/5.0 (Macintosh; Intel Mac OS X 10_11_4) AppleWebKit/537.36 (KHTML, like Gecko) Chrome/51.0.2704.103 Safari/537.36"
78.129.161.54 - - [08/Aug/2016:15:44:28 +0100] "GET /index.php?main_page=password_forgotten HTTP/1.0" 200 31968 "https://www.paiskincare.com/index.php?main_page=login&action=process" "Mozilla/5.0 (Macintosh; Intel Mac OS X 10_11_4) AppleWebKit/537.36 (KHTML, like Gecko) Chrome/51.0.2704.103 Safari/537.36"
78.129.161.54 - - [08/Aug/2016:15:44:35 +0100] "POST /index.php?main_page=password_forgotten&action=process HTTP/1.0" 302 994 "https://www.paiskincare.com/index.php?main_page=password_forgotten" "Mozilla/5.0 (Macintosh; Intel Mac OS X 10_11_4) AppleWebKit/537.36 (KHTML, like Gecko) Chrome/51.0.2704.103 Safari/537.36"
78.129.161.54 - - [08/Aug/2016:15:44:36 +0100] "GET /index.php?main_page=login HTTP/1.0" 301 710 "https://www.paiskincare.com/index.php?main_page=password_forgotten" "Mozilla/5.0 (Macintosh; Intel Mac OS X 10_11_4) AppleWebKit/537.36 (KHTML, like Gecko) Chrome/51.0.2704.103 Safari/537.36"
78.129.161.54 - - [08/Aug/2016:15:44:36 +0100] "GET /account/login HTTP/1.0" 200 68026 "https://www.paiskincare.com/index.php?main_page=password_forgotten" "Mozilla/5.0 (Macintosh; Intel Mac OS X 10_11_4) AppleWebKit/537.36 (KHTML, like Gecko) Chrome/51.0.2704.103 Safari/537.36"
78.129.161.54 - - [08/Aug/2016:15:44:48 +0100] "POST /index.php?main_page=login&action=process HTTP/1.0" 302 857 "https://www.paiskincare.com/account/login" "Mozilla/5.0 (Macintosh; Intel Mac OS X 10_11_4) AppleWebKit/537.36 (KHTML, like Gecko) Chrome/51.0.2704.103 Safari/537.36"
78.129.161.54 - - [08/Aug/2016:15:44:48 +0100] "GET /index.php?main_page=index HTTP/1.0" 301 697 "https://www.paiskincare.com/account/login" "Mozilla/5.0 (Macintosh; Intel Mac OS X 10_11_4) AppleWebKit/537.36 (KHTML, like Gecko) Chrome/51.0.2704.103 Safari/537.36"
78.129.161.54 - - [08/Aug/2016:15:44:48 +0100] "GET / HTTP/1.0" 200 31094 "https://www.paiskincare.com/account/login" "Mozilla/5.0 (Macintosh; Intel Mac OS X 10_11_4) AppleWebKit/537.36 (KHTML, like Gecko) Chrome/51.0.2704.103 Safari/537.36"
78.129.161.54 - - [08/Aug/2016:15:45:14 +0100] "GET /checkout/shipping HTTP/1.0" 200 30795 "http://www.paiskincare.com/index.php?main_page=shopping_cart&product_id=4%3A3ada668e8c4a0aae3fc6f574040dad53" "Mozilla/5.0 (Macintosh; Intel Mac OS X 10_11_4) AppleWebKit/537.36 (KHTML, like Gecko) Chrome/51.0.2704.103 Safari/537.36"
162.158.73.154 - - [08/Aug/2016:15:45:17 +0100] "POST /cto_osc_link.php HTTP/1.0" 200 1133 "-" "CarryTheOne"
78.129.161.54 - - [08/Aug/2016:15:45:19 +0100] "POST /index.php?main_page=checkout_shipping HTTP/1.0" 302 786 "https://www.paiskincare.com/checkout/shipping" "Mozilla/5.0 (Macintosh; Intel Mac OS X 10_11_4) AppleWebKit/537.36 (KHTML, like Gecko) Chrome/51.0.2704.103 Safari/537.36"
78.129.161.54 - - [08/Aug/2016:15:45:19 +0100] "GET /index.php?main_page=checkout_payment HTTP/1.0" 200 38520 "https://www.paiskincare.com/checkout/shipping" "Mozilla/5.0 (Macintosh; Intel Mac OS X 10_11_4) AppleWebKit/537.36 (KHTML, like Gecko) Chrome/51.0.2704.103 Safari/537.36"
78.129.161.54 - - [08/Aug/2016:15:45:22 +0100] "GET /index.php?main_page=checkout_payment_address HTTP/1.0" 200 60818 "https://www.paiskincare.com/index.php?main_page=checkout_payment" "Mozilla/5.0 (Macintosh; Intel Mac OS X 10_11_4) AppleWebKit/537.36 (KHTML, like Gecko) Chrome/51.0.2704.103 Safari/537.36"
78.129.161.54 - - [08/Aug/2016:15:45:48 +0100] "POST /index.php?main_page=checkout_payment_address HTTP/1.0" 302 786 "https://www.paiskincare.com/index.php?main_page=checkout_payment_address" "Mozilla/5.0 (Macintosh; Intel Mac OS X 10_11_4) AppleWebKit/537.36 (KHTML, like Gecko) Chrome/51.0.2704.103 Safari/537.36"
78.129.161.54 - - [08/Aug/2016:15:45:48 +0100] "GET /index.php?main_page=checkout_payment HTTP/1.0" 200 38520 "https://www.paiskincare.com/index.php?main_page=checkout_payment_address" "Mozilla/5.0 (Macintosh; Intel Mac OS X 10_11_4) AppleWebKit/537.36 (KHTML, like Gecko) Chrome/51.0.2704.103 Safari/537.36"
78.129.161.54 - - [08/Aug/2016:15:45:54 +0100] "POST /index.php?main_page=checkout_confirmation HTTP/1.0" 200 33771 "https://www.paiskincare.com/index.php?main_page=checkout_payment" "Mozilla/5.0 (Macintosh; Intel Mac OS X 10_11_4) AppleWebKit/537.36 (KHTML, like Gecko) Chrome/51.0.2704.103 Safari/537.36"
162.158.72.58 - - [08/Aug/2016:15:46:19 +0100] "GET /index.php?cPath=7&main_page=product_info&products_id=45 HTTP/1.0" 200 11986 "-" "Mozilla/5.0 (compatible; FatBot 2.0; http://www.thefind.com/crawler)"
78.129.161.54 - - [08/Aug/2016:15:46:31 +0100] "GET /ipn_main_handler.php?type=ec&markflow=1&clearSess=1&stage=final HTTP/1.0" 302 821 "-" "Mozilla/5.0 (Macintosh; Intel Mac OS X 10_11_4) AppleWebKit/537.36 (KHTML, like Gecko) Chrome/51.0.2704.103 Safari/537.36"
162.158.153.16 - - [08/Aug/2016:15:47:46 +0100] "GET /ipn_main_handler.php?type=ec&token=EC-1P5086097G239534D&PayerID=4QQXDPG2WAQ5S HTTP/1.0" 302 918 "https://www.paypal.com/webapps/xoonboarding?country.x=GB&exp=guest&flow=1-P&locale.x=en_GB&token=EC-1P5086097G239534D&useraction=commit" "Mozilla/5.0 (Macintosh; Intel Mac OS X 10_11_4) AppleWebKit/537.36 (KHTML, like Gecko) Chrome/51.0.2704.103 Safari/537.36"
162.158.153.16 - - [08/Aug/2016:15:47:47 +0100] "GET /index.php?main_page=checkout_process HTTP/1.0" 302 918 "https://www.paypal.com/webapps/xoonboarding?country.x=GB&exp=guest&flow=1-P&locale.x=en_GB&token=EC-1P5086097G239534D&useraction=commit" "Mozilla/5.0 (Macintosh; Intel Mac OS X 10_11_4) AppleWebKit/537.36 (KHTML, like Gecko) Chrome/51.0.2704.103 Safari/537.36"
78.129.161.54 - - [08/Aug/2016:15:47:53 +0100] "GET /index.php?main_page=checkout_success HTTP/1.0" 200 26894 "https://www.paypal.com/webapps/xoonboarding?country.x=GB&exp=guest&flow=1-P&locale.x=en_GB&token=EC-1P5086097G239534D&useraction=commit" "Mozilla/5.0 (Macintosh; Intel Mac OS X 10_11_4) AppleWebKit/537.36 (KHTML, like Gecko) Chrome/51.0.2704.103 Safari/537.36"
78.129.161.54 - - [08/Aug/2016:15:48:36 +0100] "POST /cto_osc_link.php HTTP/1.0" 200 2879 "-" "CarryTheOne"
162.158.73.154 - - [08/Aug/2016:15:51:22 +0100] "POST /cto_osc_link.php HTTP/1.0" 200 1133 "-" "CarryTheOne"
40.77.167.83 - - [08/Aug/2016:15:52:10 +0100] "GET /anti-redness-hypersensitive-18/ HTTP/1.0" 200 10148 "-" "Mozilla/5.0 (compatible; bingbot/2.0; +http://www.bing.com/bingbot.htm)"
108.162.244.84 - - [08/Aug/2016:15:52:27 +0100] "GET /blog/tag/wrinkles/feed/ HTTP/1.0" 301 955 "-" "Mozilla/5.0 (compatible; bingbot/2.0; +http://www.bing.com/bingbot.htm)"
5.104.241.184 - - [08/Aug/2016:15:53:32 +0100] "GET / HTTP/1.0" 200 9466 "-" "Mozilla/5.0 (Macintosh; U; PPC Mac OS X; en-us) AppleWebKit/48 (like Gecko) Safari/48"
78.129.161.54 - - [08/Aug/2016:15:54:27 +0100] "POST /cto_osc_link.php HTTP/1.0" 200 6705 "-" "CarryTheOne"
162.158.108.196 - - [08/Aug/2016:15:56:13 +0100] "GET /blog/tag/walk/feed/ HTTP/1.0" 301 949 "-" "Mozilla/5.0 (compatible; AhrefsBot/5.1; +http://ahrefs.com/robot/)"
162.158.73.154 - - [08/Aug/2016:15:57:20 +0100] "POST /cto_osc_link.php HTTP/1.0" 200 1133 "-" "CarryTheOne"
90.207.171.207 - - [08/Aug/2016:15:58:25 +0100] "GET /checkout/shipping HTTP/1.0" 302 907 "http://www.paiskincare.com/shopping-cart/" "Mozilla/5.0 (iPad; CPU OS 9_3_2 like Mac OS X) AppleWebKit/601.1.46 (KHTML, like Gecko) Version/9.0 Mobile/13F69 Safari/601.1"
78.129.161.54 - - [08/Aug/2016:15:58:25 +0100] "GET /index.php?main_page=login HTTP/1.0" 301 710 "http://www.paiskincare.com/shopping-cart/" "Mozilla/5.0 (iPad; CPU OS 9_3_2 like Mac OS X) AppleWebKit/601.1.46 (KHTML, like Gecko) Version/9.0 Mobile/13F69 Safari/601.1"
78.129.161.54 - - [08/Aug/2016:15:58:25 +0100] "GET /account/login HTTP/1.0" 200 68026 "http://www.paiskincare.com/shopping-cart/" "Mozilla/5.0 (iPad; CPU OS 9_3_2 like Mac OS X) AppleWebKit/601.1.46 (KHTML, like Gecko) Version/9.0 Mobile/13F69 Safari/601.1"
78.129.161.54 - - [08/Aug/2016:16:00:28 +0100] "POST /cto_osc_link.php HTTP/1.0" 200 1389 "-" "CarryTheOne"
90.207.171.207 - - [08/Aug/2016:16:00:30 +0100] "POST /account/create HTTP/1.0" 302 1135 "https://www.paiskincare.com/account/login" "Mozilla/5.0 (iPad; CPU OS 9_3_2 like Mac OS X) AppleWebKit/601.1.46 (KHTML, like Gecko) Version/9.0 Mobile/13F69 Safari/601.1"
78.129.161.54 - - [08/Aug/2016:16:00:31 +0100] "GET /index.php?main_page=create_account_success HTTP/1.0" 301 723 "https://www.paiskincare.com/account/login" "Mozilla/5.0 (iPad; CPU OS 9_3_2 like Mac OS X) AppleWebKit/601.1.46 (KHTML, like Gecko) Version/9.0 Mobile/13F69 Safari/601.1"
78.129.161.54 - - [08/Aug/2016:16:00:31 +0100] "GET /account/created-successful HTTP/1.0" 302 787 "https://www.paiskincare.com/account/login" "Mozilla/5.0 (iPad; CPU OS 9_3_2 like Mac OS X) AppleWebKit/601.1.46 (KHTML, like Gecko) Version/9.0 Mobile/13F69 Safari/601.1"
78.129.161.54 - - [08/Aug/2016:16:00:32 +0100] "GET /index.php?main_page=checkout_shipping HTTP/1.0" 301 714 "https://www.paiskincare.com/account/login" "Mozilla/5.0 (iPad; CPU OS 9_3_2 like Mac OS X) AppleWebKit/601.1.46 (KHTML, like Gecko) Version/9.0 Mobile/13F69 Safari/601.1"
78.129.161.54 - - [08/Aug/2016:16:00:32 +0100] "GET /checkout/shipping HTTP/1.0" 200 30790 "https://www.paiskincare.com/account/login" "Mozilla/5.0 (iPad; CPU OS 9_3_2 like Mac OS X) AppleWebKit/601.1.46 (KHTML, like Gecko) Version/9.0 Mobile/13F69 Safari/601.1"
78.129.161.54 - - [08/Aug/2016:16:00:40 +0100] "GET /index.php?main_page=checkout_shipping_address HTTP/1.0" 200 68423 "https://www.paiskincare.com/checkout/shipping" "Mozilla/5.0 (iPad; CPU OS 9_3_2 like Mac OS X) AppleWebKit/601.1.46 (KHTML, like Gecko) Version/9.0 Mobile/13F69 Safari/601.1"
78.129.161.54 - - [08/Aug/2016:16:00:49 +0100] "GET /checkout/shipping HTTP/1.0" 200 30790 "https://www.paiskincare.com/account/login" "Mozilla/5.0 (iPad; CPU OS 9_3_2 like Mac OS X) AppleWebKit/601.1.46 (KHTML, like Gecko) Version/9.0 Mobile/13F69 Safari/601.1"
78.129.161.54 - - [08/Aug/2016:16:01:05 +0100] "GET /account/ HTTP/1.0" 200 29290 "https://www.paiskincare.com/checkout/shipping" "Mozilla/5.0 (iPad; CPU OS 9_3_2 like Mac OS X) AppleWebKit/601.1.46 (KHTML, like Gecko) Version/9.0 Mobile/13F69 Safari/601.1"
78.129.161.54 - - [08/Aug/2016:16:01:10 +0100] "GET /account/address-book/ HTTP/1.0" 200 33050 "https://www.paiskincare.com/account/" "Mozilla/5.0 (iPad; CPU OS 9_3_2 like Mac OS X) AppleWebKit/601.1.46 (KHTML, like Gecko) Version/9.0 Mobile/13F69 Safari/601.1"
78.129.161.54 - - [08/Aug/2016:16:01:15 +0100] "GET /account/address-book/entry-43501?action=edit HTTP/1.0" 200 67815 "https://www.paiskincare.com/account/address-book/" "Mozilla/5.0 (iPad; CPU OS 9_3_2 like Mac OS X) AppleWebKit/601.1.46 (KHTML, like Gecko) Version/9.0 Mobile/13F69 Safari/601.1"
78.129.161.54 - - [08/Aug/2016:16:01:43 +0100] "POST /index.php?main_page=address_book_process&edit=43501 HTTP/1.0" 302 782 "https://www.paiskincare.com/account/address-book/entry-43501?action=edit" "Mozilla/5.0 (iPad; CPU OS 9_3_2 like Mac OS X) AppleWebKit/601.1.46 (KHTML, like Gecko) Version/9.0 Mobile/13F69 Safari/601.1"
78.129.161.54 - - [08/Aug/2016:16:01:44 +0100] "GET /index.php?main_page=address_book HTTP/1.0" 301 718 "https://www.paiskincare.com/account/address-book/entry-43501?action=edit" "Mozilla/5.0 (iPad; CPU OS 9_3_2 like Mac OS X) AppleWebKit/601.1.46 (KHTML, like Gecko) Version/9.0 Mobile/13F69 Safari/601.1"
78.129.161.54 - - [08/Aug/2016:16:01:44 +0100] "GET /account/address-book/ HTTP/1.0" 200 33050 "https://www.paiskincare.com/account/address-book/entry-43501?action=edit" "Mozilla/5.0 (iPad; CPU OS 9_3_2 like Mac OS X) AppleWebKit/601.1.46 (KHTML, like Gecko) Version/9.0 Mobile/13F69 Safari/601.1"
78.129.161.54 - - [08/Aug/2016:16:02:00 +0100] "GET /checkout/shipping HTTP/1.0" 200 30790 "http://www.paiskincare.com/shopping-cart/" "Mozilla/5.0 (iPad; CPU OS 9_3_2 like Mac OS X) AppleWebKit/601.1.46 (KHTML, like Gecko) Version/9.0 Mobile/13F69 Safari/601.1"
78.129.161.54 - - [08/Aug/2016:16:02:15 +0100] "POST /index.php?main_page=checkout_shipping HTTP/1.0" 302 786 "https://www.paiskincare.com/checkout/shipping" "Mozilla/5.0 (iPad; CPU OS 9_3_2 like Mac OS X) AppleWebKit/601.1.46 (KHTML, like Gecko) Version/9.0 Mobile/13F69 Safari/601.1"
78.129.161.54 - - [08/Aug/2016:16:02:15 +0100] "GET /index.php?main_page=checkout_payment HTTP/1.0" 200 38293 "https://www.paiskincare.com/checkout/shipping" "Mozilla/5.0 (iPad; CPU OS 9_3_2 like Mac OS X) AppleWebKit/601.1.46 (KHTML, like Gecko) Version/9.0 Mobile/13F69 Safari/601.1"
162.158.73.154 - - [08/Aug/2016:16:03:22 +0100] "POST /cto_osc_link.php HTTP/1.0" 200 1133 "-" "CarryTheOne"
162.158.153.76 - - [08/Aug/2016:16:04:13 +0100] "POST /index.php?main_page=checkout_confirmation HTTP/1.0" 200 9523 "https://www.paiskincare.com/index.php?main_page=checkout_payment" "Mozilla/5.0 (iPad; CPU OS 9_3_2 like Mac OS X) AppleWebKit/601.1.46 (KHTML, like Gecko) Version/9.0 Mobile/13F69 Safari/601.1"
78.129.161.54 - - [08/Aug/2016:16:04:38 +0100] "POST /ipn_main_handler.php?type=ec&markflow=1&clearSess=1&stage=final HTTP/1.0" 302 821 "https://www.paiskincare.com/index.php?main_page=checkout_confirmation" "Mozilla/5.0 (iPad; CPU OS 9_3_2 like Mac OS X) AppleWebKit/601.1.46 (KHTML, like Gecko) Version/9.0 Mobile/13F69 Safari/601.1"
78.129.161.54 - - [08/Aug/2016:16:05:03 +0100] "GET /ipn_main_handler.php?type=ec&token=EC-7SU9344377179791G&PayerID=UZM28A6YV6SUA HTTP/1.0" 302 6102 "https://www.paypal.com/cgi-bin/webscr?cmd=_express-checkout&token=EC-7SU9344377179791G&useraction=commit" "Mozilla/5.0 (iPad; CPU OS 9_3_2 like Mac OS X) AppleWebKit/601.1.46 (KHTML, like Gecko) Version/9.0 Mobile/13F69 Safari/601.1"
78.129.161.54 - - [08/Aug/2016:16:05:04 +0100] "GET /index.php?main_page=checkout_process HTTP/1.0" 302 786 "https://www.paypal.com/cgi-bin/webscr?cmd=_express-checkout&token=EC-7SU9344377179791G&useraction=commit" "Mozilla/5.0 (iPad; CPU OS 9_3_2 like Mac OS X) AppleWebKit/601.1.46 (KHTML, like Gecko) Version/9.0 Mobile/13F69 Safari/601.1"
78.129.161.54 - - [08/Aug/2016:16:05:08 +0100] "GET /index.php?main_page=checkout_success HTTP/1.0" 200 26931 "https://www.paypal.com/cgi-bin/webscr?cmd=_express-checkout&token=EC-7SU9344377179791G&useraction=commit" "Mozilla/5.0 (iPad; CPU OS 9_3_2 like Mac OS X) AppleWebKit/601.1.46 (KHTML, like Gecko) Version/9.0 Mobile/13F69 Safari/601.1"
78.129.161.54 - - [08/Aug/2016:16:06:25 +0100] "POST /cto_osc_link.php HTTP/1.0" 200 2869 "-" "CarryTheOne"
162.158.73.154 - - [08/Aug/2016:16:09:43 +0100] "POST /cto_osc_link.php HTTP/1.0" 200 1133 "-" "CarryTheOne"
78.129.161.54 - - [08/Aug/2016:16:12:24 +0100] "POST /cto_osc_link.php HTTP/1.0" 200 1389 "-" "CarryTheOne"
108.162.228.166 - - [08/Aug/2016:16:14:41 +0100] "GET /blog/tag/stress/page/2/ HTTP/1.0" 301 953 "-" "Mozilla/5.0 (compatible; AhrefsBot/5.1; +http://ahrefs.com/robot/)"
162.158.73.154 - - [08/Aug/2016:16:15:19 +0100] "POST /cto_osc_link.php HTTP/1.0" 200 6449 "-" "CarryTheOne"
78.129.161.54 - - [08/Aug/2016:16:18:19 +0100] "POST /cto_osc_link.php HTTP/1.0" 200 1389 "-" "CarryTheOne"
78.129.161.54 - - [08/Aug/2016:16:21:04 +0100] "GET /checkout/shipping HTTP/1.0" 302 775 "http://www.paiskincare.com/index.php?main_page=shopping_cart&number_of_uploads=0" "Mozilla/5.0 (iPhone; CPU iPhone OS 9_3_2 like Mac OS X) AppleWebKit/601.1.46 (KHTML, like Gecko) Version/9.0 Mobile/13F69 Safari/601.1"
78.129.161.54 - - [08/Aug/2016:16:21:04 +0100] "GET /index.php?main_page=login HTTP/1.0" 301 710 "http://www.paiskincare.com/index.php?main_page=shopping_cart&number_of_uploads=0" "Mozilla/5.0 (iPhone; CPU iPhone OS 9_3_2 like Mac OS X) AppleWebKit/601.1.46 (KHTML, like Gecko) Version/9.0 Mobile/13F69 Safari/601.1"
78.129.161.54 - - [08/Aug/2016:16:21:04 +0100] "GET /account/login HTTP/1.0" 200 68026 "http://www.paiskincare.com/index.php?main_page=shopping_cart&number_of_uploads=0" "Mozilla/5.0 (iPhone; CPU iPhone OS 9_3_2 like Mac OS X) AppleWebKit/601.1.46 (KHTML, like Gecko) Version/9.0 Mobile/13F69 Safari/601.1"
78.129.161.54 - - [08/Aug/2016:16:21:27 +0100] "POST /index.php?main_page=login&action=process HTTP/1.0" 302 869 "https://www.paiskincare.com/account/login" "Mozilla/5.0 (iPhone; CPU iPhone OS 9_3_2 like Mac OS X) AppleWebKit/601.1.46 (KHTML, like Gecko) Version/9.0 Mobile/13F69 Safari/601.1"
78.129.161.54 - - [08/Aug/2016:16:21:27 +0100] "GET /index.php?main_page=checkout_shipping HTTP/1.0" 301 714 "https://www.paiskincare.com/account/login" "Mozilla/5.0 (iPhone; CPU iPhone OS 9_3_2 like Mac OS X) AppleWebKit/601.1.46 (KHTML, like Gecko) Version/9.0 Mobile/13F69 Safari/601.1"
78.129.161.54 - - [08/Aug/2016:16:21:28 +0100] "GET /checkout/shipping HTTP/1.0" 200 30744 "https://www.paiskincare.com/account/login" "Mozilla/5.0 (iPhone; CPU iPhone OS 9_3_2 like Mac OS X) AppleWebKit/601.1.46 (KHTML, like Gecko) Version/9.0 Mobile/13F69 Safari/601.1"
162.158.73.154 - - [08/Aug/2016:16:21:31 +0100] "POST /cto_osc_link.php HTTP/1.0" 200 1133 "-" "CarryTheOne"
78.129.161.54 - - [08/Aug/2016:16:21:35 +0100] "POST /index.php?main_page=checkout_shipping HTTP/1.0" 302 786 "https://www.paiskincare.com/checkout/shipping" "Mozilla/5.0 (iPhone; CPU iPhone OS 9_3_2 like Mac OS X) AppleWebKit/601.1.46 (KHTML, like Gecko) Version/9.0 Mobile/13F69 Safari/601.1"
78.129.161.54 - - [08/Aug/2016:16:21:35 +0100] "GET /index.php?main_page=checkout_payment HTTP/1.0" 200 38303 "https://www.paiskincare.com/checkout/shipping" "Mozilla/5.0 (iPhone; CPU iPhone OS 9_3_2 like Mac OS X) AppleWebKit/601.1.46 (KHTML, like Gecko) Version/9.0 Mobile/13F69 Safari/601.1"
78.129.161.54 - - [08/Aug/2016:16:22:06 +0100] "POST /index.php?main_page=checkout_confirmation HTTP/1.0" 200 34501 "https://www.paiskincare.com/index.php?main_page=checkout_payment" "Mozilla/5.0 (iPhone; CPU iPhone OS 9_3_2 like Mac OS X) AppleWebKit/601.1.46 (KHTML, like Gecko) Version/9.0 Mobile/13F69 Safari/601.1"
78.129.161.54 - - [08/Aug/2016:16:22:14 +0100] "POST /index.php?main_page=checkout_process HTTP/1.0" 302 786 "https://www.paiskincare.com/index.php?main_page=checkout_confirmation" "Mozilla/5.0 (iPhone; CPU iPhone OS 9_3_2 like Mac OS X) AppleWebKit/601.1.46 (KHTML, like Gecko) Version/9.0 Mobile/13F69 Safari/601.1"
78.129.161.54 - - [08/Aug/2016:16:22:18 +0100] "GET /index.php?main_page=checkout_success HTTP/1.0" 200 26944 "https://www.paiskincare.com/index.php?main_page=checkout_confirmation" "Mozilla/5.0 (iPhone; CPU iPhone OS 9_3_2 like Mac OS X) AppleWebKit/601.1.46 (KHTML, like Gecko) Version/9.0 Mobile/13F69 Safari/601.1"
78.129.161.54 - - [08/Aug/2016:16:24:19 +0100] "POST /cto_osc_link.php HTTP/1.0" 200 2855 "-" "CarryTheOne"
108.162.228.154 - - [08/Aug/2016:16:27:13 +0100] "GET /blog/tag/bacteria/feed/ HTTP/1.0" 301 954 "-" "Mozilla/5.0 (compatible; AhrefsBot/5.1; +http://ahrefs.com/robot/)"
162.158.73.154 - - [08/Aug/2016:16:27:18 +0100] "POST /cto_osc_link.php HTTP/1.0" 200 1133 "-" "CarryTheOne"
78.129.161.54 - - [08/Aug/2016:16:30:18 +0100] "POST /cto_osc_link.php HTTP/1.0" 200 1389 "-" "CarryTheOne"
162.158.73.154 - - [08/Aug/2016:16:33:19 +0100] "POST /cto_osc_link.php HTTP/1.0" 200 1133 "-" "CarryTheOne"
78.129.161.54 - - [08/Aug/2016:16:36:35 +0100] "POST /cto_osc_link.php HTTP/1.0" 200 6705 "-" "CarryTheOne"
162.158.73.154 - - [08/Aug/2016:16:39:27 +0100] "POST /cto_osc_link.php HTTP/1.0" 200 1133 "-" "CarryTheOne"
78.129.161.54 - - [08/Aug/2016:16:42:22 +0100] "POST /cto_osc_link.php HTTP/1.0" 200 1389 "-" "CarryTheOne"
82.3.29.119 - - [08/Aug/2016:16:44:48 +0100] "GET /monkey75/index.php HTTP/1.0" 401 1399 "-" "Mozilla/5.0 (Macintosh; Intel Mac OS X 10_10_5) AppleWebKit/537.36 (KHTML, like Gecko) Chrome/51.0.2704.103 Safari/537.36"
162.158.153.16 - admin123 [08/Aug/2016:16:45:01 +0100] "GET /monkey75/index.php HTTP/1.0" 302 847 "-" "Mozilla/5.0 (Macintosh; Intel Mac OS X 10_10_5) AppleWebKit/537.36 (KHTML, like Gecko) Chrome/51.0.2704.103 Safari/537.36"
78.129.161.54 - admin123 [08/Aug/2016:16:45:02 +0100] "GET /monkey75/login.php HTTP/1.0" 200 1921 "-" "Mozilla/5.0 (Macintosh; Intel Mac OS X 10_10_5) AppleWebKit/537.36 (KHTML, like Gecko) Chrome/51.0.2704.103 Safari/537.36"
78.129.161.54 - admin123 [08/Aug/2016:16:45:03 +0100] "POST /monkey75/login.php HTTP/1.0" 302 802 "https://www.paiskincare.com/monkey75/login.php" "Mozilla/5.0 (Macintosh; Intel Mac OS X 10_10_5) AppleWebKit/537.36 (KHTML, like Gecko) Chrome/51.0.2704.103 Safari/537.36"
78.129.161.54 - admin123 [08/Aug/2016:16:45:03 +0100] "GET /monkey75/index.php HTTP/1.0" 200 26572 "https://www.paiskincare.com/monkey75/login.php" "Mozilla/5.0 (Macintosh; Intel Mac OS X 10_10_5) AppleWebKit/537.36 (KHTML, like Gecko) Chrome/51.0.2704.103 Safari/537.36"
162.158.73.154 - - [08/Aug/2016:16:45:24 +0100] "POST /cto_osc_link.php HTTP/1.0" 200 1133 "-" "CarryTheOne"
78.129.161.54 - - [08/Aug/2016:16:48:16 +0100] "POST /cto_osc_link.php HTTP/1.0" 200 3092 "-" "CarryTheOne"
108.162.228.154 - - [08/Aug/2016:16:50:59 +0100] "GET /blog/tag/cooking/ HTTP/1.0" 301 945 "-" "Mozilla/5.0 (compatible; AhrefsBot/5.1; +http://ahrefs.com/robot/)"
162.158.73.154 - - [08/Aug/2016:16:51:18 +0100] "POST /cto_osc_link.php HTTP/1.0" 200 1133 "-" "CarryTheOne"
5.10.148.182 - - [08/Aug/2016:16:52:51 +0100] "GET / HTTP/1.0" 301 6227 "-" "Mozilla/5.0 (Macintosh; Intel Mac OS X 10_11_6) AppleWebKit/537.36 (KHTML, like Gecko) Chrome/51.0.2704.103 Safari/537.36"
78.129.161.54 - - [08/Aug/2016:16:52:52 +0100] "GET / HTTP/1.0" 200 30855 "-" "Mozilla/5.0 (Macintosh; Intel Mac OS X 10_11_6) AppleWebKit/537.36 (KHTML, like Gecko) Chrome/51.0.2704.103 Safari/537.36"
78.129.161.54 - - [08/Aug/2016:16:54:17 +0100] "POST /cto_osc_link.php HTTP/1.0" 200 1389 "-" "CarryTheOne"
162.158.73.154 - - [08/Aug/2016:16:57:18 +0100] "POST /cto_osc_link.php HTTP/1.0" 200 1133 "-" "CarryTheOne"
141.101.64.142 - - [08/Aug/2016:16:58:49 +0100] "GET /blog/2011/01/31/rave-reviews-from-pai%E2%80%99s-lovely-customers/ HTTP/1.0" 301 1031 "-" "Mozilla/5.0 (compatible; AhrefsBot/5.1; +http://ahrefs.com/robot/)"
78.129.161.54 - - [08/Aug/2016:17:00:21 +0100] "POST /cto_osc_link.php HTTP/1.0" 200 1389 "-" "CarryTheOne"
162.158.73.154 - - [08/Aug/2016:17:03:23 +0100] "POST /cto_osc_link.php HTTP/1.0" 200 1133 "-" "CarryTheOne"
78.129.161.54 - - [08/Aug/2016:17:06:19 +0100] "POST /cto_osc_link.php HTTP/1.0" 200 1389 "-" "CarryTheOne"
