162.158.76.142 - - [07/Aug/2016:11:01:43 +0100] "GET /blog/tag/seasons/ HTTP/1.0" 301 945 "-" "Mozilla/5.0 (compatible; Googlebot/2.1; +http://www.google.com/bot.html)"
188.29.164.1 - - [07/Aug/2016:11:22:32 +0100] "GET / HTTP/1.0" 200 9456 "-" "Mozilla/5.0 (iPhone; CPU iPhone OS 9_3_1 like Mac OS X) AppleWebKit/601.1.46 (KHTML, like Gecko) Version/9.0 Mobile/13E238 Safari/601.1"
162.158.73.154 - - [07/Aug/2016:11:24:18 +0100] "POST /cto_osc_link.php HTTP/1.0" 200 1133 "-" "CarryTheOne"
108.59.8.80 - - [07/Aug/2016:11:25:25 +0100] "GET / HTTP/1.0" 200 9275 "-" "Mozilla/5.0 (compatible; MJ12bot/v1.4.5; http://www.majestic12.co.uk/bot.php?+)"
78.129.161.54 - - [07/Aug/2016:11:27:25 +0100] "POST /cto_osc_link.php HTTP/1.0" 200 1389 "-" "CarryTheOne"
78.129.161.54 - - [07/Aug/2016:11:28:56 +0100] "GET / HTTP/1.0" 200 30805 "-" "Mozilla/5.0 (compatible; bingbot/2.0; +http://www.bing.com/bingbot.htm)"
162.158.73.154 - - [07/Aug/2016:11:30:17 +0100] "POST /cto_osc_link.php HTTP/1.0" 200 1133 "-" "CarryTheOne"
78.129.161.54 - - [07/Aug/2016:11:33:18 +0100] "POST /cto_osc_link.php HTTP/1.0" 200 1389 "-" "CarryTheOne"
162.158.73.154 - - [07/Aug/2016:11:36:16 +0100] "POST /cto_osc_link.php HTTP/1.0" 200 1133 "-" "CarryTheOne"
78.129.161.54 - - [07/Aug/2016:11:39:16 +0100] "POST /cto_osc_link.php HTTP/1.0" 200 6705 "-" "CarryTheOne"
162.158.73.154 - - [07/Aug/2016:11:42:21 +0100] "POST /cto_osc_link.php HTTP/1.0" 200 1133 "-" "CarryTheOne"
162.210.196.100 - - [07/Aug/2016:11:44:02 +0100] "GET / HTTP/1.0" 200 9275 "-" "Mozilla/5.0 (compatible; MJ12bot/v1.4.5; http://www.majestic12.co.uk/bot.php?+)"
78.129.161.54 - - [07/Aug/2016:11:45:17 +0100] "POST /cto_osc_link.php HTTP/1.0" 200 1389 "-" "CarryTheOne"
162.158.73.154 - - [07/Aug/2016:11:48:17 +0100] "POST /cto_osc_link.php HTTP/1.0" 200 1133 "-" "CarryTheOne"
78.129.161.54 - - [07/Aug/2016:11:50:45 +0100] "GET /ipn_main_handler.php?type=ec HTTP/1.0" 302 6139 "http://www.paiskincare.com/index.php?main_page=shopping_cart&number_of_uploads=0" "Mozilla/5.0 (Windows NT 6.0; rv:43.0) Gecko/20100101 Firefox/43.0"
173.245.56.15 - - [07/Aug/2016:11:50:53 +0100] "GET /blog/2011/05/16/pai-geranium-thistle-combination-cream-saoirse-ronan%E2%80%99s-skincare-secret/ HTTP/1.0" 301 1078 "-" "Mozilla/5.0 (compatible; Googlebot/2.1; +http://www.google.com/bot.html)"
139.162.247.24 - - [07/Aug/2016:11:50:58 +0100] "GET /account/login?zenid=1fbjekoormr4ajppk1t7p5l733 HTTP/1.0" 200 16068 "-" "Railgun/5.3.0"
78.129.161.54 - - [07/Aug/2016:11:51:16 +0100] "POST /cto_osc_link.php HTTP/1.0" 200 1389 "-" "CarryTheOne"
78.129.161.54 - - [07/Aug/2016:11:51:25 +0100] "GET /ipn_main_handler.php?type=ec&token=EC-1F103141CF8327244&PayerID=NRJYN7F95JQW8 HTTP/1.0" 302 868 "https://www.paypal.com/cgi-bin/webscr?cmd=_express-checkout&token=EC-1F103141CF8327244&useraction=continue" "Mozilla/5.0 (Windows NT 6.0; rv:43.0) Gecko/20100101 Firefox/43.0"
78.129.161.54 - - [07/Aug/2016:11:51:27 +0100] "GET /index.php?main_page=checkout_payment HTTP/1.0" 200 34264 "https://www.paypal.com/cgi-bin/webscr?cmd=_express-checkout&token=EC-1F103141CF8327244&useraction=continue" "Mozilla/5.0 (Windows NT 6.0; rv:43.0) Gecko/20100101 Firefox/43.0"
162.158.152.34 - - [07/Aug/2016:11:52:03 +0100] "POST /index.php?main_page=checkout_confirmation HTTP/1.0" 200 9624 "https://www.paiskincare.com/index.php?main_page=checkout_payment" "Mozilla/5.0 (Windows NT 6.0; rv:43.0) Gecko/20100101 Firefox/43.0"
78.129.161.54 - - [07/Aug/2016:11:52:17 +0100] "POST /index.php?main_page=checkout_process HTTP/1.0" 302 786 "https://www.paiskincare.com/index.php?main_page=checkout_confirmation" "Mozilla/5.0 (Windows NT 6.0; rv:43.0) Gecko/20100101 Firefox/43.0"
78.129.161.54 - - [07/Aug/2016:11:52:23 +0100] "GET /index.php?main_page=checkout_success HTTP/1.0" 200 27175 "https://www.paiskincare.com/index.php?main_page=checkout_confirmation" "Mozilla/5.0 (Windows NT 6.0; rv:43.0) Gecko/20100101 Firefox/43.0"
162.158.73.154 - - [07/Aug/2016:11:54:17 +0100] "POST /cto_osc_link.php HTTP/1.0" 200 1879 "-" "CarryTheOne"
78.129.161.54 - - [07/Aug/2016:11:57:16 +0100] "POST /cto_osc_link.php HTTP/1.0" 200 1389 "-" "CarryTheOne"
157.55.39.89 - - [07/Aug/2016:11:59:05 +0100] "GET /pages/30-day-satisfaction-guarantee-146 HTTP/1.0" 200 10301 "-" "Mozilla/5.0 (compatible; bingbot/2.0; +http://www.bing.com/bingbot.htm)"
162.158.73.154 - - [07/Aug/2016:12:00:22 +0100] "POST /cto_osc_link.php HTTP/1.0" 200 1133 "-" "CarryTheOne"
78.129.161.54 - - [07/Aug/2016:12:03:18 +0100] "POST /cto_osc_link.php HTTP/1.0" 200 1389 "-" "CarryTheOne"
162.158.73.154 - - [07/Aug/2016:12:06:18 +0100] "POST /cto_osc_link.php HTTP/1.0" 200 1133 "-" "CarryTheOne"
78.129.161.54 - - [07/Aug/2016:12:09:27 +0100] "POST /cto_osc_link.php HTTP/1.0" 200 1389 "-" "CarryTheOne"
162.158.73.154 - - [07/Aug/2016:12:12:17 +0100] "POST /cto_osc_link.php HTTP/1.0" 200 1133 "-" "CarryTheOne"
66.249.66.133 - - [07/Aug/2016:12:13:29 +0100] "GET / HTTP/1.0" 200 9275 "-" "Mozilla/5.0 (Linux; Android 6.0.1; Nexus 5X Build/MMB29P) AppleWebKit/537.36 (KHTML, like Gecko) Chrome/41.0.2272.96 Mobile Safari/537.36 (compatible; Googlebot/2.1; +http://www.google.com/bot.html)"
78.129.161.54 - - [07/Aug/2016:12:15:16 +0100] "POST /cto_osc_link.php HTTP/1.0" 200 1389 "-" "CarryTheOne"
66.249.66.137 - - [07/Aug/2016:12:15:43 +0100] "GET / HTTP/1.0" 200 9275 "-" "Mozilla/5.0 (compatible; Googlebot/2.1; +http://www.google.com/bot.html)"
162.158.77.52 - - [07/Aug/2016:12:17:20 +0100] "GET /index.php?main_page=checkout_success HTTP/1.0" 302 839 "-" "AdsBot-Google (+http://www.google.com/adsbot.html)"
162.158.76.142 - - [07/Aug/2016:12:17:21 +0100] "GET /index.php?main_page=time_out HTTP/1.0" 200 8936 "-" "AdsBot-Google (+http://www.google.com/adsbot.html)"
162.158.73.154 - - [07/Aug/2016:12:18:17 +0100] "POST /cto_osc_link.php HTTP/1.0" 200 6449 "-" "CarryTheOne"
78.129.161.54 - - [07/Aug/2016:12:21:18 +0100] "POST /cto_osc_link.php HTTP/1.0" 200 1389 "-" "CarryTheOne"
162.158.73.154 - - [07/Aug/2016:12:24:17 +0100] "POST /cto_osc_link.php HTTP/1.0" 200 1133 "-" "CarryTheOne"
85.255.233.213 - - [07/Aug/2016:12:26:42 +0100] "GET / HTTP/1.0" 200 9456 "-" "Mozilla/5.0 (iPhone; CPU iPhone OS 9_3_3 like Mac OS X) AppleWebKit/601.1.46 (KHTML, like Gecko) Version/9.0 Mobile/13G34 Safari/601.1"
78.129.161.54 - - [07/Aug/2016:12:27:16 +0100] "POST /cto_osc_link.php HTTP/1.0" 200 1389 "-" "CarryTheOne"
162.158.73.154 - - [07/Aug/2016:12:30:17 +0100] "POST /cto_osc_link.php HTTP/1.0" 200 1133 "-" "CarryTheOne"
162.158.152.52 - - [07/Aug/2016:12:31:01 +0100] "GET /index.php?main_page=checkout_success HTTP/1.0" 302 1025 "https://www.paiskincare.com/index.php?main_page=checkout_confirmation" "Mozilla/5.0 (iPhone; CPU iPhone OS 9_3_3 like Mac OS X) AppleWebKit/601.1.46 (KHTML, like Gecko) Version/9.0 Mobile/13G34 Safari/601.1"
78.129.161.54 - - [07/Aug/2016:12:31:01 +0100] "GET /index.php?main_page=time_out&zenid=vdrptgf979m4ie4vdssnus9321 HTTP/1.0" 200 33411 "https://www.paiskincare.com/index.php?main_page=checkout_confirmation" "Mozilla/5.0 (iPhone; CPU iPhone OS 9_3_3 like Mac OS X) AppleWebKit/601.1.46 (KHTML, like Gecko) Version/9.0 Mobile/13G34 Safari/601.1"
78.129.161.54 - - [07/Aug/2016:12:33:16 +0100] "POST /cto_osc_link.php HTTP/1.0" 200 1389 "-" "CarryTheOne"
162.158.73.154 - - [07/Aug/2016:12:36:19 +0100] "POST /cto_osc_link.php HTTP/1.0" 200 1133 "-" "CarryTheOne"
199.58.86.209 - - [07/Aug/2016:12:36:37 +0100] "GET / HTTP/1.0" 200 9275 "-" "Mozilla/5.0 (compatible; MJ12bot/v1.4.5; http://www.majestic12.co.uk/bot.php?+)"
78.129.161.54 - - [07/Aug/2016:12:39:16 +0100] "POST /cto_osc_link.php HTTP/1.0" 200 6705 "-" "CarryTheOne"
162.158.73.154 - - [07/Aug/2016:12:42:20 +0100] "POST /cto_osc_link.php HTTP/1.0" 200 1133 "-" "CarryTheOne"
162.158.76.82 - - [07/Aug/2016:12:43:22 +0100] "GET /blog/2011/11/17/facial-oils-%E2%80%93-how-to-know-when-yours-has-gone-%E2%80%98rancid%E2%80%99/ HTTP/1.0" 301 1075 "-" "Mozilla/5.0 (compatible; Googlebot/2.1; +http://www.google.com/bot.html)"
78.129.161.54 - - [07/Aug/2016:12:45:18 +0100] "POST /cto_osc_link.php HTTP/1.0" 200 1389 "-" "CarryTheOne"
162.158.73.154 - - [07/Aug/2016:12:48:16 +0100] "POST /cto_osc_link.php HTTP/1.0" 200 1133 "-" "CarryTheOne"
5.104.241.187 - - [07/Aug/2016:12:50:15 +0100] "GET / HTTP/1.0" 200 14780 "-" "Opera/7.50 (Windows ME; U) [en]"
78.129.161.54 - - [07/Aug/2016:12:51:16 +0100] "POST /cto_osc_link.php HTTP/1.0" 200 1389 "-" "CarryTheOne"
162.158.73.154 - - [07/Aug/2016:12:54:19 +0100] "POST /cto_osc_link.php HTTP/1.0" 200 1133 "-" "CarryTheOne"
78.129.161.54 - - [07/Aug/2016:12:57:17 +0100] "POST /cto_osc_link.php HTTP/1.0" 200 1389 "-" "CarryTheOne"
162.158.73.154 - - [07/Aug/2016:13:00:17 +0100] "POST /cto_osc_link.php HTTP/1.0" 200 6449 "-" "CarryTheOne"
78.129.161.54 - - [07/Aug/2016:13:03:16 +0100] "POST /cto_osc_link.php HTTP/1.0" 200 1389 "-" "CarryTheOne"
162.158.73.154 - - [07/Aug/2016:13:06:21 +0100] "POST /cto_osc_link.php HTTP/1.0" 200 1133 "-" "CarryTheOne"
78.129.161.54 - - [07/Aug/2016:13:09:36 +0100] "POST /cto_osc_link.php HTTP/1.0" 200 1389 "-" "CarryTheOne"
162.158.73.154 - - [07/Aug/2016:13:12:19 +0100] "POST /cto_osc_link.php HTTP/1.0" 200 1133 "-" "CarryTheOne"
78.129.161.54 - - [07/Aug/2016:13:15:16 +0100] "POST /cto_osc_link.php HTTP/1.0" 200 1389 "-" "CarryTheOne"
162.158.73.154 - - [07/Aug/2016:13:18:17 +0100] "POST /cto_osc_link.php HTTP/1.0" 200 1133 "-" "CarryTheOne"
78.129.161.54 - - [07/Aug/2016:13:21:16 +0100] "POST /cto_osc_link.php HTTP/1.0" 200 1389 "-" "CarryTheOne"
162.158.73.154 - - [07/Aug/2016:13:24:18 +0100] "POST /cto_osc_link.php HTTP/1.0" 200 1133 "-" "CarryTheOne"
78.129.161.54 - - [07/Aug/2016:13:27:04 +0100] "GET / HTTP/1.0" 200 30805 "-" "Mozilla/5.0 (compatible; bingbot/2.0; +http://www.bing.com/bingbot.htm)"
78.129.161.54 - - [07/Aug/2016:13:27:16 +0100] "POST /cto_osc_link.php HTTP/1.0" 200 1389 "-" "CarryTheOne"
162.158.73.154 - - [07/Aug/2016:13:30:16 +0100] "POST /cto_osc_link.php HTTP/1.0" 200 1133 "-" "CarryTheOne"
78.129.161.54 - - [07/Aug/2016:13:33:16 +0100] "POST /cto_osc_link.php HTTP/1.0" 200 1389 "-" "CarryTheOne"
162.158.73.154 - - [07/Aug/2016:13:36:17 +0100] "POST /cto_osc_link.php HTTP/1.0" 200 1133 "-" "CarryTheOne"
78.129.161.54 - - [07/Aug/2016:13:39:15 +0100] "POST /cto_osc_link.php HTTP/1.0" 200 1389 "-" "CarryTheOne"
207.46.13.172 - - [07/Aug/2016:13:42:17 +0100] "GET /pages/company-history-2 HTTP/1.0" 200 9746 "-" "Mozilla/5.0 (compatible; bingbot/2.0; +http://www.bing.com/bingbot.htm)"
162.158.73.154 - - [07/Aug/2016:13:42:20 +0100] "POST /cto_osc_link.php HTTP/1.0" 200 1133 "-" "CarryTheOne"
66.249.66.133 - - [07/Aug/2016:13:44:33 +0100] "GET / HTTP/1.0" 200 9275 "-" "Mozilla/5.0 (compatible; Googlebot/2.1; +http://www.google.com/bot.html)"
78.129.161.54 - - [07/Aug/2016:13:45:16 +0100] "POST /cto_osc_link.php HTTP/1.0" 200 1389 "-" "CarryTheOne"
157.55.39.89 - - [07/Aug/2016:13:47:52 +0100] "GET /pages/organic-certification-137 HTTP/1.0" 200 9326 "-" "Mozilla/5.0 (compatible; bingbot/2.0; +http://www.bing.com/bingbot.htm)"
78.129.161.54 - - [07/Aug/2016:13:47:54 +0100] "GET /pages/gift-guide-180 HTTP/1.0" 200 40605 "-" "Mozilla/5.0 (compatible; bingbot/2.0; +http://www.bing.com/bingbot.htm)"
162.158.73.154 - - [07/Aug/2016:13:48:15 +0100] "POST /cto_osc_link.php HTTP/1.0" 200 1133 "-" "CarryTheOne"
40.77.167.32 - - [07/Aug/2016:13:49:28 +0100] "GET /dull-skin-10/ HTTP/1.0" 200 9492 "-" "Mozilla/5.0 (compatible; bingbot/2.0; +http://www.bing.com/bingbot.htm)"
78.129.161.54 - - [07/Aug/2016:13:51:15 +0100] "POST /cto_osc_link.php HTTP/1.0" 200 1389 "-" "CarryTheOne"
162.158.73.154 - - [07/Aug/2016:13:54:17 +0100] "POST /cto_osc_link.php HTTP/1.0" 200 1133 "-" "CarryTheOne"
78.129.161.54 - - [07/Aug/2016:13:57:19 +0100] "POST /cto_osc_link.php HTTP/1.0" 200 1389 "-" "CarryTheOne"
162.158.73.154 - - [07/Aug/2016:14:00:19 +0100] "POST /cto_osc_link.php HTTP/1.0" 200 1133 "-" "CarryTheOne"
40.77.167.32 - - [07/Aug/2016:14:01:30 +0100] "GET /pages/recruitment-138 HTTP/1.0" 200 8882 "-" "Mozilla/5.0 (compatible; bingbot/2.0; +http://www.bing.com/bingbot.htm)"
207.46.13.172 - - [07/Aug/2016:14:01:54 +0100] "GET /pages/terms-conditions-50 HTTP/1.0" 200 16064 "-" "Mozilla/5.0 (compatible; bingbot/2.0; +http://www.bing.com/bingbot.htm)"
78.129.161.54 - - [07/Aug/2016:14:03:15 +0100] "POST /cto_osc_link.php HTTP/1.0" 200 1389 "-" "CarryTheOne"
162.158.73.154 - - [07/Aug/2016:14:06:17 +0100] "POST /cto_osc_link.php HTTP/1.0" 200 1133 "-" "CarryTheOne"
173.245.63.134 - - [07/Aug/2016:14:06:22 +0100] "GET /blog/category/diet-and-lifestyle/ HTTP/1.0" 301 958 "-" "Mozilla/5.0 (compatible; bingbot/2.0; +http://www.bing.com/bingbot.htm)"
78.129.161.54 - - [07/Aug/2016:14:09:16 +0100] "POST /cto_osc_link.php HTTP/1.0" 200 1389 "-" "CarryTheOne"
78.129.161.54 - - [07/Aug/2016:14:11:13 +0100] "GET /petit-pai-35/ HTTP/1.0" 200 34626 "-" "Mozilla/5.0 (compatible; bingbot/2.0; +http://www.bing.com/bingbot.htm)"
78.129.161.54 - - [07/Aug/2016:14:11:14 +0100] "GET /pregnancy-28/ HTTP/1.0" 200 33332 "-" "Mozilla/5.0 (compatible; bingbot/2.0; +http://www.bing.com/bingbot.htm)"
162.158.73.154 - - [07/Aug/2016:14:12:18 +0100] "POST /cto_osc_link.php HTTP/1.0" 200 1133 "-" "CarryTheOne"
78.129.161.54 - - [07/Aug/2016:14:15:16 +0100] "POST /cto_osc_link.php HTTP/1.0" 200 6705 "-" "CarryTheOne"
40.77.167.32 - - [07/Aug/2016:14:16:05 +0100] "GET /masks-exfoliators-25/ HTTP/1.0" 200 9500 "-" "Mozilla/5.0 (compatible; bingbot/2.0; +http://www.bing.com/bingbot.htm)"
162.158.73.154 - - [07/Aug/2016:14:18:17 +0100] "POST /cto_osc_link.php HTTP/1.0" 200 1133 "-" "CarryTheOne"
78.129.161.54 - - [07/Aug/2016:14:21:24 +0100] "POST /cto_osc_link.php HTTP/1.0" 200 1389 "-" "CarryTheOne"
162.158.73.154 - - [07/Aug/2016:14:24:31 +0100] "POST /cto_osc_link.php HTTP/1.0" 200 1133 "-" "CarryTheOne"
78.129.161.54 - - [07/Aug/2016:14:24:51 +0100] "GET /ipn_main_handler.php?type=ec HTTP/1.0" 302 823 "http://www.paiskincare.com/index.php?main_page=shopping_cart&number_of_uploads=0" "Mozilla/5.0 (X11; CrOS x86_64 8172.47.0) AppleWebKit/537.36 (KHTML, like Gecko) Chrome/51.0.2704.79 Safari/537.36"
78.129.161.54 - - [07/Aug/2016:14:25:10 +0100] "GET /ipn_main_handler.php?type=ec&token=EC-0KW68696B5367930F&PayerID=F63QN9347GHXY HTTP/1.0" 302 868 "https://www.paypal.com/cgi-bin/webscr?cmd=_express-checkout&token=EC-0KW68696B5367930F&useraction=continue" "Mozilla/5.0 (X11; CrOS x86_64 8172.47.0) AppleWebKit/537.36 (KHTML, like Gecko) Chrome/51.0.2704.79 Safari/537.36"
78.129.161.54 - - [07/Aug/2016:14:25:12 +0100] "GET /index.php?main_page=checkout_payment HTTP/1.0" 200 34268 "https://www.paypal.com/cgi-bin/webscr?cmd=_express-checkout&token=EC-0KW68696B5367930F&useraction=continue" "Mozilla/5.0 (X11; CrOS x86_64 8172.47.0) AppleWebKit/537.36 (KHTML, like Gecko) Chrome/51.0.2704.79 Safari/537.36"
78.129.161.54 - - [07/Aug/2016:14:25:37 +0100] "POST /index.php?main_page=checkout_confirmation HTTP/1.0" 200 34595 "https://www.paiskincare.com/index.php?main_page=checkout_payment" "Mozilla/5.0 (X11; CrOS x86_64 8172.47.0) AppleWebKit/537.36 (KHTML, like Gecko) Chrome/51.0.2704.79 Safari/537.36"
78.129.161.54 - - [07/Aug/2016:14:25:44 +0100] "POST /index.php?main_page=checkout_process HTTP/1.0" 302 786 "https://www.paiskincare.com/index.php?main_page=checkout_confirmation" "Mozilla/5.0 (X11; CrOS x86_64 8172.47.0) AppleWebKit/537.36 (KHTML, like Gecko) Chrome/51.0.2704.79 Safari/537.36"
78.129.161.54 - - [07/Aug/2016:14:25:49 +0100] "GET /index.php?main_page=checkout_success HTTP/1.0" 200 27368 "https://www.paiskincare.com/index.php?main_page=checkout_confirmation" "Mozilla/5.0 (X11; CrOS x86_64 8172.47.0) AppleWebKit/537.36 (KHTML, like Gecko) Chrome/51.0.2704.79 Safari/537.36"
78.129.161.54 - - [07/Aug/2016:14:27:16 +0100] "POST /cto_osc_link.php HTTP/1.0" 200 3369 "-" "CarryTheOne"
162.158.73.154 - - [07/Aug/2016:14:30:17 +0100] "POST /cto_osc_link.php HTTP/1.0" 200 1133 "-" "CarryTheOne"
141.101.66.10 - - [07/Aug/2016:14:32:34 +0100] "GET /blog/2015/10/29/is-water-bad-for-my-skin/ HTTP/1.0" 301 987 "-" "Mozilla/5.0 (compatible; MJ12bot/v1.4.5; http://www.majestic12.co.uk/bot.php?+)"
78.129.161.54 - - [07/Aug/2016:14:32:41 +0100] "GET /blog/2015/12/09/why-were-vegan-and-cruelty-free/ HTTP/1.0" 301 1002 "-" "Mozilla/5.0 (compatible; MJ12bot/v1.4.5; http://www.majestic12.co.uk/bot.php?+)"
78.129.161.54 - - [07/Aug/2016:14:33:01 +0100] "GET /blog/2016/01/29/5-top-tips-for-glowing-winter-skin/ HTTP/1.0" 301 1008 "-" "Mozilla/5.0 (compatible; MJ12bot/v1.4.5; http://www.majestic12.co.uk/bot.php?+)"
78.129.161.54 - - [07/Aug/2016:14:33:19 +0100] "GET /blog/tag/frame/ HTTP/1.0" 301 936 "-" "Mozilla/5.0 (compatible; MJ12bot/v1.4.5; http://www.majestic12.co.uk/bot.php?+)"
78.129.161.54 - - [07/Aug/2016:14:33:28 +0100] "POST /cto_osc_link.php HTTP/1.0" 200 1389 "-" "CarryTheOne"
162.158.73.154 - - [07/Aug/2016:14:36:18 +0100] "POST /cto_osc_link.php HTTP/1.0" 200 6449 "-" "CarryTheOne"
207.46.13.172 - - [07/Aug/2016:14:37:27 +0100] "GET /pages/company-ethics-3 HTTP/1.0" 200 9219 "-" "Mozilla/5.0 (compatible; bingbot/2.0; +http://www.bing.com/bingbot.htm)"
78.129.161.54 - - [07/Aug/2016:14:39:16 +0100] "POST /cto_osc_link.php HTTP/1.0" 200 1389 "-" "CarryTheOne"
162.158.73.154 - - [07/Aug/2016:14:42:18 +0100] "POST /cto_osc_link.php HTTP/1.0" 200 1133 "-" "CarryTheOne"
78.129.161.54 - - [07/Aug/2016:14:45:17 +0100] "POST /cto_osc_link.php HTTP/1.0" 200 1389 "-" "CarryTheOne"
207.46.13.172 - - [07/Aug/2016:14:47:07 +0100] "GET /pages/delivery-returns-52 HTTP/1.0" 301 787 "-" "Mozilla/5.0 (compatible; bingbot/2.0; +http://www.bing.com/bingbot.htm)"
157.55.39.89 - - [07/Aug/2016:14:47:39 +0100] "GET /combination-blemish-prone-skin-19/ HTTP/1.0" 200 10151 "-" "Mozilla/5.0 (compatible; bingbot/2.0; +http://www.bing.com/bingbot.htm)"
78.129.161.54 - - [07/Aug/2016:14:47:39 +0100] "GET /pages/30-day-satisfaction-guarantee-146 HTTP/1.0" 200 35543 "-" "Mozilla/5.0 (compatible; bingbot/2.0; +http://www.bing.com/bingbot.htm)"
78.129.161.54 - - [07/Aug/2016:14:47:40 +0100] "GET /pages/trade-wholesale-enquiries-110 HTTP/1.0" 200 28434 "-" "Mozilla/5.0 (compatible; bingbot/2.0; +http://www.bing.com/bingbot.htm)"
78.129.161.54 - - [07/Aug/2016:14:47:40 +0100] "GET /eye-care-3/ HTTP/1.0" 200 32459 "-" "Mozilla/5.0 (compatible; bingbot/2.0; +http://www.bing.com/bingbot.htm)"
78.129.161.54 - - [07/Aug/2016:14:47:41 +0100] "GET /pages/delivery-information-52 HTTP/1.0" 200 31027 "-" "Mozilla/5.0 (compatible; bingbot/2.0; +http://www.bing.com/bingbot.htm)"
162.158.73.154 - - [07/Aug/2016:14:48:17 +0100] "POST /cto_osc_link.php HTTP/1.0" 200 1133 "-" "CarryTheOne"
78.129.161.54 - - [07/Aug/2016:14:51:16 +0100] "POST /cto_osc_link.php HTTP/1.0" 200 1389 "-" "CarryTheOne"
40.77.167.32 - - [07/Aug/2016:14:52:11 +0100] "GET /pages/a-z-of-ingredients-46 HTTP/1.0" 200 9506 "-" "Mozilla/5.0 (compatible; bingbot/2.0; +http://www.bing.com/bingbot.htm)"
162.158.73.154 - - [07/Aug/2016:14:54:21 +0100] "POST /cto_osc_link.php HTTP/1.0" 200 1133 "-" "CarryTheOne"
66.249.66.133 - - [07/Aug/2016:14:55:33 +0100] "GET / HTTP/1.0" 200 9275 "-" "Mozilla/5.0 (compatible; Googlebot/2.1; +http://www.google.com/bot.html)"
78.129.161.54 - - [07/Aug/2016:14:57:19 +0100] "POST /cto_osc_link.php HTTP/1.0" 200 6705 "-" "CarryTheOne"
162.158.73.154 - - [07/Aug/2016:15:00:18 +0100] "POST /cto_osc_link.php HTTP/1.0" 200 1133 "-" "CarryTheOne"
207.46.13.172 - - [07/Aug/2016:15:00:27 +0100] "GET /facial-oils-serums-29/ HTTP/1.0" 200 9538 "-" "Mozilla/5.0 (compatible; bingbot/2.0; +http://www.bing.com/bingbot.htm)"
207.46.13.172 - - [07/Aug/2016:15:00:28 +0100] "GET /gift-certificate-faq HTTP/1.0" 200 8758 "-" "Mozilla/5.0 (compatible; bingbot/2.0; +http://www.bing.com/bingbot.htm)"
78.129.161.54 - - [07/Aug/2016:15:01:50 +0100] "GET /blog/category/industry-news/ HTTP/1.0" 301 944 "-" "Mozilla/5.0 (compatible; bingbot/2.0; +http://www.bing.com/bingbot.htm)"
78.129.161.54 - - [07/Aug/2016:15:03:30 +0100] "POST /cto_osc_link.php HTTP/1.0" 200 6705 "-" "CarryTheOne"
162.158.73.154 - - [07/Aug/2016:15:06:18 +0100] "POST /cto_osc_link.php HTTP/1.0" 200 1133 "-" "CarryTheOne"
40.77.167.32 - - [07/Aug/2016:15:07:57 +0100] "GET /pages/about-pai-1 HTTP/1.0" 200 9321 "-" "Mozilla/5.0 (compatible; bingbot/2.0; +http://www.bing.com/bingbot.htm)"
78.129.161.54 - - [07/Aug/2016:15:09:17 +0100] "POST /cto_osc_link.php HTTP/1.0" 200 1389 "-" "CarryTheOne"
46.165.197.141 - - [07/Aug/2016:15:10:25 +0100] "GET / HTTP/1.0" 200 9275 "-" "Mozilla/5.0 (compatible; MJ12bot/v1.4.5; http://www.majestic12.co.uk/bot.php?+)"
162.158.73.154 - - [07/Aug/2016:15:12:17 +0100] "POST /cto_osc_link.php HTTP/1.0" 200 1133 "-" "CarryTheOne"
173.245.63.134 - - [07/Aug/2016:15:14:32 +0100] "GET /index.php?main_page=checkout_success HTTP/1.0" 302 6155 "-" "Mozilla/5.0 (compatible; bingbot/2.0; +http://www.bing.com/bingbot.htm)"
173.245.63.134 - - [07/Aug/2016:15:14:34 +0100] "GET /index.php?main_page=time_out HTTP/1.0" 200 8936 "-" "Mozilla/5.0 (compatible; bingbot/2.0; +http://www.bing.com/bingbot.htm)"
78.129.161.54 - - [07/Aug/2016:15:15:32 +0100] "POST /cto_osc_link.php HTTP/1.0" 200 1389 "-" "CarryTheOne"
157.55.39.89 - - [07/Aug/2016:15:17:15 +0100] "GET /hand-body-17/ HTTP/1.0" 200 9608 "-" "Mozilla/5.0 (compatible; bingbot/2.0; +http://www.bing.com/bingbot.htm)"
162.158.73.154 - - [07/Aug/2016:15:18:23 +0100] "POST /cto_osc_link.php HTTP/1.0" 200 1133 "-" "CarryTheOne"
78.129.161.54 - - [07/Aug/2016:15:21:15 +0100] "POST /cto_osc_link.php HTTP/1.0" 200 1389 "-" "CarryTheOne"
162.158.73.154 - - [07/Aug/2016:15:24:16 +0100] "POST /cto_osc_link.php HTTP/1.0" 200 1133 "-" "CarryTheOne"
78.129.161.54 - - [07/Aug/2016:15:27:08 +0100] "GET /index.php?main_page=product_info&products_id=12 HTTP/1.0" 301 653 "-" "Mozilla/5.0 (compatible; bingbot/2.0; +http://www.bing.com/bingbot.htm)"
78.129.161.54 - - [07/Aug/2016:15:27:16 +0100] "POST /cto_osc_link.php HTTP/1.0" 200 1389 "-" "CarryTheOne"
162.158.73.154 - - [07/Aug/2016:15:30:18 +0100] "POST /cto_osc_link.php HTTP/1.0" 200 1133 "-" "CarryTheOne"
207.46.13.172 - - [07/Aug/2016:15:30:59 +0100] "GET /pages/terms-conditions-50 HTTP/1.0" 200 16064 "-" "Mozilla/5.0 (compatible; bingbot/2.0; +http://www.bing.com/bingbot.htm)"
40.77.167.32 - - [07/Aug/2016:15:32:36 +0100] "GET /pages/recruitment-138 HTTP/1.0" 200 8882 "-" "Mozilla/5.0 (compatible; bingbot/2.0; +http://www.bing.com/bingbot.htm)"
108.162.244.84 - - [07/Aug/2016:15:32:54 +0100] "GET /blog/2014/04/19/what-are-the-most-common-detergents/ HTTP/1.0" 301 1004 "-" "Mozilla/5.0 (compatible; bingbot/2.0; +http://www.bing.com/bingbot.htm)"
78.129.161.54 - - [07/Aug/2016:15:32:54 +0100] "GET /pages/gift-guide-180 HTTP/1.0" 200 40605 "-" "Mozilla/5.0 (compatible; bingbot/2.0; +http://www.bing.com/bingbot.htm)"
78.129.161.54 - - [07/Aug/2016:15:32:55 +0100] "GET /petit-pai-35/ HTTP/1.0" 200 34626 "-" "Mozilla/5.0 (compatible; bingbot/2.0; +http://www.bing.com/bingbot.htm)"
78.129.161.54 - - [07/Aug/2016:15:32:58 +0100] "GET /blog/category/diet-and-lifestyle/ HTTP/1.0" 301 954 "-" "Mozilla/5.0 (compatible; bingbot/2.0; +http://www.bing.com/bingbot.htm)"
78.129.161.54 - - [07/Aug/2016:15:33:07 +0100] "GET /pregnancy-28/ HTTP/1.0" 200 33332 "-" "Mozilla/5.0 (compatible; bingbot/2.0; +http://www.bing.com/bingbot.htm)"
78.129.161.54 - - [07/Aug/2016:15:33:14 +0100] "POST /cto_osc_link.php HTTP/1.0" 200 1389 "-" "CarryTheOne"
78.129.161.54 - - [07/Aug/2016:15:33:32 +0100] "GET /masks-exfoliators-25/ HTTP/1.0" 200 34213 "-" "Mozilla/5.0 (compatible; bingbot/2.0; +http://www.bing.com/bingbot.htm)"
78.129.161.54 - - [07/Aug/2016:15:34:04 +0100] "GET /pages/about-pai-1 HTTP/1.0" 200 32010 "-" "Mozilla/5.0 (compatible; bingbot/2.0; +http://www.bing.com/bingbot.htm)"
207.46.13.172 - - [07/Aug/2016:15:34:31 +0100] "GET /pages/company-ethics-3 HTTP/1.0" 200 9219 "-" "Mozilla/5.0 (compatible; bingbot/2.0; +http://www.bing.com/bingbot.htm)"
207.46.13.172 - - [07/Aug/2016:15:34:32 +0100] "GET /pages/delivery-returns-52 HTTP/1.0" 301 787 "-" "Mozilla/5.0 (compatible; bingbot/2.0; +http://www.bing.com/bingbot.htm)"
78.129.161.54 - - [07/Aug/2016:15:34:57 +0100] "GET /pages/a-z-of-ingredients-46 HTTP/1.0" 200 40046 "-" "Mozilla/5.0 (compatible; bingbot/2.0; +http://www.bing.com/bingbot.htm)"
207.46.13.172 - - [07/Aug/2016:15:35:01 +0100] "GET /facial-oils-serums-29/ HTTP/1.0" 200 9538 "-" "Mozilla/5.0 (compatible; bingbot/2.0; +http://www.bing.com/bingbot.htm)"
207.46.13.172 - - [07/Aug/2016:15:35:03 +0100] "GET /gift-certificate-faq HTTP/1.0" 200 8758 "-" "Mozilla/5.0 (compatible; bingbot/2.0; +http://www.bing.com/bingbot.htm)"
78.129.161.54 - - [07/Aug/2016:15:35:38 +0100] "GET /blog/category/industry-news/ HTTP/1.0" 301 944 "-" "Mozilla/5.0 (compatible; bingbot/2.0; +http://www.bing.com/bingbot.htm)"
162.158.73.154 - - [07/Aug/2016:15:36:16 +0100] "POST /cto_osc_link.php HTTP/1.0" 200 1133 "-" "CarryTheOne"
78.129.161.54 - - [07/Aug/2016:15:36:35 +0100] "GET /index.php?main_page=product_info&products_id=12 HTTP/1.0" 301 653 "-" "Mozilla/5.0 (compatible; bingbot/2.0; +http://www.bing.com/bingbot.htm)"
78.129.161.54 - - [07/Aug/2016:15:36:36 +0100] "GET /combination-blemish-prone-skin-19/ HTTP/1.0" 200 39265 "-" "Mozilla/5.0 (compatible; bingbot/2.0; +http://www.bing.com/bingbot.htm)"
173.245.63.134 - - [07/Aug/2016:15:38:09 +0100] "GET /blog/category/pai-news-and-press/ HTTP/1.0" 301 949 "-" "Mozilla/5.0 (compatible; bingbot/2.0; +http://www.bing.com/bingbot.htm)"
157.55.39.89 - - [07/Aug/2016:15:38:11 +0100] "GET /pages/30-day-satisfaction-guarantee-146 HTTP/1.0" 200 10301 "-" "Mozilla/5.0 (compatible; bingbot/2.0; +http://www.bing.com/bingbot.htm)"
78.129.161.54 - - [07/Aug/2016:15:38:13 +0100] "GET /pages/trade-wholesale-enquiries-110 HTTP/1.0" 200 28434 "-" "Mozilla/5.0 (compatible; bingbot/2.0; +http://www.bing.com/bingbot.htm)"
78.129.161.54 - - [07/Aug/2016:15:38:14 +0100] "GET /eye-care-3/ HTTP/1.0" 200 32459 "-" "Mozilla/5.0 (compatible; bingbot/2.0; +http://www.bing.com/bingbot.htm)"
78.129.161.54 - - [07/Aug/2016:15:38:15 +0100] "GET /pages/delivery-information-52 HTTP/1.0" 200 31027 "-" "Mozilla/5.0 (compatible; bingbot/2.0; +http://www.bing.com/bingbot.htm)"
78.129.161.54 - - [07/Aug/2016:15:38:26 +0100] "GET /pages/contact-us-155 HTTP/1.0" 200 28735 "-" "Mozilla/5.0 (compatible; bingbot/2.0; +http://www.bing.com/bingbot.htm)"
162.158.104.196 - - [07/Aug/2016:15:38:29 +0100] "GET /blog/category/skin-focus/ HTTP/1.0" 301 949 "-" "Mozilla/5.0 (compatible; bingbot/2.0; +http://www.bing.com/bingbot.htm)"
207.46.13.172 - - [07/Aug/2016:15:38:36 +0100] "GET /signs-of-ageing-26/ HTTP/1.0" 200 10184 "-" "Mozilla/5.0 (compatible; bingbot/2.0; +http://www.bing.com/bingbot.htm)"
207.46.13.172 - - [07/Aug/2016:15:39:01 +0100] "GET /pages/what-s-not-in-pai-45 HTTP/1.0" 200 9997 "-" "Mozilla/5.0 (compatible; bingbot/2.0; +http://www.bing.com/bingbot.htm)"
78.129.161.54 - - [07/Aug/2016:15:39:17 +0100] "POST /cto_osc_link.php HTTP/1.0" 200 1389 "-" "CarryTheOne"
78.129.161.54 - - [07/Aug/2016:15:40:19 +0100] "GET /hand-body-17/ HTTP/1.0" 200 40325 "-" "Mozilla/5.0 (compatible; bingbot/2.0; +http://www.bing.com/bingbot.htm)"
78.129.161.54 - - [07/Aug/2016:15:40:20 +0100] "GET /gift-store-5/ HTTP/1.0" 200 33978 "-" "Mozilla/5.0 (compatible; bingbot/2.0; +http://www.bing.com/bingbot.htm)"
78.129.161.54 - - [07/Aug/2016:15:40:21 +0100] "GET /pages/sensitive-skincare-109 HTTP/1.0" 200 32746 "-" "Mozilla/5.0 (compatible; bingbot/2.0; +http://www.bing.com/bingbot.htm)"
78.129.161.54 - - [07/Aug/2016:15:40:22 +0100] "GET /pages/pai-affiliate-program-earn-10-commission-on-referred-sales-142 HTTP/1.0" 200 33697 "-" "Mozilla/5.0 (compatible; bingbot/2.0; +http://www.bing.com/bingbot.htm)"
78.129.161.54 - - [07/Aug/2016:15:40:23 +0100] "GET /pages/30-day-money-back-guarantee-146 HTTP/1.0" 301 665 "-" "Mozilla/5.0 (compatible; bingbot/2.0; +http://www.bing.com/bingbot.htm)"
78.129.161.54 - - [07/Aug/2016:15:40:23 +0100] "GET /pages/organic-facials-for-sensitive-skin-150 HTTP/1.0" 200 33171 "-" "Mozilla/5.0 (compatible; bingbot/2.0; +http://www.bing.com/bingbot.htm)"
78.129.161.54 - - [07/Aug/2016:15:40:24 +0100] "GET /contact-dermatitis-23/ HTTP/1.0" 200 37193 "-" "Mozilla/5.0 (compatible; bingbot/2.0; +http://www.bing.com/bingbot.htm)"
78.129.161.54 - - [07/Aug/2016:15:41:00 +0100] "GET /blog/made-in-london/ HTTP/1.0" 301 946 "-" "Mozilla/5.0 (compatible; bingbot/2.0; +http://www.bing.com/bingbot.htm)"
162.158.73.154 - - [07/Aug/2016:15:42:21 +0100] "POST /cto_osc_link.php HTTP/1.0" 200 1133 "-" "CarryTheOne"
78.129.161.54 - - [07/Aug/2016:15:45:16 +0100] "POST /cto_osc_link.php HTTP/1.0" 200 1389 "-" "CarryTheOne"
157.55.39.89 - - [07/Aug/2016:15:46:44 +0100] "GET /gift-store-5/ HTTP/1.0" 200 9247 "-" "Mozilla/5.0 (compatible; bingbot/2.0; +http://www.bing.com/bingbot.htm)"
162.158.73.154 - - [07/Aug/2016:15:48:18 +0100] "POST /cto_osc_link.php HTTP/1.0" 200 1133 "-" "CarryTheOne"
5.104.241.187 - - [07/Aug/2016:15:50:37 +0100] "GET / HTTP/1.0" 200 14780 "-" "Opera/7.50 (Windows ME; U) [en]"
78.129.161.54 - - [07/Aug/2016:15:51:15 +0100] "POST /cto_osc_link.php HTTP/1.0" 200 1389 "-" "CarryTheOne"
162.158.73.154 - - [07/Aug/2016:15:54:16 +0100] "POST /cto_osc_link.php HTTP/1.0" 200 1133 "-" "CarryTheOne"
157.55.39.89 - - [07/Aug/2016:15:56:35 +0100] "GET /pages/sensitive-skincare-109 HTTP/1.0" 200 9464 "-" "Mozilla/5.0 (compatible; bingbot/2.0; +http://www.bing.com/bingbot.htm)"
78.129.161.54 - - [07/Aug/2016:15:57:16 +0100] "POST /cto_osc_link.php HTTP/1.0" 200 1389 "-" "CarryTheOne"
162.158.73.154 - - [07/Aug/2016:16:00:17 +0100] "POST /cto_osc_link.php HTTP/1.0" 200 1133 "-" "CarryTheOne"
78.129.161.54 - - [07/Aug/2016:16:03:18 +0100] "POST /cto_osc_link.php HTTP/1.0" 200 1389 "-" "CarryTheOne"
162.158.73.154 - - [07/Aug/2016:16:06:18 +0100] "POST /cto_osc_link.php HTTP/1.0" 200 6449 "-" "CarryTheOne"
86.172.117.226 - - [07/Aug/2016:16:07:39 +0100] "GET /checkout/shipping HTTP/1.0" 302 907 "http://www.paiskincare.com/shopping-cart/" "Mozilla/5.0 (X11; CrOS x86_64 8350.60.0) AppleWebKit/537.36 (KHTML, like Gecko) Chrome/52.0.2743.85 Safari/537.36"
78.129.161.54 - - [07/Aug/2016:16:07:40 +0100] "GET /index.php?main_page=login HTTP/1.0" 301 710 "http://www.paiskincare.com/shopping-cart/" "Mozilla/5.0 (X11; CrOS x86_64 8350.60.0) AppleWebKit/537.36 (KHTML, like Gecko) Chrome/52.0.2743.85 Safari/537.36"
78.129.161.54 - - [07/Aug/2016:16:07:40 +0100] "GET /account/login HTTP/1.0" 200 67998 "http://www.paiskincare.com/shopping-cart/" "Mozilla/5.0 (X11; CrOS x86_64 8350.60.0) AppleWebKit/537.36 (KHTML, like Gecko) Chrome/52.0.2743.85 Safari/537.36"
78.129.161.54 - - [07/Aug/2016:16:07:58 +0100] "GET /index.php?main_page=no_account HTTP/1.0" 200 67705 "https://www.paiskincare.com/account/login" "Mozilla/5.0 (X11; CrOS x86_64 8350.60.0) AppleWebKit/537.36 (KHTML, like Gecko) Chrome/52.0.2743.85 Safari/537.36"
108.162.244.138 - - [07/Aug/2016:16:09:13 +0100] "GET /blog/tag/tester/ HTTP/1.0" 301 943 "-" "Mozilla/5.0 (compatible; Yahoo! Slurp; http://help.yahoo.com/help/us/ysearch/slurp)"
78.129.161.54 - - [07/Aug/2016:16:09:17 +0100] "POST /cto_osc_link.php HTTP/1.0" 200 1389 "-" "CarryTheOne"
40.77.167.32 - - [07/Aug/2016:16:11:23 +0100] "GET /pages/contact-us-155 HTTP/1.0" 200 13837 "-" "Mozilla/5.0 (compatible; bingbot/2.0; +http://www.bing.com/bingbot.htm)"
78.129.161.54 - - [07/Aug/2016:16:11:43 +0100] "POST /index.php?main_page=no_account HTTP/1.0" 302 869 "https://www.paiskincare.com/index.php?main_page=no_account" "Mozilla/5.0 (X11; CrOS x86_64 8350.60.0) AppleWebKit/537.36 (KHTML, like Gecko) Chrome/52.0.2743.85 Safari/537.36"
78.129.161.54 - - [07/Aug/2016:16:11:43 +0100] "GET /index.php?main_page=checkout_shipping HTTP/1.0" 301 714 "https://www.paiskincare.com/index.php?main_page=no_account" "Mozilla/5.0 (X11; CrOS x86_64 8350.60.0) AppleWebKit/537.36 (KHTML, like Gecko) Chrome/52.0.2743.85 Safari/537.36"
78.129.161.54 - - [07/Aug/2016:16:11:43 +0100] "GET /checkout/shipping HTTP/1.0" 200 30745 "https://www.paiskincare.com/index.php?main_page=no_account" "Mozilla/5.0 (X11; CrOS x86_64 8350.60.0) AppleWebKit/537.36 (KHTML, like Gecko) Chrome/52.0.2743.85 Safari/537.36"
162.158.73.154 - - [07/Aug/2016:16:12:19 +0100] "POST /cto_osc_link.php HTTP/1.0" 200 1133 "-" "CarryTheOne"
78.129.161.54 - - [07/Aug/2016:16:12:37 +0100] "POST /index.php?main_page=checkout_shipping HTTP/1.0" 302 786 "https://www.paiskincare.com/checkout/shipping" "Mozilla/5.0 (X11; CrOS x86_64 8350.60.0) AppleWebKit/537.36 (KHTML, like Gecko) Chrome/52.0.2743.85 Safari/537.36"
78.129.161.54 - - [07/Aug/2016:16:12:38 +0100] "GET /index.php?main_page=checkout_payment HTTP/1.0" 200 37537 "https://www.paiskincare.com/checkout/shipping" "Mozilla/5.0 (X11; CrOS x86_64 8350.60.0) AppleWebKit/537.36 (KHTML, like Gecko) Chrome/52.0.2743.85 Safari/537.36"
108.162.244.42 - - [07/Aug/2016:16:13:00 +0100] "GET /blog/category/skin-focus/ HTTP/1.0" 301 949 "-" "Mozilla/5.0 (compatible; bingbot/2.0; +http://www.bing.com/bingbot.htm)"
86.172.117.226 - - [07/Aug/2016:16:14:58 +0100] "POST /index.php?main_page=checkout_confirmation HTTP/1.0" 500 1566 "https://www.paiskincare.com/index.php?main_page=checkout_payment" "Mozilla/5.0 (X11; CrOS x86_64 8350.60.0) AppleWebKit/537.36 (KHTML, like Gecko) Chrome/52.0.2743.85 Safari/537.36"
78.129.161.54 - - [07/Aug/2016:16:15:05 +0100] "GET /index.php?main_page=checkout_payment HTTP/1.0" 500 2075 "https://www.paiskincare.com/checkout/shipping" "Mozilla/5.0 (X11; CrOS x86_64 8350.60.0) AppleWebKit/537.36 (KHTML, like Gecko) Chrome/52.0.2743.85 Safari/537.36"
78.129.161.54 - - [07/Aug/2016:16:15:06 +0100] "GET /checkout/shipping HTTP/1.0" 200 30745 "https://www.paiskincare.com/index.php?main_page=no_account" "Mozilla/5.0 (X11; CrOS x86_64 8350.60.0) AppleWebKit/537.36 (KHTML, like Gecko) Chrome/52.0.2743.85 Safari/537.36"
78.129.161.54 - - [07/Aug/2016:16:15:16 +0100] "POST /cto_osc_link.php HTTP/1.0" 200 1389 "-" "CarryTheOne"
78.129.161.54 - - [07/Aug/2016:16:15:34 +0100] "POST /index.php?main_page=checkout_shipping HTTP/1.0" 302 786 "https://www.paiskincare.com/checkout/shipping" "Mozilla/5.0 (X11; CrOS x86_64 8350.60.0) AppleWebKit/537.36 (KHTML, like Gecko) Chrome/52.0.2743.85 Safari/537.36"
78.129.161.54 - - [07/Aug/2016:16:15:34 +0100] "GET /index.php?main_page=checkout_payment HTTP/1.0" 200 37555 "https://www.paiskincare.com/checkout/shipping" "Mozilla/5.0 (X11; CrOS x86_64 8350.60.0) AppleWebKit/537.36 (KHTML, like Gecko) Chrome/52.0.2743.85 Safari/537.36"
78.129.161.54 - - [07/Aug/2016:16:16:00 +0100] "GET /signs-of-ageing-26/ HTTP/1.0" 200 39366 "-" "Mozilla/5.0 (compatible; bingbot/2.0; +http://www.bing.com/bingbot.htm)"
78.129.161.54 - - [07/Aug/2016:16:16:20 +0100] "GET /index.php?main_page=checkout_payment HTTP/1.0" 200 37555 "https://www.paiskincare.com/checkout/shipping" "Mozilla/5.0 (X11; CrOS x86_64 8350.60.0) AppleWebKit/537.36 (KHTML, like Gecko) Chrome/52.0.2743.85 Safari/537.36"
78.129.161.54 - - [07/Aug/2016:16:16:25 +0100] "GET /checkout/shipping HTTP/1.0" 200 36061 "https://www.paiskincare.com/index.php?main_page=no_account" "Mozilla/5.0 (X11; CrOS x86_64 8350.60.0) AppleWebKit/537.36 (KHTML, like Gecko) Chrome/52.0.2743.85 Safari/537.36"
173.245.63.134 - - [07/Aug/2016:16:16:25 +0100] "GET /index.php?main_page=checkout_confirmation HTTP/1.0" 302 839 "-" "Mozilla/5.0 (compatible; bingbot/2.0; +http://www.bing.com/bingbot.htm)"
173.245.63.134 - - [07/Aug/2016:16:16:31 +0100] "GET /index.php?main_page=time_out HTTP/1.0" 200 8936 "-" "Mozilla/5.0 (compatible; bingbot/2.0; +http://www.bing.com/bingbot.htm)"
78.129.161.54 - - [07/Aug/2016:16:16:42 +0100] "GET /index.php?main_page=no_account HTTP/1.0" 200 67701 "https://www.paiskincare.com/account/login" "Mozilla/5.0 (X11; CrOS x86_64 8350.60.0) AppleWebKit/537.36 (KHTML, like Gecko) Chrome/52.0.2743.85 Safari/537.36"
78.129.161.54 - - [07/Aug/2016:16:17:19 +0100] "GET /account/login HTTP/1.0" 302 777 "http://www.paiskincare.com/shopping-cart/" "Mozilla/5.0 (X11; CrOS x86_64 8350.60.0) AppleWebKit/537.36 (KHTML, like Gecko) Chrome/52.0.2743.85 Safari/537.36"
78.129.161.54 - - [07/Aug/2016:16:17:19 +0100] "GET /index.php?main_page=account HTTP/1.0" 301 705 "http://www.paiskincare.com/shopping-cart/" "Mozilla/5.0 (X11; CrOS x86_64 8350.60.0) AppleWebKit/537.36 (KHTML, like Gecko) Chrome/52.0.2743.85 Safari/537.36"
78.129.161.54 - - [07/Aug/2016:16:17:19 +0100] "GET /account/ HTTP/1.0" 200 29228 "http://www.paiskincare.com/shopping-cart/" "Mozilla/5.0 (X11; CrOS x86_64 8350.60.0) AppleWebKit/537.36 (KHTML, like Gecko) Chrome/52.0.2743.85 Safari/537.36"
78.129.161.54 - - [07/Aug/2016:16:18:16 +0100] "GET /account/ HTTP/1.0" 200 29228 "https://www.paiskincare.com/account/" "Mozilla/5.0 (X11; CrOS x86_64 8350.60.0) AppleWebKit/537.36 (KHTML, like Gecko) Chrome/52.0.2743.85 Safari/537.36"
162.158.73.154 - - [07/Aug/2016:16:18:19 +0100] "POST /cto_osc_link.php HTTP/1.0" 200 1133 "-" "CarryTheOne"
78.129.161.54 - - [07/Aug/2016:16:19:09 +0100] "GET /checkout/shipping HTTP/1.0" 302 778 "http://www.paiskincare.com/index.php?main_page=shopping_cart&product_id=89" "Mozilla/5.0 (X11; CrOS x86_64 8350.60.0) AppleWebKit/537.36 (KHTML, like Gecko) Chrome/52.0.2743.85 Safari/537.36"
78.129.161.54 - - [07/Aug/2016:16:19:10 +0100] "GET /index.php?main_page=time_out HTTP/1.0" 200 30922 "http://www.paiskincare.com/index.php?main_page=shopping_cart&product_id=89" "Mozilla/5.0 (X11; CrOS x86_64 8350.60.0) AppleWebKit/537.36 (KHTML, like Gecko) Chrome/52.0.2743.85 Safari/537.36"
86.172.117.226 - - [07/Aug/2016:16:20:02 +0100] "GET /account/ HTTP/1.0" 200 8532 "http://www.paiskincare.com/shopping-cart/" "Mozilla/5.0 (X11; CrOS x86_64 8350.60.0) AppleWebKit/537.36 (KHTML, like Gecko) Chrome/52.0.2743.85 Safari/537.36"
78.129.161.54 - - [07/Aug/2016:16:20:41 +0100] "GET /checkout/shipping HTTP/1.0" 200 30744 "http://www.paiskincare.com/shopping-cart/" "Mozilla/5.0 (X11; CrOS x86_64 8350.60.0) AppleWebKit/537.36 (KHTML, like Gecko) Chrome/52.0.2743.85 Safari/537.36"
78.129.161.54 - - [07/Aug/2016:16:21:12 +0100] "POST /index.php?main_page=checkout_shipping HTTP/1.0" 302 786 "https://www.paiskincare.com/checkout/shipping" "Mozilla/5.0 (X11; CrOS x86_64 8350.60.0) AppleWebKit/537.36 (KHTML, like Gecko) Chrome/52.0.2743.85 Safari/537.36"
78.129.161.54 - - [07/Aug/2016:16:21:13 +0100] "GET /index.php?main_page=checkout_payment HTTP/1.0" 200 37525 "https://www.paiskincare.com/checkout/shipping" "Mozilla/5.0 (X11; CrOS x86_64 8350.60.0) AppleWebKit/537.36 (KHTML, like Gecko) Chrome/52.0.2743.85 Safari/537.36"
78.129.161.54 - - [07/Aug/2016:16:21:26 +0100] "POST /cto_osc_link.php HTTP/1.0" 200 6705 "-" "CarryTheOne"
78.129.161.54 - - [07/Aug/2016:16:24:05 +0100] "POST /index.php?main_page=checkout_confirmation HTTP/1.0" 302 883 "https://www.paiskincare.com/index.php?main_page=checkout_payment" "Mozilla/5.0 (X11; CrOS x86_64 8350.60.0) AppleWebKit/537.36 (KHTML, like Gecko) Chrome/52.0.2743.85 Safari/537.36"
78.129.161.54 - - [07/Aug/2016:16:24:05 +0100] "GET /index.php?main_page=checkout_payment&The%20expiration%20date%20entered%20for%20the%20credit%20card%20is%20invalid.%20Please%20check%20the%20date%20and%20try%20again. HTTP/1.0" 200 39296 "https://www.paiskincare.com/index.php?main_page=checkout_payment" "Mozilla/5.0 (X11; CrOS x86_64 8350.60.0) AppleWebKit/537.36 (KHTML, like Gecko) Chrome/52.0.2743.85 Safari/537.36"
162.158.73.154 - - [07/Aug/2016:16:24:17 +0100] "POST /cto_osc_link.php HTTP/1.0" 200 1133 "-" "CarryTheOne"
78.129.161.54 - - [07/Aug/2016:16:24:21 +0100] "GET /index.php?main_page=checkout_payment HTTP/1.0" 200 37525 "https://www.paiskincare.com/checkout/shipping" "Mozilla/5.0 (X11; CrOS x86_64 8350.60.0) AppleWebKit/537.36 (KHTML, like Gecko) Chrome/52.0.2743.85 Safari/537.36"
78.129.161.54 - - [07/Aug/2016:16:24:22 +0100] "GET /checkout/shipping HTTP/1.0" 200 30744 "http://www.paiskincare.com/shopping-cart/" "Mozilla/5.0 (X11; CrOS x86_64 8350.60.0) AppleWebKit/537.36 (KHTML, like Gecko) Chrome/52.0.2743.85 Safari/537.36"
78.129.161.54 - - [07/Aug/2016:16:24:53 +0100] "GET /checkout/shipping HTTP/1.0" 200 30744 "http://www.paiskincare.com/index.php?main_page=shopping_cart&number_of_uploads=0" "Mozilla/5.0 (X11; CrOS x86_64 8350.60.0) AppleWebKit/537.36 (KHTML, like Gecko) Chrome/52.0.2743.85 Safari/537.36"
207.46.13.172 - - [07/Aug/2016:16:25:08 +0100] "GET /pages/what-s-not-in-pai-45 HTTP/1.0" 200 9997 "-" "Mozilla/5.0 (compatible; bingbot/2.0; +http://www.bing.com/bingbot.htm)"
141.101.70.84 - - [07/Aug/2016:16:25:16 +0100] "POST /index.php?main_page=checkout_shipping HTTP/1.0" 302 918 "https://www.paiskincare.com/checkout/shipping" "Mozilla/5.0 (X11; CrOS x86_64 8350.60.0) AppleWebKit/537.36 (KHTML, like Gecko) Chrome/52.0.2743.85 Safari/537.36"
78.129.161.54 - - [07/Aug/2016:16:25:16 +0100] "GET /index.php?main_page=checkout_payment HTTP/1.0" 200 37525 "https://www.paiskincare.com/checkout/shipping" "Mozilla/5.0 (X11; CrOS x86_64 8350.60.0) AppleWebKit/537.36 (KHTML, like Gecko) Chrome/52.0.2743.85 Safari/537.36"
78.129.161.54 - - [07/Aug/2016:16:27:17 +0100] "POST /cto_osc_link.php HTTP/1.0" 200 1389 "-" "CarryTheOne"
78.129.161.54 - - [07/Aug/2016:16:27:28 +0100] "POST /index.php?main_page=checkout_confirmation HTTP/1.0" 302 1011 "https://www.paiskincare.com/index.php?main_page=checkout_payment" "Mozilla/5.0 (X11; CrOS x86_64 8350.60.0) AppleWebKit/537.36 (KHTML, like Gecko) Chrome/52.0.2743.85 Safari/537.36"
78.129.161.54 - - [07/Aug/2016:16:27:28 +0100] "GET /index.php?main_page=checkout_payment&We%20apologize%20for%20the%20inconvenience,%20but%20the%20credit%20card%20you%20entered%20is%20not%20one%20that%20we%20accept.%20Please%20use%20a%20different%20credit%20card%20or%20verify%20that%20the%20details%20you%20entered%20are%20correct,%20or%20contact%20the%20store%20owner%20for%20assistance. HTTP/1.0" 200 41316 "https://www.paiskincare.com/index.php?main_page=checkout_payment" "Mozilla/5.0 (X11; CrOS x86_64 8350.60.0) AppleWebKit/537.36 (KHTML, like Gecko) Chrome/52.0.2743.85 Safari/537.36"
157.55.39.89 - - [07/Aug/2016:16:27:48 +0100] "GET /pages/pai-affiliate-program-earn-10-commission-on-referred-sales-142 HTTP/1.0" 200 9453 "-" "Mozilla/5.0 (compatible; bingbot/2.0; +http://www.bing.com/bingbot.htm)"
78.129.161.54 - - [07/Aug/2016:16:27:49 +0100] "GET /pages/30-day-money-back-guarantee-146 HTTP/1.0" 301 665 "-" "Mozilla/5.0 (compatible; bingbot/2.0; +http://www.bing.com/bingbot.htm)"
78.129.161.54 - - [07/Aug/2016:16:27:51 +0100] "GET /pages/organic-facials-for-sensitive-skin-150 HTTP/1.0" 200 33171 "-" "Mozilla/5.0 (compatible; bingbot/2.0; +http://www.bing.com/bingbot.htm)"
78.129.161.54 - - [07/Aug/2016:16:28:28 +0100] "GET /pai-chamomile-rosehip-organic-moisturiser-for-sensitive-skin-2.html HTTP/1.0" 404 1545 "-" "Mozilla/5.0 (compatible; bingbot/2.0; +http://www.bing.com/bingbot.htm)"
78.129.161.54 - - [07/Aug/2016:16:28:43 +0100] "GET /contact-dermatitis-23/ HTTP/1.0" 200 37193 "-" "Mozilla/5.0 (compatible; bingbot/2.0; +http://www.bing.com/bingbot.htm)"
78.129.161.54 - - [07/Aug/2016:16:28:44 +0100] "GET /blog/made-in-london/ HTTP/1.0" 301 946 "-" "Mozilla/5.0 (compatible; bingbot/2.0; +http://www.bing.com/bingbot.htm)"
78.129.161.54 - - [07/Aug/2016:16:29:28 +0100] "POST /index.php?main_page=checkout_confirmation HTTP/1.0" 200 34440 "https://www.paiskincare.com/index.php?main_page=checkout_payment&We%20apologize%20for%20the%20inconvenience,%20but%20the%20credit%20card%20you%20entered%20is%20not%20one%20that%20we%20accept.%20Please%20use%20a%20different%20credit%20card%20or%20verify%20that%20the%20details%20you%20entered%20are%20correct,%20or%20contact%20the%20store%20owner%20for%20assistance." "Mozilla/5.0 (X11; CrOS x86_64 8350.60.0) AppleWebKit/537.36 (KHTML, like Gecko) Chrome/52.0.2743.85 Safari/537.36"
173.245.63.134 - - [07/Aug/2016:16:29:45 +0100] "GET /blog/category/pai-news-and-press/ HTTP/1.0" 301 949 "-" "Mozilla/5.0 (compatible; bingbot/2.0; +http://www.bing.com/bingbot.htm)"
78.129.161.54 - - [07/Aug/2016:16:30:06 +0100] "POST /index.php?main_page=checkout_process HTTP/1.0" 302 786 "https://www.paiskincare.com/index.php?main_page=checkout_confirmation" "Mozilla/5.0 (X11; CrOS x86_64 8350.60.0) AppleWebKit/537.36 (KHTML, like Gecko) Chrome/52.0.2743.85 Safari/537.36"
78.129.161.54 - - [07/Aug/2016:16:30:10 +0100] "GET /index.php?main_page=checkout_success HTTP/1.0" 200 26654 "https://www.paiskincare.com/index.php?main_page=checkout_confirmation" "Mozilla/5.0 (X11; CrOS x86_64 8350.60.0) AppleWebKit/537.36 (KHTML, like Gecko) Chrome/52.0.2743.85 Safari/537.36"
162.158.64.182 - - [07/Aug/2016:16:30:16 +0100] "HEAD / HTTP/1.0" 301 760 "-" "Mozilla/5.0 (compatible; CloudFlare-AlwaysOnline/1.0; +http://www.cloudflare.com/always-online)"
162.158.73.154 - - [07/Aug/2016:16:30:28 +0100] "POST /cto_osc_link.php HTTP/1.0" 200 1728 "-" "CarryTheOne"
162.158.64.182 - - [07/Aug/2016:16:30:29 +0100] "GET / HTTP/1.0" 301 911 "-" "Mozilla/5.0 (compatible; CloudFlare-AlwaysOnline/1.0; +http://www.cloudflare.com/always-online) AppleWebKit/534.34"
78.129.161.54 - - [07/Aug/2016:16:30:42 +0100] "GET / HTTP/1.0" 200 31061 "-" "Mozilla/5.0 (compatible; CloudFlare-AlwaysOnline/1.0; +http://www.cloudflare.com/always-online) AppleWebKit/534.34"
78.129.161.54 - - [07/Aug/2016:16:30:56 +0100] "HEAD / HTTP/1.0" 200 758 "-" "Mozilla/5.0 (compatible; CloudFlare-AlwaysOnline/1.0; +http://www.cloudflare.com/always-online)"
162.158.64.153 - - [07/Aug/2016:16:30:57 +0100] "GET / HTTP/1.0" 200 9465 "-" "Mozilla/5.0 (compatible; CloudFlare-AlwaysOnline/1.0; +http://www.cloudflare.com/always-online) AppleWebKit/534.34"
173.245.56.138 - - [07/Aug/2016:16:31:09 +0100] "GET /blog/made-in-london/ HTTP/1.0" 301 951 "-" "Mozilla/5.0 (compatible; CloudFlare-AlwaysOnline/1.0; +http://www.cloudflare.com/always-online) AppleWebKit/534.34"
162.158.64.153 - - [07/Aug/2016:16:31:11 +0100] "GET /pages/sensitive-skincare-109 HTTP/1.0" 200 9731 "-" "Mozilla/5.0 (compatible; CloudFlare-AlwaysOnline/1.0; +http://www.cloudflare.com/always-online) AppleWebKit/534.34"
162.158.64.153 - - [07/Aug/2016:16:31:19 +0100] "GET /pages/organic-certification-137 HTTP/1.0" 200 9587 "-" "Mozilla/5.0 (compatible; CloudFlare-AlwaysOnline/1.0; +http://www.cloudflare.com/always-online) AppleWebKit/534.34"
162.158.64.153 - - [07/Aug/2016:16:31:31 +0100] "GET /pages/company-ethics-3 HTTP/1.0" 200 9485 "-" "Mozilla/5.0 (compatible; CloudFlare-AlwaysOnline/1.0; +http://www.cloudflare.com/always-online) AppleWebKit/534.34"
162.158.64.153 - - [07/Aug/2016:16:31:33 +0100] "GET /pages/company-history-2 HTTP/1.0" 200 10009 "-" "Mozilla/5.0 (compatible; CloudFlare-AlwaysOnline/1.0; +http://www.cloudflare.com/always-online) AppleWebKit/534.34"
162.158.64.153 - - [07/Aug/2016:16:31:35 +0100] "GET /pages/about-pai-1 HTTP/1.0" 200 9591 "-" "Mozilla/5.0 (compatible; CloudFlare-AlwaysOnline/1.0; +http://www.cloudflare.com/always-online) AppleWebKit/534.34"
162.158.64.153 - - [07/Aug/2016:16:31:47 +0100] "GET /account/login?zenid=r8pha64nlk28ijhu44gpjm3e12 HTTP/1.0" 200 16070 "-" "Mozilla/5.0 (compatible; CloudFlare-AlwaysOnline/1.0; +http://www.cloudflare.com/always-online) AppleWebKit/534.34"
173.245.54.118 - - [07/Aug/2016:16:31:50 +0100] "GET /index.php?main_page=index&cPath=35&sort=20a HTTP/1.0" 301 924 "-" "Mozilla/5.0 (compatible; CloudFlare-AlwaysOnline/1.0; +http://www.cloudflare.com/always-online) AppleWebKit/534.34"
162.158.64.153 - - [07/Aug/2016:16:31:56 +0100] "GET /petit-pai-35/ HTTP/1.0" 200 9635 "-" "Mozilla/5.0 (compatible; CloudFlare-AlwaysOnline/1.0; +http://www.cloudflare.com/always-online) AppleWebKit/534.34"
78.129.161.54 - - [07/Aug/2016:16:33:24 +0100] "POST /cto_osc_link.php HTTP/1.0" 200 1389 "-" "CarryTheOne"
162.158.73.154 - - [07/Aug/2016:16:36:37 +0100] "POST /cto_osc_link.php HTTP/1.0" 200 6449 "-" "CarryTheOne"
78.129.161.54 - - [07/Aug/2016:16:39:17 +0100] "POST /cto_osc_link.php HTTP/1.0" 200 1389 "-" "CarryTheOne"
78.129.161.54 - - [07/Aug/2016:16:41:43 +0100] "GET /pages/easy-living-magazine-64 HTTP/1.0" 200 37516 "http://www.paiskincare.com/" "Mozilla/5.0 (Windows NT 6.1; Win64; x64) AppleWebKit/537.36 (KHTML, like Gecko) Chrome/52.0.2743.82 Safari/537.36"
162.158.73.154 - - [07/Aug/2016:16:42:33 +0100] "POST /cto_osc_link.php HTTP/1.0" 200 1133 "-" "CarryTheOne"
78.129.161.54 - admin123 [07/Aug/2016:16:45:10 +0100] "GET /monkey75/index.php HTTP/1.0" 302 715 "-" "Mozilla/5.0 (Macintosh; Intel Mac OS X 10_10_5) AppleWebKit/537.36 (KHTML, like Gecko) Chrome/51.0.2704.103 Safari/537.36"
78.129.161.54 - admin123 [07/Aug/2016:16:45:10 +0100] "GET /monkey75/login.php HTTP/1.0" 200 1921 "-" "Mozilla/5.0 (Macintosh; Intel Mac OS X 10_10_5) AppleWebKit/537.36 (KHTML, like Gecko) Chrome/51.0.2704.103 Safari/537.36"
78.129.161.54 - admin123 [07/Aug/2016:16:45:12 +0100] "POST /monkey75/login.php HTTP/1.0" 302 802 "https://www.paiskincare.com/monkey75/login.php" "Mozilla/5.0 (Macintosh; Intel Mac OS X 10_10_5) AppleWebKit/537.36 (KHTML, like Gecko) Chrome/51.0.2704.103 Safari/537.36"
78.129.161.54 - admin123 [07/Aug/2016:16:45:13 +0100] "GET /monkey75/index.php HTTP/1.0" 200 26633 "https://www.paiskincare.com/monkey75/login.php" "Mozilla/5.0 (Macintosh; Intel Mac OS X 10_10_5) AppleWebKit/537.36 (KHTML, like Gecko) Chrome/51.0.2704.103 Safari/537.36"
141.101.106.124 - admin123 [07/Aug/2016:16:45:13 +0100] "GET /monkey75/includes/menu.js HTTP/1.0" 304 361 "https://www.paiskincare.com/monkey75/index.php" "Mozilla/5.0 (Macintosh; Intel Mac OS X 10_10_5) AppleWebKit/537.36 (KHTML, like Gecko) Chrome/51.0.2704.103 Safari/537.36"
78.129.161.54 - - [07/Aug/2016:16:45:28 +0100] "POST /cto_osc_link.php HTTP/1.0" 200 1389 "-" "CarryTheOne"
162.158.73.154 - - [07/Aug/2016:16:48:22 +0100] "POST /cto_osc_link.php HTTP/1.0" 200 1133 "-" "CarryTheOne"
78.129.161.54 - - [07/Aug/2016:16:51:17 +0100] "POST /cto_osc_link.php HTTP/1.0" 200 1389 "-" "CarryTheOne"
