78.129.161.54 - - [22/Aug/2016:08:58:37 +0100] "GET /pages/vitamin-e-100 HTTP/1.0" 200 30332 "-" "Domain Re-Animator Bot (http://domainreanimator.com) - support@domainreanimator.com"
78.129.161.54 - - [22/Aug/2016:08:58:39 +0100] "GET /pages/water-101 HTTP/1.0" 200 30042 "-" "Domain Re-Animator Bot (http://domainreanimator.com) - support@domainreanimator.com"
78.129.161.54 - - [22/Aug/2016:08:58:40 +0100] "GET /pages/a-z-of-ingredients-46 HTTP/1.0" 200 34295 "-" "Domain Re-Animator Bot (http://domainreanimator.com) - support@domainreanimator.com"
78.129.161.54 - - [22/Aug/2016:08:58:43 +0100] "GET /pages/pai-affiliate-program-earn-10-commission-on-referred-sales-142 HTTP/1.0" 200 33293 "-" "Domain Re-Animator Bot (http://domainreanimator.com) - support@domainreanimator.com"
78.129.161.54 - - [22/Aug/2016:08:58:47 +0100] "GET /gift-certificate-faq?item=1 HTTP/1.0" 200 32161 "-" "Domain Re-Animator Bot (http://domainreanimator.com) - support@domainreanimator.com"
78.129.161.54 - - [22/Aug/2016:08:58:49 +0100] "GET /gift-certificate-faq?item=3 HTTP/1.0" 200 31905 "-" "Domain Re-Animator Bot (http://domainreanimator.com) - support@domainreanimator.com"
78.129.161.54 - - [22/Aug/2016:08:58:50 +0100] "GET /gift-certificate-faq?item=4 HTTP/1.0" 200 32194 "-" "Domain Re-Animator Bot (http://domainreanimator.com) - support@domainreanimator.com"
78.129.161.54 - - [22/Aug/2016:08:58:52 +0100] "GET /gift-certificate-faq HTTP/1.0" 200 31263 "-" "Domain Re-Animator Bot (http://domainreanimator.com) - support@domainreanimator.com"
78.129.161.54 - - [22/Aug/2016:08:58:56 +0100] "GET /blog/2014/02/19/pai-win-the-national-export-development-award/ HTTP/1.0" 301 829 "-" "Domain Re-Animator Bot (http://domainreanimator.com) - support@domainreanimator.com"
78.129.161.54 - - [22/Aug/2016:08:58:57 +0100] "GET /blog/pai-industry-beauty-awards/ HTTP/1.0" 301 769 "-" "Domain Re-Animator Bot (http://domainreanimator.com) - support@domainreanimator.com"
78.129.161.54 - - [22/Aug/2016:08:58:58 +0100] "GET / HTTP/1.0" 302 576 "https://www.google.com.bh/" "Mozilla/5.0 (Windows NT 6.1; WOW64) AppleWebKit/537.36 (KHTML, like Gecko) Chrome/52.0.2743.116 Safari/537.36"
78.129.161.54 - - [22/Aug/2016:08:59:01 +0100] "GET /pages/recruitment-138 HTTP/1.0" 200 29075 "-" "Domain Re-Animator Bot (http://domainreanimator.com) - support@domainreanimator.com"
78.129.161.54 - - [22/Aug/2016:08:59:03 +0100] "GET /rice-plant-rosemary-bioaffinity-tonic-26 HTTP/1.0" 200 37620 "http://www.paiskincare.com/cleanse-tone-2/" "Mozilla/5.0 (Linux; Android 5.0; SM-G900F Build/LRX21T) AppleWebKit/537.36 (KHTML, like Gecko) Chrome/52.0.2743.98 Mobile Safari/537.36"
78.129.161.54 - - [22/Aug/2016:08:59:05 +0100] "GET /pages/pages/pai-skin-confidence-facials-150 HTTP/1.0" 404 1345 "-" "Domain Re-Animator Bot (http://domainreanimator.com) - support@domainreanimator.com"
78.129.161.54 - - [22/Aug/2016:08:59:06 +0100] "GET /pages/www.freshlab.be HTTP/1.0" 404 1345 "-" "Domain Re-Animator Bot (http://domainreanimator.com) - support@domainreanimator.com"
162.158.104.226 - - [22/Aug/2016:08:59:07 +0100] "GET /blog/tag/age-confidence/ HTTP/1.0" 301 699 "-" "Mozilla/5.0 (compatible; bingbot/2.0; +http://www.bing.com/bingbot.htm)"
78.129.161.54 - - [22/Aug/2016:08:59:07 +0100] "GET /pages/pai-stockists-store-locator-62 HTTP/1.0" 200 40983 "-" "Domain Re-Animator Bot (http://domainreanimator.com) - support@domainreanimator.com"
78.129.161.54 - - [22/Aug/2016:08:59:12 +0100] "GET /pages/pai-stockists-62 HTTP/1.0" 301 490 "-" "Domain Re-Animator Bot (http://domainreanimator.com) - support@domainreanimator.com"
78.129.161.54 - - [22/Aug/2016:08:59:12 +0100] "GET /pages/pai-stockists-store-locator-62 HTTP/1.0" 200 40983 "-" "Domain Re-Animator Bot (http://domainreanimator.com) - support@domainreanimator.com"
78.129.161.54 - - [22/Aug/2016:08:59:14 +0100] "GET /pages/organic-facials-for-sensitive-skin-150 HTTP/1.0" 200 32796 "-" "Domain Re-Animator Bot (http://domainreanimator.com) - support@domainreanimator.com"
78.129.161.54 - - [22/Aug/2016:08:59:16 +0100] "GET /pages/terms-conditions-50 HTTP/1.0" 200 51117 "-" "Domain Re-Animator Bot (http://domainreanimator.com) - support@domainreanimator.com"
78.129.161.54 - - [22/Aug/2016:08:59:19 +0100] "GET /pages/trade-wholesale-enquiries-110 HTTP/1.0" 200 28059 "-" "Domain Re-Animator Bot (http://domainreanimator.com) - support@domainreanimator.com"
78.129.161.54 - - [22/Aug/2016:08:59:21 +0100] "GET /privacy HTTP/1.0" 200 30772 "-" "Domain Re-Animator Bot (http://domainreanimator.com) - support@domainreanimator.com"
78.129.161.54 - - [22/Aug/2016:08:59:49 +0100] "GET /pages/contact-us-155 HTTP/1.0" 200 28360 "-" "Domain Re-Animator Bot (http://domainreanimator.com) - support@domainreanimator.com"
162.158.152.76 - - [22/Aug/2016:08:59:58 +0100] "GET /blog/wp-admin/ HTTP/1.0" 301 682 "-" "Mozilla/5.0 (Macintosh; Intel Mac OS X 10_11_1) AppleWebKit/537.36 (KHTML, like Gecko) Chrome/52.0.2743.116 Safari/537.36"
178.62.78.199 - - [22/Aug/2016:09:00:09 +0100] "GET / HTTP/1.0" 301 652 "-" "Mozilla/5.0 (Windows NT 6.2; WOW64) AppleWebKit/537.4 (KHTML, like Gecko) Chrome/98 Safari/537.4 (StatusCake)"
178.62.78.199 - - [22/Aug/2016:09:00:11 +0100] "GET / HTTP/1.0" 200 9172 "http://paiskincare.com/" "Mozilla/5.0 (Windows NT 6.2; WOW64) AppleWebKit/537.4 (KHTML, like Gecko) Chrome/98 Safari/537.4 (StatusCake)"
162.158.76.34 - - [22/Aug/2016:09:00:12 +0100] "HEAD /blog/feed/ HTTP/1.0" 301 387 "-" "Slackbot 1.0 (+https://api.slack.com/robots)"
162.158.76.64 - - [22/Aug/2016:09:00:13 +0100] "GET /blog/feed/ HTTP/1.0" 301 675 "-" "Slackbot 1.0 (+https://api.slack.com/robots)"
162.158.77.28 - - [22/Aug/2016:09:00:30 +0100] "HEAD /blog/2014/11/27/should-i-avoid-coffee/ HTTP/1.0" 301 415 "-" "Mozilla/5.0 (Macintosh; Intel Mac OS X 10_7_3) AppleWebKit/534.55.3         (KHTML, like Gecko) Version/5.1.5 Safari/534.55.3"
167.114.156.198 - - [22/Aug/2016:09:00:51 +0100] "GET /camellia-rose-gentle-hydrating-cleanser-200ml-41 HTTP/1.0" 200 12695 "-" "Domain Re-Animator Bot (http://domainreanimator.com) - support@domainreanimator.com"
78.129.161.54 - - [22/Aug/2016:09:00:56 +0100] "GET /blog/2014/01/29/what-is-rosacea-and-how-can-i-treat-it/ HTTP/1.0" 301 815 "-" "Domain Re-Animator Bot (http://domainreanimator.com) - support@domainreanimator.com"
78.129.161.54 - - [22/Aug/2016:09:01:07 +0100] "GET /index.php?main_page=product_info&products_id=41 HTTP/1.0" 301 502 "-" "Domain Re-Animator Bot (http://domainreanimator.com) - support@domainreanimator.com"
78.129.161.54 - - [22/Aug/2016:09:01:07 +0100] "GET /camellia-rose-gentle-hydrating-cleanser-200ml-41 HTTP/1.0" 200 42479 "-" "Domain Re-Animator Bot (http://domainreanimator.com) - support@domainreanimator.com"
78.129.161.54 - - [22/Aug/2016:09:01:08 +0100] "GET /camellia-rose-gentle-hydrating-cleanser-100ml-5 HTTP/1.0" 200 41874 "-" "Domain Re-Animator Bot (http://domainreanimator.com) - support@domainreanimator.com"
84.109.105.29 - - [22/Aug/2016:09:01:12 +0100] "GET /wp-login.php HTTP/1.0" 404 942 "-" "Mozilla/5.0 (Windows NT 6.1; WOW64; rv:40.0) Gecko/20100101 Firefox/40.1"
78.129.161.54 - - [22/Aug/2016:09:01:12 +0100] "GET / HTTP/1.0" 200 30702 "-" "Mozilla/5.0 (Windows NT 6.1; WOW64; rv:40.0) Gecko/20100101 Firefox/40.1"
78.129.161.54 - - [22/Aug/2016:09:01:13 +0100] "GET /comfrey-calendula-calming-body-cream-200ml-16 HTTP/1.0" 200 40818 "-" "Domain Re-Animator Bot (http://domainreanimator.com) - support@domainreanimator.com"
78.129.161.54 - - [22/Aug/2016:09:01:17 +0100] "GET /echium-argan-gentle-eye-cream-7 HTTP/1.0" 200 38482 "-" "Domain Re-Animator Bot (http://domainreanimator.com) - support@domainreanimator.com"
70.39.157.195 - - [22/Aug/2016:09:01:20 +0100] "GET / HTTP/1.0" 200 9172 "-" "Mozilla/5.0 (compatible; MSIE 9.0; Windows NT 6.1; WOW64; Trident/5.0)"
78.129.161.54 - - [22/Aug/2016:09:01:27 +0100] "GET /all-products/index-2 HTTP/1.0" 200 40693 "-" "Domain Re-Animator Bot (http://domainreanimator.com) - support@domainreanimator.com"
78.129.161.54 - - [22/Aug/2016:09:01:28 +0100] "GET /all-products/ HTTP/1.0" 200 54173 "-" "Domain Re-Animator Bot (http://domainreanimator.com) - support@domainreanimator.com"
78.129.161.54 - - [22/Aug/2016:09:01:30 +0100] "GET /all-products/gift-certificate-faq HTTP/1.0" 404 1345 "-" "Domain Re-Animator Bot (http://domainreanimator.com) - support@domainreanimator.com"
86.180.76.207 - - [22/Aug/2016:09:01:31 +0100] "GET /cleanse-tone-2/ HTTP/1.0" 200 9329 "http://www.paiskincare.com/comfrey-calendula-calming-body-cream-200ml-16" "Mozilla/5.0 (Linux; Android 5.0; SM-G900F Build/LRX21T) AppleWebKit/537.36 (KHTML, like Gecko) Chrome/52.0.2743.98 Mobile Safari/537.36"
78.129.161.54 - - [22/Aug/2016:09:01:39 +0100] "GET /blog/2014/10/27/acne-series-what-is-hormonal-acne/ HTTP/1.0" 301 805 "-" "Domain Re-Animator Bot (http://domainreanimator.com) - support@domainreanimator.com"
78.129.161.54 - - [22/Aug/2016:09:01:39 +0100] "GET /lotus-orange-blossom-bioaffinity-tonic-25 HTTP/1.0" 200 37626 "http://www.paiskincare.com/cleanse-tone-2/" "Mozilla/5.0 (Linux; Android 5.0; SM-G900F Build/LRX21T) AppleWebKit/537.36 (KHTML, like Gecko) Chrome/52.0.2743.98 Mobile Safari/537.36"
78.129.161.54 - - [22/Aug/2016:09:01:41 +0100] "GET /blog/2013/08/01/sos-skin-rescue/ HTTP/1.0" 301 769 "-" "Domain Re-Animator Bot (http://domainreanimator.com) - support@domainreanimator.com"
78.129.161.54 - - [22/Aug/2016:09:01:42 +0100] "GET /blog/2014/04/19/what-are-the-most-common-detergents/ HTTP/1.0" 301 809 "-" "Domain Re-Animator Bot (http://domainreanimator.com) - support@domainreanimator.com"
78.129.161.54 - - [22/Aug/2016:09:01:44 +0100] "GET /camellia-rose-gentle-hydrating-cleanser-5 HTTP/1.0" 301 501 "-" "Domain Re-Animator Bot (http://domainreanimator.com) - support@domainreanimator.com"
78.129.161.54 - - [22/Aug/2016:09:01:44 +0100] "GET /camellia-rose-gentle-hydrating-cleanser-100ml-5 HTTP/1.0" 200 41874 "-" "Domain Re-Animator Bot (http://domainreanimator.com) - support@domainreanimator.com"
78.129.161.54 - - [22/Aug/2016:09:01:45 +0100] "GET /organic-muslin-face-cloth-6 HTTP/1.0" 301 481 "-" "Domain Re-Animator Bot (http://domainreanimator.com) - support@domainreanimator.com"
78.129.161.54 - - [22/Aug/2016:09:01:45 +0100] "GET /muslin-face-cloth-pack-of-6 HTTP/1.0" 404 30902 "-" "Domain Re-Animator Bot (http://domainreanimator.com) - support@domainreanimator.com"
78.129.161.54 - - [22/Aug/2016:09:01:50 +0100] "GET /blog/2013/06/18/the-modern-illness-adrenal-burnout-2/ HTTP/1.0" 301 811 "-" "Domain Re-Animator Bot (http://domainreanimator.com) - support@domainreanimator.com"
162.158.37.11 - - [22/Aug/2016:09:01:52 +0100] "GET /blog/2014/10/27/acne-series-what-is-hormonal-acne/ HTTP/1.0" 301 742 "-" "Mozilla/5.0 (Linux; Android 5.0.2; MEDION E4503 Build/MEDION-E4503) AppleWebKit/537.36 (KHTML, like Gecko) Chrome/49.0.2623.105 Mobile Safari/537.36"
162.158.72.160 - - [22/Aug/2016:09:01:52 +0100] "GET /blog/2014/10/13/natalie-portman-shares-her-pai-favourites-with-elle/ HTTP/1.0" 301 770 "-" "Mozilla/5.0 (compatible; Googlebot/2.1; +http://www.google.com/bot.html)"
154.127.60.23 - - [22/Aug/2016:09:01:57 +0100] "GET / HTTP/1.0" 301 652 "-" "Mozilla/5.0 (Windows NT 6.2; WOW64) AppleWebKit/537.4 (KHTML, like Gecko) Chrome/98 Safari/537.4 (StatusCake)"
199.27.129.58 - - [22/Aug/2016:09:02:00 +0100] "GET /blog/feed/ HTTP/1.0" 301 675 "-" "Feedly/1.0 (+http://www.feedly.com/fetcher.html; like FeedFetcher-Google)"
176.12.107.137 - - [22/Aug/2016:09:02:00 +0100] "GET / HTTP/1.0" 200 9049 "http://search.yahoo.com/search?rewrite=72&.tsrc=apple&first=1&p=pai+skincare&pintl=en-gb&pcarrier=O2+-+UK&pmcc=234&pmnc=10&fr=onesearchnew&tsrc=apple" "Mozilla/5.0 (iPhone; CPU iPhone OS 6_0_1 like Mac OS X) AppleWebKit/536.26 (KHTML, like Gecko) Version/6.0 Mobile/10A523 Safari/8536.25"
154.127.60.23 - - [22/Aug/2016:09:02:02 +0100] "GET / HTTP/1.0" 200 9173 "http://paiskincare.com/" "Mozilla/5.0 (Windows NT 6.2; WOW64) AppleWebKit/537.4 (KHTML, like Gecko) Chrome/98 Safari/537.4 (StatusCake)"
78.129.161.54 - - [22/Aug/2016:09:02:11 +0100] "GET /blog/2011/11/30/face-wipes-so-convenient-so-bad-for-sensitive-skin/ HTTP/1.0" 301 839 "-" "Domain Re-Animator Bot (http://domainreanimator.com) - support@domainreanimator.com"
78.129.161.54 - - [22/Aug/2016:09:02:13 +0100] "GET /blog/2013/04/24/diet-focus-sugar/ HTTP/1.0" 301 771 "-" "Domain Re-Animator Bot (http://domainreanimator.com) - support@domainreanimator.com"
78.129.161.54 - - [22/Aug/2016:09:02:14 +0100] "GET /blog/2013/03/13/diet-focus-dairy-free/ HTTP/1.0" 301 781 "-" "Domain Re-Animator Bot (http://domainreanimator.com) - support@domainreanimator.com"
78.129.161.54 - - [22/Aug/2016:09:02:16 +0100] "GET /blog/2013/10/28/how-to-care-for-your-skin-after-coming-off-the-pill/ HTTP/1.0" 301 841 "-" "Domain Re-Animator Bot (http://domainreanimator.com) - support@domainreanimator.com"
78.129.161.54 - - [22/Aug/2016:09:02:16 +0100] "GET /blog/category/diet-and-lifestyle/ HTTP/1.0" 301 753 "http://www.paiskincare.com/" "Mozilla/5.0 (iPhone; CPU iPhone OS 6_0_1 like Mac OS X) AppleWebKit/536.26 (KHTML, like Gecko) Version/6.0 Mobile/10A523 Safari/8536.25"
78.129.161.54 - - [22/Aug/2016:09:02:17 +0100] "GET /blog/2012/05/02/back-to-basics-why-stripped-back-skincare-is-best-for-sensitive-skin/ HTTP/1.0" 301 875 "-" "Domain Re-Animator Bot (http://domainreanimator.com) - support@domainreanimator.com"
78.129.161.54 - - [22/Aug/2016:09:02:19 +0100] "GET /blog/2014/04/16/say-no-to-squeaky-clean/ HTTP/1.0" 301 785 "-" "Domain Re-Animator Bot (http://domainreanimator.com) - support@domainreanimator.com"
78.129.161.54 - - [22/Aug/2016:09:02:21 +0100] "GET /blog/2014/10/02/acne-series-eat-your-way-to-clear-skin/ HTTP/1.0" 301 815 "-" "Domain Re-Animator Bot (http://domainreanimator.com) - support@domainreanimator.com"
78.129.161.54 - - [22/Aug/2016:09:02:22 +0100] "GET /blog/2014/10/10/acne-series-how-to-care-for-clear-up-spot-prone-skin/ HTTP/1.0" 301 843 "-" "Domain Re-Animator Bot (http://domainreanimator.com) - support@domainreanimator.com"
78.129.161.54 - - [22/Aug/2016:09:02:24 +0100] "GET /blog/2014/10/17/acne-series-myths-about-blemish-prone-skin/ HTTP/1.0" 301 823 "-" "Domain Re-Animator Bot (http://domainreanimator.com) - support@domainreanimator.com"
78.129.161.54 - - [22/Aug/2016:09:02:31 +0100] "GET /fragonia-seabuckthorn-instant-hand-therapy-cream-20 HTTP/1.0" 301 506 "-" "Domain Re-Animator Bot (http://domainreanimator.com) - support@domainreanimator.com"
78.129.161.54 - - [22/Aug/2016:09:02:31 +0100] "GET /fragonia-sea-buckthorn-instant-hand-therapy-cream-20 HTTP/1.0" 200 36905 "-" "Domain Re-Animator Bot (http://domainreanimator.com) - support@domainreanimator.com"
78.129.161.54 - - [22/Aug/2016:09:02:33 +0100] "GET /chamomile-rosehip-calming-cream-2 HTTP/1.0" 301 491 "-" "Domain Re-Animator Bot (http://domainreanimator.com) - support@domainreanimator.com"
78.129.161.54 - - [22/Aug/2016:09:02:33 +0100] "GET /chamomile-rosehip-calming-day-cream-2 HTTP/1.0" 200 42315 "-" "Domain Re-Animator Bot (http://domainreanimator.com) - support@domainreanimator.com"
78.129.161.54 - - [22/Aug/2016:09:02:34 +0100] "GET /rosehip-collection-intensive-nourishing-facial-set-35 HTTP/1.0" 404 31188 "-" "Domain Re-Animator Bot (http://domainreanimator.com) - support@domainreanimator.com"
78.129.161.54 - - [22/Aug/2016:09:02:39 +0100] "GET /blog/2015/04/02/our-exclusive-guided-meditation-with-nadia-narain/ HTTP/1.0" 301 837 "-" "Domain Re-Animator Bot (http://domainreanimator.com) - support@domainreanimator.com"
78.129.161.54 - - [22/Aug/2016:09:02:41 +0100] "GET /blog/2013/04/10/facial-massage/ HTTP/1.0" 301 767 "-" "Domain Re-Animator Bot (http://domainreanimator.com) - support@domainreanimator.com"
108.162.228.166 - - [22/Aug/2016:09:02:47 +0100] "GET /blog/tag/eucalyptus/feed/ HTTP/1.0" 301 700 "-" "Mozilla/5.0 (compatible; AhrefsBot/5.1; +http://ahrefs.com/robot/)"
78.129.161.54 - - [22/Aug/2016:09:02:49 +0100] "GET /lotus-orange-blossom-bioaffinity-toner-25 HTTP/1.0" 301 495 "-" "Domain Re-Animator Bot (http://domainreanimator.com) - support@domainreanimator.com"
78.129.161.54 - - [22/Aug/2016:09:02:49 +0100] "GET /lotus-orange-blossom-bioaffinity-tonic-25 HTTP/1.0" 200 37575 "-" "Domain Re-Animator Bot (http://domainreanimator.com) - support@domainreanimator.com"
162.158.76.130 - - [22/Aug/2016:09:03:00 +0100] "GET /index.php?main_page=oembed&url=http://www.paiskincare.com/copaiba-zinc-perfect-balance-blemish-serum-50?awc=2753_1416869035_c05e8e2f2f99b82be12f8f036656226d HTTP/1.0" 200 1149 "-" "Pinterest/0.2 (+http://www.pinterest.com/)"
54.236.1.70 - - [22/Aug/2016:09:03:00 +0100] "GET /copaiba-zinc-perfect-balance-blemish-serum-50?awc=2753_1416869035_c05e8e2f2f99b82be12f8f036656226d HTTP/1.0" 200 11962 "-" "Pinterest/0.2 (+http://www.pinterest.com/)"
207.46.13.130 - - [22/Aug/2016:09:03:03 +0100] "GET /camellia-rose-gentle-hydrating-cleanser-100ml-5 HTTP/1.0" 200 12660 "-" "Mozilla/5.0 (compatible; bingbot/2.0; +http://www.bing.com/bingbot.htm)"
78.129.161.54 - - [22/Aug/2016:09:03:20 +0100] "GET /blog/2013/10/23/healthy-snacks-to-satisfy-your-sugar-cravings/ HTTP/1.0" 301 829 "-" "Domain Re-Animator Bot (http://domainreanimator.com) - support@domainreanimator.com"
78.129.161.54 - - [22/Aug/2016:09:03:27 +0100] "GET /blog/2012/07/18/spotlight-series-the-6-stages-of-spots/ HTTP/1.0" 301 815 "-" "Domain Re-Animator Bot (http://domainreanimator.com) - support@domainreanimator.com"
78.129.161.54 - - [22/Aug/2016:09:03:28 +0100] "GET /blog/2013/08/15/urban-beauty-myths-debunked/ HTTP/1.0" 301 793 "-" "Domain Re-Animator Bot (http://domainreanimator.com) - support@domainreanimator.com"
78.129.161.54 - - [22/Aug/2016:09:03:30 +0100] "GET /organic-muslin-face-cloth-pack-of-6 HTTP/1.0" 301 481 "-" "Domain Re-Animator Bot (http://domainreanimator.com) - support@domainreanimator.com"
78.129.161.54 - - [22/Aug/2016:09:03:30 +0100] "GET /muslin-face-cloth-pack-of-6 HTTP/1.0" 404 30902 "-" "Domain Re-Animator Bot (http://domainreanimator.com) - support@domainreanimator.com"
78.129.161.54 - - [22/Aug/2016:09:03:32 +0100] "GET /blog/2013/08/20/niki-rein-talks-exercise-skin-health/ HTTP/1.0" 301 811 "-" "Domain Re-Animator Bot (http://domainreanimator.com) - support@domainreanimator.com"
178.62.109.7 - - [22/Aug/2016:09:03:34 +0100] "GET / HTTP/1.0" 301 652 "-" "Mozilla/5.0 (Windows NT 6.2; WOW64) AppleWebKit/537.4 (KHTML, like Gecko) Chrome/98 Safari/537.4 (StatusCake)"
178.62.109.7 - - [22/Aug/2016:09:03:36 +0100] "GET / HTTP/1.0" 200 9171 "http://paiskincare.com/" "Mozilla/5.0 (Windows NT 6.2; WOW64) AppleWebKit/537.4 (KHTML, like Gecko) Chrome/98 Safari/537.4 (StatusCake)"
78.129.161.54 - - [22/Aug/2016:09:03:42 +0100] "GET /lotus-orange-blossom-bioaffinity-tonic-25 HTTP/1.0" 200 37575 "-" "Domain Re-Animator Bot (http://domainreanimator.com) - support@domainreanimator.com"
78.129.161.54 - - [22/Aug/2016:09:03:47 +0100] "GET /index.php?main_page=product_info&cpath=2&products_id=5 HTTP/1.0" 404 31319 "-" "Domain Re-Animator Bot (http://domainreanimator.com) - support@domainreanimator.com"
78.129.161.54 - - [22/Aug/2016:09:03:57 +0100] "GET /blog/2012/03/09/my-salicylate-free-diet-avoiding-the-foods-that-make-me-itch/ HTTP/1.0" 301 859 "-" "Domain Re-Animator Bot (http://domainreanimator.com) - support@domainreanimator.com"
78.129.161.54 - - [22/Aug/2016:09:03:59 +0100] "GET /blog/2015/04/22/how-to-eat-more-veg-without-trying/ HTTP/1.0" 301 807 "-" "Domain Re-Animator Bot (http://domainreanimator.com) - support@domainreanimator.com"
78.129.161.54 - - [22/Aug/2016:09:04:10 +0100] "GET /blog/tag/essential-fatty-acids/feed/ HTTP/1.0" 301 777 "-" "Feedly/1.0 (+http://www.feedly.com/fetcher.html; like FeedFetcher-Google)"
58.26.127.137 - - [22/Aug/2016:09:04:16 +0100] "GET / HTTP/1.0" 200 9174 "https://www.google.com/" "Mozilla/5.0 (Windows NT 6.1) AppleWebKit/537.36 (KHTML, like Gecko) Chrome/52.0.2743.116 Safari/537.36"
78.129.161.54 - - [22/Aug/2016:09:04:17 +0100] "GET /geranium-thistle-rebalancing-day-cream-3 HTTP/1.0" 200 39746 "-" "Domain Re-Animator Bot (http://domainreanimator.com) - support@domainreanimator.com"
78.129.161.54 - - [22/Aug/2016:09:04:22 +0100] "GET /blog/2011/02/02/skin-allergy-snapshots-urticaria/ HTTP/1.0" 301 803 "-" "Domain Re-Animator Bot (http://domainreanimator.com) - support@domainreanimator.com"
78.129.161.54 - - [22/Aug/2016:09:04:24 +0100] "GET /blog/2013/10/30/the-health-benefits-of-honey/ HTTP/1.0" 301 795 "-" "Domain Re-Animator Bot (http://domainreanimator.com) - support@domainreanimator.com"
78.129.161.54 - - [22/Aug/2016:09:04:26 +0100] "GET /blog/2013/09/27/could-bee-pollen-help-with-allergies/ HTTP/1.0" 301 811 "-" "Domain Re-Animator Bot (http://domainreanimator.com) - support@domainreanimator.com"
78.129.161.54 - - [22/Aug/2016:09:04:27 +0100] "GET /blog/2010/08/08/quercitin-the-natural-anti-histamine/ HTTP/1.0" 301 811 "-" "Domain Re-Animator Bot (http://domainreanimator.com) - support@domainreanimator.com"
90.19.157.196 - - [22/Aug/2016:09:04:30 +0100] "GET / HTTP/1.0" 302 722 "https://www.google.fr/" "Mozilla/5.0 (Macintosh; Intel Mac OS X 10_11_6) AppleWebKit/601.7.7 (KHTML, like Gecko) Version/9.1.2 Safari/601.7.7"
66.249.69.78 - - [22/Aug/2016:09:04:30 +0100] "GET /pai-organic-muslin-face-cloth-6?setcountry=1&setcurrency=GBP HTTP/1.0" 302 729 "-" "Mozilla/5.0 (compatible; Googlebot/2.1; +http://www.google.com/bot.html)"
66.249.69.73 - - [22/Aug/2016:09:04:31 +0100] "GET /pai-organic-muslin-face-cloth-6?currency=GBP HTTP/1.0" 302 545 "-" "Mozilla/5.0 (compatible; Googlebot/2.1; +http://www.google.com/bot.html)"
78.129.161.54 - - [22/Aug/2016:09:04:31 +0100] "GET /index.php?main_page=product_info&products_id=6 HTTP/1.0" 301 481 "-" "Mozilla/5.0 (compatible; Googlebot/2.1; +http://www.google.com/bot.html)"
66.249.69.78 - - [22/Aug/2016:09:04:32 +0100] "GET /muslin-face-cloth-pack-of-6 HTTP/1.0" 404 8388 "-" "Mozilla/5.0 (compatible; Googlebot/2.1; +http://www.google.com/bot.html)"
78.129.161.54 - - [22/Aug/2016:09:04:35 +0100] "GET /blog/2011/08/04/introducing-new-pai-bioaffinity-toners/ HTTP/1.0" 301 815 "-" "Domain Re-Animator Bot (http://domainreanimator.com) - support@domainreanimator.com"
78.129.161.54 - - [22/Aug/2016:09:04:37 +0100] "GET /blog/2011/09/02/skincare-up-in-the-air-what-happens-to-your-skin-when-you-fly/ HTTP/1.0" 301 861 "-" "Domain Re-Animator Bot (http://domainreanimator.com) - support@domainreanimator.com"
78.129.161.54 - - [22/Aug/2016:09:04:46 +0100] "GET /blog/2014/04/04/my-latest-age-confidence-web-chat/ HTTP/1.0" 301 805 "-" "Domain Re-Animator Bot (http://domainreanimator.com) - support@domainreanimator.com"
108.162.244.96 - - [22/Aug/2016:09:04:50 +0100] "GET /blog/tag/smoothie-recipe/ HTTP/1.0" 301 700 "-" "Mozilla/5.0 (compatible; DotBot/1.1; http://www.opensiteexplorer.org/dotbot, help@moz.com)"
82.234.244.167 - - [22/Aug/2016:09:04:51 +0100] "GET / HTTP/1.0" 302 640 "-" "Mozilla/5.0 (iPad; CPU OS 9_3_4 like Mac OS X) AppleWebKit/601.1.46 (KHTML, like Gecko) Version/9.0 Mobile/13G35 Safari/601.1"
78.129.161.54 - - [22/Aug/2016:09:04:56 +0100] "GET /blog/2013/10/10/how-can-i-get-rid-of-my-puffy-eyes/ HTTP/1.0" 301 807 "-" "Domain Re-Animator Bot (http://domainreanimator.com) - support@domainreanimator.com"
78.129.161.54 - - [22/Aug/2016:09:04:58 +0100] "GET /blog/2011/07/08/skin-complaint-snapshot-milia/ HTTP/1.0" 301 797 "-" "Domain Re-Animator Bot (http://domainreanimator.com) - support@domainreanimator.com"
78.129.161.54 - - [22/Aug/2016:09:05:04 +0100] "GET /blog/2015/11/04/4-top-tips-for-reducing-stress/ HTTP/1.0" 301 799 "-" "Domain Re-Animator Bot (http://domainreanimator.com) - support@domainreanimator.com"
162.158.254.22 - - [22/Aug/2016:09:05:07 +0100] "GET /blog/2012/01/09/kate-middletons-beauty-secret-revealed-organic-hair-dye/ HTTP/1.0" 301 780 "-" "Mozilla/5.0 (compatible; Baiduspider/2.0; +http://www.baidu.com/search/spider.html)"
78.129.161.54 - - [22/Aug/2016:09:05:40 +0100] "GET /blog/tag/excersize/feed/ HTTP/1.0" 301 753 "-" "Mozilla/5.0 (compatible; DotBot/1.1; http://www.opensiteexplorer.org/dotbot, help@moz.com)"
162.158.177.166 - - [22/Aug/2016:09:05:40 +0100] "GET /blog/tag/expert/ HTTP/1.0" 301 685 "-" "Mozilla/5.0 (compatible; Baiduspider/2.0; +http://www.baidu.com/search/spider.html)"
31.50.95.205 - - [22/Aug/2016:09:05:51 +0100] "GET /pages/rosacea-sensitive-skin-starter-kit-184?gclid=CMjRn-jH1M4CFVQ_GwodDyoBHg HTTP/1.0" 200 11129 "https://www.google.co.uk/" "Mozilla/5.0 (iPhone; CPU iPhone OS 9_3_4 like Mac OS X) AppleWebKit/601.1.46 (KHTML, like Gecko) Version/9.0 Mobile/13G35 Safari/601.1"
78.129.161.54 - - [22/Aug/2016:09:05:58 +0100] "GET /pages/rosacea-sensitive-skin-starter-kit-184?gclid=CMjRn-jH1M4CFVQ_GwodDyoBHg&setcountry=1&setcurrency=GBP HTTP/1.0" 302 782 "http://www.paiskincare.com/pages/rosacea-sensitive-skin-starter-kit-184?gclid=CMjRn-jH1M4CFVQ_GwodDyoBHg" "Mozilla/5.0 (iPhone; CPU iPhone OS 9_3_4 like Mac OS X) AppleWebKit/601.1.46 (KHTML, like Gecko) Version/9.0 Mobile/13G35 Safari/601.1"
78.129.161.54 - - [22/Aug/2016:09:05:58 +0100] "GET /pages/rosacea-sensitive-skin-starter-kit-184?gclid=CMjRn-jH1M4CFVQ_GwodDyoBHg&currency=GBP HTTP/1.0" 302 605 "http://www.paiskincare.com/pages/rosacea-sensitive-skin-starter-kit-184?gclid=CMjRn-jH1M4CFVQ_GwodDyoBHg" "Mozilla/5.0 (iPhone; CPU iPhone OS 9_3_4 like Mac OS X) AppleWebKit/601.1.46 (KHTML, like Gecko) Version/9.0 Mobile/13G35 Safari/601.1"
78.129.161.54 - - [22/Aug/2016:09:05:58 +0100] "GET /index.php?main_page=page&id=184&pos=v&chapter=0&gclid=CMjRn-jH1M4CFVQ_GwodDyoBHg HTTP/1.0" 200 40547 "http://www.paiskincare.com/pages/rosacea-sensitive-skin-starter-kit-184?gclid=CMjRn-jH1M4CFVQ_GwodDyoBHg" "Mozilla/5.0 (iPhone; CPU iPhone OS 9_3_4 like Mac OS X) AppleWebKit/601.1.46 (KHTML, like Gecko) Version/9.0 Mobile/13G35 Safari/601.1"
77.245.91.53 - - [22/Aug/2016:09:06:08 +0100] "HEAD / HTTP/1.0" 301 588 "-" "downnotifier.com monitoring"
78.129.161.54 - - [22/Aug/2016:09:06:24 +0100] "GET /blog/2012/11/06/new-royal-jasmine-may-chang-replenishing-body-oil/feed/ HTTP/1.0" 301 847 "-" "Mozilla/5.0 (compatible; DotBot/1.1; http://www.opensiteexplorer.org/dotbot, help@moz.com)"
192.241.221.11 - - [22/Aug/2016:09:06:26 +0100] "GET / HTTP/1.0" 301 652 "-" "Mozilla/5.0 (Windows NT 6.2; WOW64) AppleWebKit/537.4 (KHTML, like Gecko) Chrome/98 Safari/537.4 (StatusCake)"
77.245.91.53 - - [22/Aug/2016:09:06:29 +0100] "HEAD / HTTP/1.0" 200 587 "-" "downnotifier.com monitoring"
78.129.161.54 - - [22/Aug/2016:09:06:32 +0100] "GET /index.php?main_page=oembed&url=http://www.paiskincare.com/blog/2011/12/30/how-to-get-rid-of-hangnails/ HTTP/1.0" 200 666 "-" "Pinterest/0.2 (+http://www.pinterest.com/)"
78.129.161.54 - - [22/Aug/2016:09:06:32 +0100] "GET /blog/2011/12/30/how-to-get-rid-of-hangnails/ HTTP/1.0" 301 793 "-" "Pinterest/0.2 (+http://www.pinterest.com/)"
78.129.161.54 - - [22/Aug/2016:09:06:41 +0100] "GET /blog/tag/skin-irritation/ HTTP/1.0" 301 755 "-" "Mozilla/5.0 (compatible; DotBot/1.1; http://www.opensiteexplorer.org/dotbot, help@moz.com)"
78.129.161.54 - - [22/Aug/2016:09:06:50 +0100] "GET /blog/tag/ban/ HTTP/1.0" 301 731 "-" "Mozilla/5.0 (compatible; DotBot/1.1; http://www.opensiteexplorer.org/dotbot, help@moz.com)"
162.158.104.46 - - [22/Aug/2016:09:06:53 +0100] "GET /index.php?main_page=product_info&products_id=91&cPath=2 HTTP/1.0" 200 9335 "-" "Mozilla/5.0 (compatible; bingbot/2.0; +http://www.bing.com/bingbot.htm)"
162.158.57.154 - - [22/Aug/2016:09:07:05 +0100] "GET /blog/feed/ HTTP/1.0" 301 675 "-" "Mozilla/5.0 (Windows NT 6.1) AppleWebKit/537.36 (KHTML, like Gecko) Chrome/41.0.2228.0 Safari/537.36"
162.158.37.29 - - [22/Aug/2016:09:07:05 +0100] "GET /blog/feed/ HTTP/1.0" 301 675 "-" "Mozilla/5.0 (Windows NT 6.3; Win64; x64) AppleWebKit/537.36 (KHTML, like Gecko) Chrome/37.0.2049.0 Safari/537.36"
78.129.161.54 - - [22/Aug/2016:09:07:08 +0100] "GET /blog/tag/ad/ HTTP/1.0" 301 729 "-" "Mozilla/5.0 (compatible; DotBot/1.1; http://www.opensiteexplorer.org/dotbot, help@moz.com)"
217.46.72.246 - - [22/Aug/2016:09:07:08 +0100] "GET / HTTP/1.0" 200 9165 "-" "Mozilla/5.0 (Windows NT 10.0; WOW64; rv:48.0) Gecko/20100101 Firefox/48.0"
78.129.161.54 - - [22/Aug/2016:09:07:28 +0100] "GET /blog/tag/essential-fatty-acids/feed/ HTTP/1.0" 301 777 "-" "Mozilla/5.0 (compatible; DotBot/1.1; http://www.opensiteexplorer.org/dotbot, help@moz.com)"
92.73.199.209 - - [22/Aug/2016:09:07:35 +0100] "GET / HTTP/1.0" 200 9167 "-" "Mozilla/5.0 (iPad; CPU OS 9_3_4 like Mac OS X) AppleWebKit/601.1.46 (KHTML, like Gecko) Version/9.0 Mobile/13G35 Safari/601.1"
167.114.156.198 - - [22/Aug/2016:09:07:38 +0100] "GET /pages/whats-not-in-pai-45 HTTP/1.0" 301 525 "-" "Domain Re-Animator Bot (http://domainreanimator.com) - support@domainreanimator.com"
167.114.156.198 - - [22/Aug/2016:09:07:38 +0100] "GET /pages/what-s-not-in-pai-45 HTTP/1.0" 200 9699 "-" "Domain Re-Animator Bot (http://domainreanimator.com) - support@domainreanimator.com"
78.129.161.54 - - [22/Aug/2016:09:07:48 +0100] "GET /moisturizers-1/ HTTP/1.0" 301 469 "-" "Domain Re-Animator Bot (http://domainreanimator.com) - support@domainreanimator.com"
78.129.161.54 - - [22/Aug/2016:09:07:48 +0100] "GET /moisturisers-1/ HTTP/1.0" 200 34700 "-" "Domain Re-Animator Bot (http://domainreanimator.com) - support@domainreanimator.com"
78.129.161.54 - - [22/Aug/2016:09:08:00 +0100] "GET /blog/tag/skin-tips/ HTTP/1.0" 301 743 "-" "Mozilla/5.0 (compatible; DotBot/1.1; http://www.opensiteexplorer.org/dotbot, help@moz.com)"
78.129.161.54 - - [22/Aug/2016:09:08:06 +0100] "GET /blog/tag/elle/feed/ HTTP/1.0" 301 743 "-" "Mozilla/5.0 (compatible; DotBot/1.1; http://www.opensiteexplorer.org/dotbot, help@moz.com)"
78.129.161.54 - - [22/Aug/2016:09:08:09 +0100] "GET / HTTP/1.0" 200 30486 "-" "Mozilla/5.0 (iPad; CPU OS 9_3_4 like Mac OS X) AppleWebKit/601.1.46 (KHTML, like Gecko) Version/9.0 Mobile/13G35 Safari/601.1"
108.162.218.177 - - [22/Aug/2016:09:08:16 +0100] "GET /blog/feed/ HTTP/1.0" 301 675 "-" "Mozilla/5.0 (Macintosh; U; PPC Mac OS X; en-us) AppleWebKit/74 (KHTML, like Gecko) Safari/74"
78.129.161.54 - - [22/Aug/2016:09:08:18 +0100] "GET /blog/tag/care/feed/ HTTP/1.0" 301 743 "-" "Mozilla/5.0 (compatible; DotBot/1.1; http://www.opensiteexplorer.org/dotbot, help@moz.com)"
176.26.142.74 - - [22/Aug/2016:09:08:32 +0100] "GET / HTTP/1.0" 200 9166 "-" "Mozilla/5.0 (iPad; CPU OS 9_3_4 like Mac OS X) AppleWebKit/601.1.46 (KHTML, like Gecko) Version/9.0 Mobile/13G35 Safari/601.1"
178.62.106.84 - - [22/Aug/2016:09:08:39 +0100] "GET / HTTP/1.0" 301 652 "-" "Mozilla/5.0 (Windows NT 6.2; WOW64) AppleWebKit/537.4 (KHTML, like Gecko) Chrome/98 Safari/537.4 (StatusCake)"
178.62.106.84 - - [22/Aug/2016:09:08:45 +0100] "GET / HTTP/1.0" 200 9173 "http://paiskincare.com/" "Mozilla/5.0 (Windows NT 6.2; WOW64) AppleWebKit/537.4 (KHTML, like Gecko) Chrome/98 Safari/537.4 (StatusCake)"
78.129.161.54 - - [22/Aug/2016:09:08:50 +0100] "GET /signs-of-aging-26/ HTTP/1.0" 301 473 "-" "Domain Re-Animator Bot (http://domainreanimator.com) - support@domainreanimator.com"
78.129.161.54 - - [22/Aug/2016:09:08:50 +0100] "GET /signs-of-ageing-26/ HTTP/1.0" 200 38962 "-" "Domain Re-Animator Bot (http://domainreanimator.com) - support@domainreanimator.com"
141.101.70.126 - - [22/Aug/2016:09:09:08 +0100] "GET /blog/2014/01/29/what-is-rosacea-and-how-can-i-treat-it/ HTTP/1.0" 301 750 "-" "Mozilla/5.0 (Linux; Android 4.4.2; Lenovo A7600-F Build/KOT49H) AppleWebKit/537.36 (KHTML, like Gecko) Chrome/52.0.2743.98 Safari/537.36"
162.158.73.106 - - [22/Aug/2016:09:09:09 +0100] "GET /blog/feed/ HTTP/1.0" 301 675 "-" "Feedfetcher-Google; (+http://www.google.com/feedfetcher.html; 8 subscribers; feed-id=13137904713343856581)"
78.129.161.54 - - [22/Aug/2016:09:09:16 +0100] "GET /index.php?main_page=product_info&products_id=16 HTTP/1.0" 301 499 "-" "Domain Re-Animator Bot (http://domainreanimator.com) - support@domainreanimator.com"
162.158.76.130 - - [22/Aug/2016:09:09:11 +0100] "GET /index.php?main_page=oembed&url=http://europe.paiskincare.com/index.php?main_page=index&cPath=3 HTTP/1.0" 200 721 "-" "Pinterest/0.2 (+http://www.pinterest.com/)"
78.129.161.54 - - [22/Aug/2016:09:09:18 +0100] "GET /comfrey-calendula-calming-body-cream-200ml-16 HTTP/1.0" 200 40818 "-" "Domain Re-Animator Bot (http://domainreanimator.com) - support@domainreanimator.com"
78.129.161.54 - - [22/Aug/2016:09:09:21 +0100] "GET /blog/2012/07/16/spotlight-series-what-exactly-is-a-spot/ HTTP/1.0" 301 817 "-" "Mozilla/5.0 (compatible; DotBot/1.1; http://www.opensiteexplorer.org/dotbot, help@moz.com)"
78.129.161.54 - - [22/Aug/2016:09:09:53 +0100] "GET /pages/storage-shelf-life-51 HTTP/1.0" 200 30416 "-" "Domain Re-Animator Bot (http://domainreanimator.com) - support@domainreanimator.com"
78.129.161.54 - - [22/Aug/2016:09:10:05 +0100] "GET /pages/returning-items-153 HTTP/1.0" 200 33126 "-" "Domain Re-Animator Bot (http://domainreanimator.com) - support@domainreanimator.com"
78.129.161.54 - - [22/Aug/2016:09:10:07 +0100] "POST /index.php?main_page=product_info&cPath=1&number_of_uploads=0&action=add_product HTTP/1.0" 302 578 "http://www.paiskincare.com/index.php?main_page=page&id=184&pos=v&chapter=0&gclid=CMjRn-jH1M4CFVQ_GwodDyoBHg" "Mozilla/5.0 (iPhone; CPU iPhone OS 9_3_4 like Mac OS X) AppleWebKit/601.1.46 (KHTML, like Gecko) Version/9.0 Mobile/13G35 Safari/601.1"
78.129.161.54 - - [22/Aug/2016:09:10:07 +0100] "GET /index.php?main_page=shopping_cart&number_of_uploads=0 HTTP/1.0" 200 33644 "http://www.paiskincare.com/index.php?main_page=page&id=184&pos=v&chapter=0&gclid=CMjRn-jH1M4CFVQ_GwodDyoBHg" "Mozilla/5.0 (iPhone; CPU iPhone OS 9_3_4 like Mac OS X) AppleWebKit/601.1.46 (KHTML, like Gecko) Version/9.0 Mobile/13G35 Safari/601.1"
78.129.161.54 - - [22/Aug/2016:09:10:08 +0100] "GET / HTTP/1.0" 301 607 "-" "Mozilla/5.0 (Windows NT 6.2; WOW64) AppleWebKit/537.4 (KHTML, like Gecko) Chrome/98 Safari/537.4 (StatusCake)"
78.129.161.54 - - [22/Aug/2016:09:10:09 +0100] "GET /index.php?main_page=index&cpath=35&sort=20a HTTP/1.0" 200 31116 "-" "Domain Re-Animator Bot (http://domainreanimator.com) - support@domainreanimator.com"
178.62.40.233 - - [22/Aug/2016:09:10:09 +0100] "GET / HTTP/1.0" 200 9174 "http://paiskincare.com/" "Mozilla/5.0 (Windows NT 6.2; WOW64) AppleWebKit/537.4 (KHTML, like Gecko) Chrome/98 Safari/537.4 (StatusCake)"
107.170.240.141 - - [22/Aug/2016:09:10:10 +0100] "GET / HTTP/1.0" 301 652 "-" "Mozilla/5.0 (Windows NT 6.2; WOW64) AppleWebKit/537.4 (KHTML, like Gecko) Chrome/98 Safari/537.4 (StatusCake)"
78.129.161.54 - - [22/Aug/2016:09:10:11 +0100] "GET / HTTP/1.0" 200 30671 "-" "Mozilla/5.0 (Windows NT 10.0; Win64; x64) AppleWebKit/537.36 (KHTML, like Gecko) Chrome/46.0.2486.0 Safari/537.36 Edge/13.10586"
107.170.240.141 - - [22/Aug/2016:09:10:12 +0100] "GET / HTTP/1.0" 200 9172 "http://paiskincare.com/" "Mozilla/5.0 (Windows NT 6.2; WOW64) AppleWebKit/537.4 (KHTML, like Gecko) Chrome/98 Safari/537.4 (StatusCake)"
78.129.161.54 - - [22/Aug/2016:09:10:20 +0100] "GET /pages/a-z-of-ingredients-46 HTTP/1.0" 200 34346 "http://www.paiskincare.com/" "Mozilla/5.0 (Windows NT 10.0; Win64; x64) AppleWebKit/537.36 (KHTML, like Gecko) Chrome/46.0.2486.0 Safari/537.36 Edge/13.10586"
78.129.161.54 - - [22/Aug/2016:09:10:20 +0100] "GET /index.php?main_page=cookie_usage HTTP/1.0" 200 31988 "-" "Domain Re-Animator Bot (http://domainreanimator.com) - support@domainreanimator.com"
78.129.161.54 - - [22/Aug/2016:09:10:33 +0100] "GET /anti-redness-hypersensitive-18/ HTTP/1.0" 200 38758 "http://www.paiskincare.com/pages/a-z-of-ingredients-46" "Mozilla/5.0 (Windows NT 10.0; Win64; x64) AppleWebKit/537.36 (KHTML, like Gecko) Chrome/46.0.2486.0 Safari/537.36 Edge/13.10586"
108.162.244.96 - - [22/Aug/2016:09:10:50 +0100] "GET /blog/tag/delicously-ella/ HTTP/1.0" 301 701 "-" "Mozilla/5.0 (compatible; DotBot/1.1; http://www.opensiteexplorer.org/dotbot, help@moz.com)"
78.129.161.54 - - [22/Aug/2016:09:10:59 +0100] "GET /blog/2014/11/21/life-at-pai-2/feed/ HTTP/1.0" 301 775 "-" "Mozilla/5.0 (compatible; DotBot/1.1; http://www.opensiteexplorer.org/dotbot, help@moz.com)"
5.158.217.162 - - [22/Aug/2016:09:11:15 +0100] "GET / HTTP/1.0" 200 9172 "https://www.google.es/" "Mozilla/5.0 (Windows NT 6.1; Win64; x64) AppleWebKit/537.36 (KHTML, like Gecko) Chrome/52.0.2743.116 Safari/537.36"
185.60.135.86 - - [22/Aug/2016:09:11:16 +0100] "GET / HTTP/1.0" 301 652 "-" "Mozilla/5.0 (Windows NT 6.2; WOW64) AppleWebKit/537.4 (KHTML, like Gecko) Chrome/98 Safari/537.4 (StatusCake)"
185.60.135.86 - - [22/Aug/2016:09:11:18 +0100] "GET / HTTP/1.0" 200 9174 "http://paiskincare.com/" "Mozilla/5.0 (Windows NT 6.2; WOW64) AppleWebKit/537.4 (KHTML, like Gecko) Chrome/98 Safari/537.4 (StatusCake)"
78.129.161.54 - - [22/Aug/2016:09:11:24 +0100] "GET /blog/2012/03/21/discover-the-secret-to-skin-confidence-at-the-vitality-show-2012/ HTTP/1.0" 301 867 "-" "Mozilla/5.0 (compatible; DotBot/1.1; http://www.opensiteexplorer.org/dotbot, help@moz.com)"
93.97.100.191 - - [22/Aug/2016:09:11:45 +0100] "GET / HTTP/1.0" 200 9164 "-" "Mozilla/5.0 (Macintosh; Intel Mac OS X 10_11_3) AppleWebKit/601.4.4 (KHTML, like Gecko) Version/9.0.3 Safari/601.4.4"
78.129.161.54 - - [22/Aug/2016:09:11:55 +0100] "GET /signs-of-ageing-26/ HTTP/1.0" 200 39013 "http://www.paiskincare.com/anti-redness-hypersensitive-18/" "Mozilla/5.0 (Windows NT 10.0; Win64; x64) AppleWebKit/537.36 (KHTML, like Gecko) Chrome/46.0.2486.0 Safari/537.36 Edge/13.10586"
157.55.39.200 - - [22/Aug/2016:09:12:02 +0100] "GET /pages/pai-affiliate-program-earn-10-commission-on-referred-sales-142 HTTP/1.0" 200 9160 "-" "msnbot-media/1.1 (+http://search.msn.com/msnbot.htm)"
78.129.161.54 - - [22/Aug/2016:09:12:32 +0100] "GET / HTTP/1.0" 301 607 "-" "Mozilla/5.0 (Windows NT 6.2; WOW64) AppleWebKit/537.4 (KHTML, like Gecko) Chrome/98 Safari/537.4 (StatusCake)"
78.129.161.54 - - [22/Aug/2016:09:12:32 +0100] "GET / HTTP/1.0" 200 30692 "http://paiskincare.com/" "Mozilla/5.0 (Windows NT 6.2; WOW64) AppleWebKit/537.4 (KHTML, like Gecko) Chrome/98 Safari/537.4 (StatusCake)"
162.158.57.154 - - [22/Aug/2016:09:12:39 +0100] "GET /blog/feed/ HTTP/1.0" 301 675 "-" "Mozilla/5.0 (Windows NT 6.1) AppleWebKit/537.36 (KHTML, like Gecko) Chrome/41.0.2228.0 Safari/537.36"
78.129.161.54 - - [22/Aug/2016:09:12:48 +0100] "GET /psoriasis-24/ HTTP/1.0" 200 34104 "http://www.paiskincare.com/signs-of-ageing-26/" "Mozilla/5.0 (Windows NT 10.0; Win64; x64) AppleWebKit/537.36 (KHTML, like Gecko) Chrome/46.0.2486.0 Safari/537.36 Edge/13.10586"
183.89.45.92 - - [22/Aug/2016:09:12:59 +0100] "GET /muslin-face-cloth-pack-of-91 HTTP/1.0" 200 9608 "https://www.google.co.th/" "Mozilla/5.0 (Windows NT 6.1; WOW64) AppleWebKit/537.36 (KHTML, like Gecko) Chrome/52.0.2743.116 Safari/537.36"
68.180.228.155 - - [22/Aug/2016:09:13:14 +0100] "GET / HTTP/1.0" 200 8985 "-" "Mozilla/5.0 (compatible; Yahoo! Slurp; http://help.yahoo.com/help/us/ysearch/slurp)"
162.158.104.136 - - [22/Aug/2016:09:13:41 +0100] "GET /blog/2013/03/13/diet-focus-dairy-free HTTP/1.0" 301 717 "-" "msnbot-media/1.1 (+http://search.msn.com/msnbot.htm)"
78.129.161.54 - - [22/Aug/2016:09:13:49 +0100] "GET /pages/news.htm HTTP/1.0" 404 1345 "-" "Domain Re-Animator Bot (http://domainreanimator.com) - support@domainreanimator.com"
78.129.161.54 - - [22/Aug/2016:09:13:50 +0100] "GET /pages/observer-future-66 HTTP/1.0" 200 30924 "-" "Domain Re-Animator Bot (http://domainreanimator.com) - support@domainreanimator.com"
78.129.161.54 - - [22/Aug/2016:09:13:53 +0100] "GET /index.php?main_page=index&cpath=18 HTTP/1.0" 200 30869 "-" "Domain Re-Animator Bot (http://domainreanimator.com) - support@domainreanimator.com"
78.129.161.54 - - [22/Aug/2016:09:13:56 +0100] "GET /blog/2013/11/25/new-improved-echium-macadamia-replenishing-day-cream/ HTTP/1.0" 301 843 "-" "Domain Re-Animator Bot (http://domainreanimator.com) - support@domainreanimator.com"
78.129.161.54 - - [22/Aug/2016:09:13:58 +0100] "GET /echium-macadamia-replenishing-day-cream-4 HTTP/1.0" 200 40713 "-" "Domain Re-Animator Bot (http://domainreanimator.com) - support@domainreanimator.com"
78.129.161.54 - - [22/Aug/2016:09:14:01 +0100] "GET /index.php?main_page=product_info&cpath=1&products_id=2 HTTP/1.0" 200 42546 "-" "Domain Re-Animator Bot (http://domainreanimator.com) - support@domainreanimator.com"
78.129.161.54 - - [22/Aug/2016:09:14:02 +0100] "GET /chamomile-rosehip-calming-day-cream-2 HTTP/1.0" 200 42315 "-" "Domain Re-Animator Bot (http://domainreanimator.com) - support@domainreanimator.com"
78.129.161.54 - - [22/Aug/2016:09:14:05 +0100] "GET /avocado-jojoba-hydrating-day-cream-1 HTTP/1.0" 200 38550 "-" "Domain Re-Animator Bot (http://domainreanimator.com) - support@domainreanimator.com"
78.129.161.54 - - [22/Aug/2016:09:14:08 +0100] "GET /apple-mallow-blossom-face-body-cream-93 HTTP/1.0" 200 37174 "-" "Domain Re-Animator Bot (http://domainreanimator.com) - support@domainreanimator.com"
78.129.161.54 - - [22/Aug/2016:09:14:11 +0100] "GET /petit-pai-try-me-set-94 HTTP/1.0" 200 36650 "-" "Domain Re-Animator Bot (http://domainreanimator.com) - support@domainreanimator.com"
78.129.161.54 - - [22/Aug/2016:09:14:13 +0100] "GET /index.php?main_page=product_info&cpath=6&products_id=12 HTTP/1.0" 404 31330 "-" "Domain Re-Animator Bot (http://domainreanimator.com) - support@domainreanimator.com"
78.129.161.54 - - [22/Aug/2016:09:14:16 +0100] "GET /index.php?main_page=index&cpath=1 HTTP/1.0" 200 30814 "-" "Domain Re-Animator Bot (http://domainreanimator.com) - support@domainreanimator.com"
78.129.161.54 - - [22/Aug/2016:09:14:17 +0100] "GET /index.php?main_page=product_info&cpath=2&products_id=26 HTTP/1.0" 200 37778 "-" "Domain Re-Animator Bot (http://domainreanimator.com) - support@domainreanimator.com"
78.129.161.54 - - [22/Aug/2016:09:14:19 +0100] "GET /sea-aster-wild-oat-instant-calm-redness-serum-49 HTTP/1.0" 200 40853 "-" "Domain Re-Animator Bot (http://domainreanimator.com) - support@domainreanimator.com"
78.129.161.54 - - [22/Aug/2016:09:14:22 +0100] "GET /copaiba-zinc-perfect-balance-blemish-serum-50 HTTP/1.0" 200 40382 "-" "Domain Re-Animator Bot (http://domainreanimator.com) - support@domainreanimator.com"
193.182.144.147 - - [22/Aug/2016:09:14:23 +0100] "GET / HTTP/1.0" 301 652 "-" "Mozilla/5.0 (Windows NT 6.2; WOW64) AppleWebKit/537.4 (KHTML, like Gecko) Chrome/98 Safari/537.4 (StatusCake)"
78.129.161.54 - - [22/Aug/2016:09:14:24 +0100] "GET /echium-amaranth-age-confidence-facial-oil-42 HTTP/1.0" 200 39429 "-" "Domain Re-Animator Bot (http://domainreanimator.com) - support@domainreanimator.com"
193.182.144.147 - - [22/Aug/2016:09:14:26 +0100] "GET / HTTP/1.0" 200 9173 "http://paiskincare.com/" "Mozilla/5.0 (Windows NT 6.2; WOW64) AppleWebKit/537.4 (KHTML, like Gecko) Chrome/98 Safari/537.4 (StatusCake)"
167.114.156.198 - - [22/Aug/2016:09:14:27 +0100] "GET /rosehip-bioregenerate-rapid-radiance-mask-72 HTTP/1.0" 301 543 "-" "Domain Re-Animator Bot (http://domainreanimator.com) - support@domainreanimator.com"
78.129.161.54 - - [22/Aug/2016:09:14:27 +0100] "GET /rosehip-bioregenerate-rapid-radiance-mask-72 HTTP/1.0" 200 39279 "-" "Domain Re-Animator Bot (http://domainreanimator.com) - support@domainreanimator.com"
78.129.161.54 - - [22/Aug/2016:09:14:29 +0100] "GET /copaiba-deep-cleanse-aha-mask-73 HTTP/1.0" 301 486 "-" "Domain Re-Animator Bot (http://domainreanimator.com) - support@domainreanimator.com"
78.129.161.54 - - [22/Aug/2016:09:14:29 +0100] "GET /copaiba-deep-cleanse-aha-mask-73 HTTP/1.0" 200 38951 "-" "Domain Re-Animator Bot (http://domainreanimator.com) - support@domainreanimator.com"
78.129.161.54 - - [22/Aug/2016:09:14:30 +0100] "GET /blog/2015/04/02/our-exclusive-guided-meditation-with-nadia-narain HTTP/1.0" 301 835 "-" "Domain Re-Animator Bot (http://domainreanimator.com) - support@domainreanimator.com"
78.129.161.54 - - [22/Aug/2016:09:14:32 +0100] "GET /blog/2015/04/02/the-science-behind-meditation/ HTTP/1.0" 301 797 "-" "Domain Re-Animator Bot (http://domainreanimator.com) - support@domainreanimator.com"
78.129.161.54 - - [22/Aug/2016:09:14:34 +0100] "GET /blog/2015/04/02/the-ultimate-at-home-facial-guide HTTP/1.0" 301 803 "-" "Domain Re-Animator Bot (http://domainreanimator.com) - support@domainreanimator.com"
78.129.161.54 - - [22/Aug/2016:09:14:36 +0100] "GET /pages/guided-meditation-by-nadia-narain-171 HTTP/1.0" 200 39224 "-" "Domain Re-Animator Bot (http://domainreanimator.com) - support@domainreanimator.com"
162.158.177.136 - - [22/Aug/2016:09:14:38 +0100] "GET /blog/2011/08/ HTTP/1.0" 301 681 "-" "Mozilla/5.0 (compatible; Baiduspider/2.0; +http://www.baidu.com/search/spider.html)"
78.129.161.54 - - [22/Aug/2016:09:14:39 +0100] "GET /fragonia-sea-buckthorn-instant-hand-therapy-cream-20 HTTP/1.0" 200 36905 "-" "Domain Re-Animator Bot (http://domainreanimator.com) - support@domainreanimator.com"
78.129.161.54 - - [22/Aug/2016:09:14:41 +0100] "GET /pomegranate-pumpkin-seed-stretch-mark-system-34 HTTP/1.0" 200 40733 "-" "Domain Re-Animator Bot (http://domainreanimator.com) - support@domainreanimator.com"
78.129.161.54 - - [22/Aug/2016:09:14:44 +0100] "GET /limited-edition-rosehip-bioregenerate-oil-86 HTTP/1.0" 200 40069 "-" "Domain Re-Animator Bot (http://domainreanimator.com) - support@domainreanimator.com"
78.129.161.54 - - [22/Aug/2016:09:14:47 +0100] "GET /echium-collection-bedtime-beauty-essentials-44 HTTP/1.0" 200 39243 "-" "Domain Re-Animator Bot (http://domainreanimator.com) - support@domainreanimator.com"
78.129.161.54 - - [22/Aug/2016:09:14:50 +0100] "GET /gift-wrap-service-10 HTTP/1.0" 200 33139 "-" "Domain Re-Animator Bot (http://domainreanimator.com) - support@domainreanimator.com"
78.129.161.54 - - [22/Aug/2016:09:14:52 +0100] "GET /gift-card-63 HTTP/1.0" 200 33665 "-" "Domain Re-Animator Bot (http://domainreanimator.com) - support@domainreanimator.com"
78.129.161.54 - - [22/Aug/2016:09:14:55 +0100] "GET /index.php?main_page=index&cPath=35&sort=20a HTTP/1.0" 301 538 "http://www.paiskincare.com/" "Mozilla/5.0 (Macintosh; Intel Mac OS X 10_11_3) AppleWebKit/601.4.4 (KHTML, like Gecko) Version/9.0.3 Safari/601.4.4"
78.129.161.54 - - [22/Aug/2016:09:14:55 +0100] "GET /petit-pai-35/ HTTP/1.0" 200 34273 "http://www.paiskincare.com/" "Mozilla/5.0 (Macintosh; Intel Mac OS X 10_11_3) AppleWebKit/601.4.4 (KHTML, like Gecko) Version/9.0.3 Safari/601.4.4"
78.129.161.54 - - [22/Aug/2016:09:14:55 +0100] "GET /index.php?main_page=index&cpath=29 HTTP/1.0" 200 30825 "-" "Domain Re-Animator Bot (http://domainreanimator.com) - support@domainreanimator.com"
78.129.161.54 - - [22/Aug/2016:09:14:57 +0100] "GET /anywhere-essentials-travel-kit-instant-calm-collection-45 HTTP/1.0" 200 40850 "-" "Domain Re-Animator Bot (http://domainreanimator.com) - support@domainreanimator.com"
78.129.161.54 - - [22/Aug/2016:09:15:00 +0100] "GET /anywhere-essentials-travel-kit-perfect-balance-collection-46 HTTP/1.0" 200 40375 "-" "Domain Re-Animator Bot (http://domainreanimator.com) - support@domainreanimator.com"
78.129.161.54 - - [22/Aug/2016:09:15:03 +0100] "GET /petit-pai-try-me-set-94 HTTP/1.0" 200 36701 "http://www.paiskincare.com/petit-pai-35/" "Mozilla/5.0 (Macintosh; Intel Mac OS X 10_11_3) AppleWebKit/601.4.4 (KHTML, like Gecko) Version/9.0.3 Safari/601.4.4"
78.129.161.54 - - [22/Aug/2016:09:15:03 +0100] "GET /anywhere-essentials-travel-kit-pure-hydration-collection-47 HTTP/1.0" 200 40954 "-" "Domain Re-Animator Bot (http://domainreanimator.com) - support@domainreanimator.com"
78.129.161.54 - - [22/Aug/2016:09:15:07 +0100] "GET /anywhere-essentials-travel-kit-age-confidence-collection-48 HTTP/1.0" 200 40764 "-" "Domain Re-Animator Bot (http://domainreanimator.com) - support@domainreanimator.com"
78.129.161.54 - - [22/Aug/2016:09:15:09 +0100] "GET /index.php?main_page=product_info&cpath=18&products_id=5 HTTP/1.0" 404 31330 "-" "Domain Re-Animator Bot (http://domainreanimator.com) - support@domainreanimator.com"
78.129.161.54 - - [22/Aug/2016:09:15:12 +0100] "GET /index.php?main_page=product_info&cpath=18&products_id=25 HTTP/1.0" 404 31341 "-" "Domain Re-Animator Bot (http://domainreanimator.com) - support@domainreanimator.com"
162.158.76.64 - - [22/Aug/2016:09:15:13 +0100] "HEAD /blog/feed/ HTTP/1.0" 301 387 "-" "Slackbot 1.0 (+https://api.slack.com/robots)"
162.158.76.238 - - [22/Aug/2016:09:15:14 +0100] "GET /blog/feed/ HTTP/1.0" 301 675 "-" "Slackbot 1.0 (+https://api.slack.com/robots)"
78.129.161.54 - - [22/Aug/2016:09:15:14 +0100] "GET /index.php?main_page=product_info&cpath=18&products_id=2 HTTP/1.0" 404 31330 "-" "Domain Re-Animator Bot (http://domainreanimator.com) - support@domainreanimator.com"
78.129.161.54 - - [22/Aug/2016:09:15:17 +0100] "GET /index.php?main_page=product_info&cpath=18&products_id=22 HTTP/1.0" 404 31341 "-" "Domain Re-Animator Bot (http://domainreanimator.com) - support@domainreanimator.com"
78.129.161.54 - - [22/Aug/2016:09:15:20 +0100] "GET /index.php?main_page=product_info&cpath=18&products_id=32 HTTP/1.0" 404 31341 "-" "Domain Re-Animator Bot (http://domainreanimator.com) - support@domainreanimator.com"
78.129.161.54 - - [22/Aug/2016:09:15:22 +0100] "GET /index.php?main_page=product_info&cpath=18&products_id=49 HTTP/1.0" 404 31341 "-" "Domain Re-Animator Bot (http://domainreanimator.com) - support@domainreanimator.com"
78.129.161.54 - - [22/Aug/2016:09:15:25 +0100] "GET /index.php?main_page=product_info&cpath=19&products_id=26 HTTP/1.0" 404 31341 "-" "Domain Re-Animator Bot (http://domainreanimator.com) - support@domainreanimator.com"
78.129.161.54 - - [22/Aug/2016:09:15:27 +0100] "GET /muslin-face-cloth-pack-of-91 HTTP/1.0" 200 34052 "https://www.google.co.th/" "Mozilla/5.0 (Windows NT 6.1; WOW64) AppleWebKit/537.36 (KHTML, like Gecko) Chrome/52.0.2743.116 Safari/537.36"
78.129.161.54 - - [22/Aug/2016:09:15:27 +0100] "GET /index.php?main_page=product_info&cpath=19&products_id=3 HTTP/1.0" 404 31330 "-" "Domain Re-Animator Bot (http://domainreanimator.com) - support@domainreanimator.com"
