78.129.161.54 - - [22/Aug/2016:09:15:31 +0100] "GET /index.php?main_page=product_info&cpath=19&products_id=22 HTTP/1.0" 404 31341 "-" "Domain Re-Animator Bot (http://domainreanimator.com) - support@domainreanimator.com"
78.129.161.54 - - [22/Aug/2016:09:15:34 +0100] "GET /index.php?main_page=product_info&cpath=19&products_id=50 HTTP/1.0" 404 31341 "-" "Domain Re-Animator Bot (http://domainreanimator.com) - support@domainreanimator.com"
78.129.161.54 - - [22/Aug/2016:09:15:35 +0100] "GET /apple-mallow-blossom-face-body-cream-93 HTTP/1.0" 200 37225 "http://www.paiskincare.com/petit-pai-35/" "Mozilla/5.0 (Macintosh; Intel Mac OS X 10_11_3) AppleWebKit/601.4.4 (KHTML, like Gecko) Version/9.0.3 Safari/601.4.4"
78.129.161.54 - - [22/Aug/2016:09:15:36 +0100] "GET /index.php?main_page=product_info&cpath=19&products_id=73 HTTP/1.0" 404 31341 "-" "Domain Re-Animator Bot (http://domainreanimator.com) - support@domainreanimator.com"
78.129.161.54 - - [22/Aug/2016:09:15:36 +0100] "GET /muslin-face-cloth-pack-of-91?setcountry=1&setcurrency=GBP HTTP/1.0" 302 733 "http://www.paiskincare.com/muslin-face-cloth-pack-of-91" "Mozilla/5.0 (Windows NT 6.1; WOW64) AppleWebKit/537.36 (KHTML, like Gecko) Chrome/52.0.2743.116 Safari/537.36"
78.129.161.54 - - [22/Aug/2016:09:15:37 +0100] "GET /muslin-face-cloth-pack-of-91?currency=GBP HTTP/1.0" 302 572 "http://www.paiskincare.com/muslin-face-cloth-pack-of-91" "Mozilla/5.0 (Windows NT 6.1; WOW64) AppleWebKit/537.36 (KHTML, like Gecko) Chrome/52.0.2743.116 Safari/537.36"
78.129.161.54 - - [22/Aug/2016:09:15:38 +0100] "GET /index.php?main_page=product_info&products_id=91 HTTP/1.0" 301 553 "http://www.paiskincare.com/muslin-face-cloth-pack-of-91" "Mozilla/5.0 (Windows NT 6.1; WOW64) AppleWebKit/537.36 (KHTML, like Gecko) Chrome/52.0.2743.116 Safari/537.36"
78.129.161.54 - - [22/Aug/2016:09:15:38 +0100] "GET /muslin-face-cloth-pack-of-91 HTTP/1.0" 200 34021 "http://www.paiskincare.com/muslin-face-cloth-pack-of-91" "Mozilla/5.0 (Windows NT 6.1; WOW64) AppleWebKit/537.36 (KHTML, like Gecko) Chrome/52.0.2743.116 Safari/537.36"
78.129.161.54 - - [22/Aug/2016:09:15:39 +0100] "GET /index.php?main_page=product_info&cpath=1&products_id=1 HTTP/1.0" 404 31319 "-" "Domain Re-Animator Bot (http://domainreanimator.com) - support@domainreanimator.com"
78.129.161.54 - - [22/Aug/2016:09:15:41 +0100] "GET /index.php?main_page=product_info&cpath=1&products_id=22 HTTP/1.0" 404 31330 "-" "Domain Re-Animator Bot (http://domainreanimator.com) - support@domainreanimator.com"
78.129.161.54 - - [22/Aug/2016:09:15:44 +0100] "GET /index.php?main_page=product_info&cpath=3&products_id=7 HTTP/1.0" 404 31319 "-" "Domain Re-Animator Bot (http://domainreanimator.com) - support@domainreanimator.com"
78.129.161.54 - - [22/Aug/2016:09:15:49 +0100] "GET /rosehip-bioregenerate-fruit-seed-oil-blend-22 HTTP/1.0" 301 482 "-" "Domain Re-Animator Bot (http://domainreanimator.com) - support@domainreanimator.com"
78.129.161.54 - - [22/Aug/2016:09:15:50 +0100] "GET /rosehip-bioregenerate-oil-22 HTTP/1.0" 200 40009 "-" "Domain Re-Animator Bot (http://domainreanimator.com) - support@domainreanimator.com"
78.129.161.54 - - [22/Aug/2016:09:15:56 +0100] "GET /facial-oils-serums-29/ HTTP/1.0" 200 35169 "http://www.paiskincare.com/muslin-face-cloth-pack-of-91" "Mozilla/5.0 (Windows NT 6.1; WOW64) AppleWebKit/537.36 (KHTML, like Gecko) Chrome/52.0.2743.116 Safari/537.36"
78.129.161.54 - - [22/Aug/2016:09:16:01 +0100] "GET /muslin-face-cloth-pack-of-91 HTTP/1.0" 200 34021 "http://www.paiskincare.com/muslin-face-cloth-pack-of-91" "Mozilla/5.0 (Windows NT 6.1; WOW64) AppleWebKit/537.36 (KHTML, like Gecko) Chrome/52.0.2743.116 Safari/537.36"
192.241.221.11 - - [22/Aug/2016:09:16:01 +0100] "GET / HTTP/1.0" 301 652 "-" "Mozilla/5.0 (Windows NT 6.2; WOW64) AppleWebKit/537.4 (KHTML, like Gecko) Chrome/98 Safari/537.4 (StatusCake)"
78.129.161.54 - - [22/Aug/2016:09:16:04 +0100] "GET /comfrey-calendula-calming-body-cream-16 HTTP/1.0" 301 499 "-" "Domain Re-Animator Bot (http://domainreanimator.com) - support@domainreanimator.com"
78.129.161.54 - - [22/Aug/2016:09:16:04 +0100] "GET /comfrey-calendula-calming-body-cream-200ml-16 HTTP/1.0" 200 40818 "-" "Domain Re-Animator Bot (http://domainreanimator.com) - support@domainreanimator.com"
192.241.221.11 - - [22/Aug/2016:09:16:06 +0100] "GET / HTTP/1.0" 200 9173 "http://paiskincare.com/" "Mozilla/5.0 (Windows NT 6.2; WOW64) AppleWebKit/537.4 (KHTML, like Gecko) Chrome/98 Safari/537.4 (StatusCake)"
78.129.161.54 - - [22/Aug/2016:09:16:07 +0100] "GET /index.php?main_page=product_info&cpath=25&products_id=72 HTTP/1.0" 404 31341 "-" "Domain Re-Animator Bot (http://domainreanimator.com) - support@domainreanimator.com"
91.207.110.21 - - [22/Aug/2016:09:16:08 +0100] "GET / HTTP/1.0" 200 8985 "-" "Xenu Link Sleuth/1.3.8"
78.129.161.54 - - [22/Aug/2016:09:16:09 +0100] "GET /index.php?main_page=product_info&cpath=5&products_id=86 HTTP/1.0" 404 31330 "-" "Domain Re-Animator Bot (http://domainreanimator.com) - support@domainreanimator.com"
78.129.161.54 - - [22/Aug/2016:09:16:12 +0100] "GET /index.php?main_page=product_info&cpath=25&products_id=32 HTTP/1.0" 404 31341 "-" "Domain Re-Animator Bot (http://domainreanimator.com) - support@domainreanimator.com"
78.129.161.54 - - [22/Aug/2016:09:16:14 +0100] "GET /index.php?main_page=product_info&cpath=29&products_id=22 HTTP/1.0" 404 31341 "-" "Domain Re-Animator Bot (http://domainreanimator.com) - support@domainreanimator.com"
78.129.161.54 - - [22/Aug/2016:09:16:15 +0100] "GET /index.php?main_page=page&id=52&pos=v&chapter=0 HTTP/1.0" 301 554 "http://www.paiskincare.com/muslin-face-cloth-pack-of-91" "Mozilla/5.0 (Windows NT 6.1; WOW64) AppleWebKit/537.36 (KHTML, like Gecko) Chrome/52.0.2743.116 Safari/537.36"
78.129.161.54 - - [22/Aug/2016:09:16:15 +0100] "GET /pages/delivery-information-52 HTTP/1.0" 200 30703 "http://www.paiskincare.com/muslin-face-cloth-pack-of-91" "Mozilla/5.0 (Windows NT 6.1; WOW64) AppleWebKit/537.36 (KHTML, like Gecko) Chrome/52.0.2743.116 Safari/537.36"
78.129.161.54 - - [22/Aug/2016:09:16:17 +0100] "GET /index.php?main_page=product_info&cpath=1&products_id=3 HTTP/1.0" 404 31319 "-" "Domain Re-Animator Bot (http://domainreanimator.com) - support@domainreanimator.com"
78.129.161.54 - - [22/Aug/2016:09:16:20 +0100] "GET /index.php?main_page=product_info&cpath=29&products_id=50 HTTP/1.0" 404 31341 "-" "Domain Re-Animator Bot (http://domainreanimator.com) - support@domainreanimator.com"
78.129.161.54 - - [22/Aug/2016:09:16:22 +0100] "GET /index.php?main_page=product_info&cpath=17&products_id=20 HTTP/1.0" 404 31341 "-" "Domain Re-Animator Bot (http://domainreanimator.com) - support@domainreanimator.com"
78.129.161.54 - - [22/Aug/2016:09:16:25 +0100] "GET /index.php?main_page=product_info&cpath=2&products_id=25 HTTP/1.0" 404 31330 "-" "Domain Re-Animator Bot (http://domainreanimator.com) - support@domainreanimator.com"
78.129.161.54 - - [22/Aug/2016:09:16:27 +0100] "GET /masks-exfoliators-25/ HTTP/1.0" 200 33860 "http://www.paiskincare.com/pages/delivery-information-52" "Mozilla/5.0 (Windows NT 6.1; WOW64) AppleWebKit/537.36 (KHTML, like Gecko) Chrome/52.0.2743.116 Safari/537.36"
78.129.161.54 - - [22/Aug/2016:09:16:27 +0100] "GET /index.php?main_page=product_info&cpath=17&products_id=34 HTTP/1.0" 404 31341 "-" "Domain Re-Animator Bot (http://domainreanimator.com) - support@domainreanimator.com"
78.129.161.54 - - [22/Aug/2016:09:16:32 +0100] "GET /rosehip-bioregenerate-rapid-radiance-mask-72 HTTP/1.0" 200 39330 "http://www.paiskincare.com/masks-exfoliators-25/" "Mozilla/5.0 (Windows NT 6.1; WOW64) AppleWebKit/537.36 (KHTML, like Gecko) Chrome/52.0.2743.116 Safari/537.36"
78.129.161.54 - - [22/Aug/2016:09:16:38 +0100] "POST /index.php?main_page=product_info&products_id=72&cPath=25&number_of_uploads=0&action=add_product HTTP/1.0" 302 578 "http://www.paiskincare.com/rosehip-bioregenerate-rapid-radiance-mask-72" "Mozilla/5.0 (Windows NT 6.1; WOW64) AppleWebKit/537.36 (KHTML, like Gecko) Chrome/52.0.2743.116 Safari/537.36"
78.129.161.54 - - [22/Aug/2016:09:16:39 +0100] "GET /index.php?main_page=shopping_cart&number_of_uploads=0 HTTP/1.0" 200 33888 "http://www.paiskincare.com/rosehip-bioregenerate-rapid-radiance-mask-72" "Mozilla/5.0 (Windows NT 6.1; WOW64) AppleWebKit/537.36 (KHTML, like Gecko) Chrome/52.0.2743.116 Safari/537.36"
80.193.83.34 - - [22/Aug/2016:09:17:06 +0100] "GET /pages/about-pai-1 HTTP/1.0" 200 9089 "http://www.paiskincare.com/psoriasis-24/" "Mozilla/5.0 (Windows NT 10.0; Win64; x64) AppleWebKit/537.36 (KHTML, like Gecko) Chrome/46.0.2486.0 Safari/537.36 Edge/13.10586"
78.129.161.54 - - [22/Aug/2016:09:17:09 +0100] "GET /pages/about-pai-1 HTTP/1.0" 200 31686 "http://www.paiskincare.com/pages/about-pai-1" "Mozilla/5.0 (Windows NT 10.0; Win64; x64) AppleWebKit/537.36 (KHTML, like Gecko) Chrome/46.0.2486.0 Safari/537.36 Edge/13.10586"
78.129.161.54 - - [22/Aug/2016:09:17:09 +0100] "GET /pages/about-pai-1 HTTP/1.0" 200 31686 "http://www.paiskincare.com/pages/about-pai-1" "Mozilla/5.0 (Windows NT 10.0; Win64; x64) AppleWebKit/537.36 (KHTML, like Gecko) Chrome/46.0.2486.0 Safari/537.36 Edge/13.10586"
78.129.161.54 - - [22/Aug/2016:09:17:12 +0100] "GET /pages/company-history-2 HTTP/1.0" 200 32427 "http://www.paiskincare.com/pages/about-pai-1" "Mozilla/5.0 (Windows NT 10.0; Win64; x64) AppleWebKit/537.36 (KHTML, like Gecko) Chrome/46.0.2486.0 Safari/537.36 Edge/13.10586"
107.170.227.24 - - [22/Aug/2016:09:17:13 +0100] "GET / HTTP/1.0" 301 652 "-" "Mozilla/5.0 (Windows NT 6.2; WOW64) AppleWebKit/537.4 (KHTML, like Gecko) Chrome/98 Safari/537.4 (StatusCake)"
107.170.227.24 - - [22/Aug/2016:09:17:15 +0100] "GET / HTTP/1.0" 200 9172 "http://paiskincare.com/" "Mozilla/5.0 (Windows NT 6.2; WOW64) AppleWebKit/537.4 (KHTML, like Gecko) Chrome/98 Safari/537.4 (StatusCake)"
78.129.161.54 - - [22/Aug/2016:09:17:20 +0100] "GET /pai-chamomile-rosehip-organic-moisturiser-for-sensitive-skin-2.html HTTP/1.0" 404 1345 "-" "Domain Re-Animator Bot (http://domainreanimator.com) - support@domainreanimator.com"
78.129.161.54 - - [22/Aug/2016:09:17:21 +0100] "GET /pages/apricot-kernel-oil-69 HTTP/1.0" 200 30518 "-" "Domain Re-Animator Bot (http://domainreanimator.com) - support@domainreanimator.com"
78.129.161.54 - - [22/Aug/2016:09:17:23 +0100] "GET /pai-echium-organic-eye-cream-7.html HTTP/1.0" 404 1345 "-" "Domain Re-Animator Bot (http://domainreanimator.com) - support@domainreanimator.com"
78.129.161.54 - - [22/Aug/2016:09:17:25 +0100] "GET /pages/argan-oil-70 HTTP/1.0" 200 30445 "-" "Domain Re-Animator Bot (http://domainreanimator.com) - support@domainreanimator.com"
108.162.244.96 - - [22/Aug/2016:09:17:26 +0100] "GET /blog/tag/oh-my-cream/feed/ HTTP/1.0" 301 702 "-" "Mozilla/5.0 (compatible; DotBot/1.1; http://www.opensiteexplorer.org/dotbot, help@moz.com)"
78.129.161.54 - - [22/Aug/2016:09:17:27 +0100] "GET /pai-avocado-jojoba-organic-moisturiser-for-normal-skin-1.html HTTP/1.0" 404 1345 "-" "Domain Re-Animator Bot (http://domainreanimator.com) - support@domainreanimator.com"
78.129.161.54 - - [22/Aug/2016:09:17:28 +0100] "GET /pages/avocado-oil-71 HTTP/1.0" 200 30249 "-" "Domain Re-Animator Bot (http://domainreanimator.com) - support@domainreanimator.com"
78.129.161.54 - - [22/Aug/2016:09:17:29 +0100] "GET /blog/tag/stella/ HTTP/1.0" 301 737 "-" "Mozilla/5.0 (compatible; DotBot/1.1; http://www.opensiteexplorer.org/dotbot, help@moz.com)"
78.129.161.54 - - [22/Aug/2016:09:17:31 +0100] "GET /pai-bergamot-organic-lip-balm-8.html HTTP/1.0" 404 1345 "-" "Domain Re-Animator Bot (http://domainreanimator.com) - support@domainreanimator.com"
82.132.234.239 - - [22/Aug/2016:09:17:32 +0100] "GET / HTTP/1.0" 200 9171 "-" "Mozilla/5.0 (iPhone; CPU iPhone OS 7_1 like Mac OS X) AppleWebKit/537.51.2 (KHTML, like Gecko) Version/7.0 Mobile/11D167 Safari/9537.53"
78.129.161.54 - - [22/Aug/2016:09:17:32 +0100] "GET /pages/beeswax-72 HTTP/1.0" 200 30330 "-" "Domain Re-Animator Bot (http://domainreanimator.com) - support@domainreanimator.com"
78.129.161.54 - - [22/Aug/2016:09:17:35 +0100] "GET /pages/bergamot-essential-oil-73 HTTP/1.0" 200 30860 "-" "Domain Re-Animator Bot (http://domainreanimator.com) - support@domainreanimator.com"
78.129.161.54 - - [22/Aug/2016:09:17:37 +0100] "GET /pai-geranium-thistle-organic-moisturiser-for-combination-skin-3.html HTTP/1.0" 404 1345 "-" "Domain Re-Animator Bot (http://domainreanimator.com) - support@domainreanimator.com"
167.114.156.198 - - [22/Aug/2016:09:17:39 +0100] "GET /pai-macadamia-rose-organic-moisturiser-for-dry-skin-4.html HTTP/1.0" 404 942 "-" "Domain Re-Animator Bot (http://domainreanimator.com) - support@domainreanimator.com"
78.129.161.54 - - [22/Aug/2016:09:17:40 +0100] "GET /pages/borage-essential-oil-74 HTTP/1.0" 200 30899 "-" "Domain Re-Animator Bot (http://domainreanimator.com) - support@domainreanimator.com"
78.129.161.54 - - [22/Aug/2016:09:17:42 +0100] "GET /pai-camellia-rose-organic-cleanser-5.html HTTP/1.0" 404 1345 "-" "Domain Re-Animator Bot (http://domainreanimator.com) - support@domainreanimator.com"
78.129.161.54 - - [22/Aug/2016:09:17:43 +0100] "GET /pages/camellia-oil-77 HTTP/1.0" 200 30465 "-" "Domain Re-Animator Bot (http://domainreanimator.com) - support@domainreanimator.com"
78.129.161.54 - - [22/Aug/2016:09:17:46 +0100] "GET /pages/cetearyl-glucoside-75 HTTP/1.0" 200 30432 "-" "Domain Re-Animator Bot (http://domainreanimator.com) - support@domainreanimator.com"
78.129.161.54 - - [22/Aug/2016:09:17:49 +0100] "GET /pages/chamomile-extract-76 HTTP/1.0" 200 30531 "-" "Domain Re-Animator Bot (http://domainreanimator.com) - support@domainreanimator.com"
78.129.161.54 - - [22/Aug/2016:09:17:52 +0100] "GET /pages/cocoa-butter-78 HTTP/1.0" 200 30326 "-" "Domain Re-Animator Bot (http://domainreanimator.com) - support@domainreanimator.com"
78.129.161.54 - - [22/Aug/2016:09:17:54 +0100] "GET /pages/cranberry-seed-extract-79 HTTP/1.0" 200 30217 "-" "Domain Re-Animator Bot (http://domainreanimator.com) - support@domainreanimator.com"
78.129.161.54 - - [22/Aug/2016:09:17:57 +0100] "GET /pages/echium-extract-80 HTTP/1.0" 200 30221 "-" "Domain Re-Animator Bot (http://domainreanimator.com) - support@domainreanimator.com"
78.129.161.54 - - [22/Aug/2016:09:18:00 +0100] "GET /pages/frankincense-essential-oil-81 HTTP/1.0" 200 30398 "-" "Domain Re-Animator Bot (http://domainreanimator.com) - support@domainreanimator.com"
104.223.15.195 - - [22/Aug/2016:09:18:02 +0100] "GET /?setcountry=1&setcurrency=GBP HTTP/1.0" 302 851 "http://www.google.co.uk/aclk?sa=l&ai=CuoNlYbG6V9L7E5W3hAT-0IrIBYSS8bEIzJ2FjKYC7PWN4koIABABKARgu66ug9AKoAGq1q32A8gBAakCVeYaoFzltT6qBChP0KGi8rKebWjVhS4bhAoBUeTLhEc74WSzkyapvlsTDxtQPSbG2n_jgAe-qdIJkAcDqAemvhvYBwE&sig=AOD64_0druCSRmQAgmTb7xd_aYSCX3rKuA&ved=0ahUKEwi25eqox9TOAhVD7B4KHYxeC1gQ0QwIFA&adurl=http://www.paiskincare.com%3Fsetcountry%3D1%26setcurrency%3DGBP" "Mozilla/5.0 (Macintosh; Intel Mac OS X 10.10; rv:41.0) Gecko/20100101 Firefox/41.0"
78.129.161.54 - - [22/Aug/2016:09:18:03 +0100] "GET /?currency=GBP HTTP/1.0" 302 550 "http://www.google.co.uk/aclk?sa=l&ai=CuoNlYbG6V9L7E5W3hAT-0IrIBYSS8bEIzJ2FjKYC7PWN4koIABABKARgu66ug9AKoAGq1q32A8gBAakCVeYaoFzltT6qBChP0KGi8rKebWjVhS4bhAoBUeTLhEc74WSzkyapvlsTDxtQPSbG2n_jgAe-qdIJkAcDqAemvhvYBwE&sig=AOD64_0druCSRmQAgmTb7xd_aYSCX3rKuA&ved=0ahUKEwi25eqox9TOAhVD7B4KHYxeC1gQ0QwIFA&adurl=http://www.paiskincare.com%3Fsetcountry%3D1%26setcurrency%3DGBP" "Mozilla/5.0 (Macintosh; Intel Mac OS X 10.10; rv:41.0) Gecko/20100101 Firefox/41.0"
78.129.161.54 - - [22/Aug/2016:09:18:03 +0100] "GET /index.php?main_page=index HTTP/1.0" 301 525 "http://www.google.co.uk/aclk?sa=l&ai=CuoNlYbG6V9L7E5W3hAT-0IrIBYSS8bEIzJ2FjKYC7PWN4koIABABKARgu66ug9AKoAGq1q32A8gBAakCVeYaoFzltT6qBChP0KGi8rKebWjVhS4bhAoBUeTLhEc74WSzkyapvlsTDxtQPSbG2n_jgAe-qdIJkAcDqAemvhvYBwE&sig=AOD64_0druCSRmQAgmTb7xd_aYSCX3rKuA&ved=0ahUKEwi25eqox9TOAhVD7B4KHYxeC1gQ0QwIFA&adurl=http://www.paiskincare.com%3Fsetcountry%3D1%26setcurrency%3DGBP" "Mozilla/5.0 (Macintosh; Intel Mac OS X 10.10; rv:41.0) Gecko/20100101 Firefox/41.0"
78.129.161.54 - - [22/Aug/2016:09:18:02 +0100] "GET /pages/geranium-essential-oil-82 HTTP/1.0" 200 30334 "-" "Domain Re-Animator Bot (http://domainreanimator.com) - support@domainreanimator.com"
79.179.115.66 - - [22/Aug/2016:09:18:03 +0100] "GET / HTTP/1.0" 301 652 "-" "python-requests/2.11.1"
78.129.161.54 - - [22/Aug/2016:09:18:03 +0100] "GET / HTTP/1.0" 200 30486 "http://www.google.co.uk/aclk?sa=l&ai=CuoNlYbG6V9L7E5W3hAT-0IrIBYSS8bEIzJ2FjKYC7PWN4koIABABKARgu66ug9AKoAGq1q32A8gBAakCVeYaoFzltT6qBChP0KGi8rKebWjVhS4bhAoBUeTLhEc74WSzkyapvlsTDxtQPSbG2n_jgAe-qdIJkAcDqAemvhvYBwE&sig=AOD64_0druCSRmQAgmTb7xd_aYSCX3rKuA&ved=0ahUKEwi25eqox9TOAhVD7B4KHYxeC1gQ0QwIFA&adurl=http://www.paiskincare.com%3Fsetcountry%3D1%26setcurrency%3DGBP" "Mozilla/5.0 (Macintosh; Intel Mac OS X 10.10; rv:41.0) Gecko/20100101 Firefox/41.0"
78.129.161.54 - - [22/Aug/2016:09:18:06 +0100] "GET /pages/category_cleanser_1.htm HTTP/1.0" 404 1345 "-" "Domain Re-Animator Bot (http://domainreanimator.com) - support@domainreanimator.com"
78.129.161.54 - - [22/Aug/2016:09:18:07 +0100] "GET /pages/glycerine-83 HTTP/1.0" 200 30323 "-" "Domain Re-Animator Bot (http://domainreanimator.com) - support@domainreanimator.com"
79.179.115.66 - - [22/Aug/2016:09:18:07 +0100] "GET / HTTP/1.0" 200 9174 "-" "python-requests/2.11.1"
78.129.161.54 - - [22/Aug/2016:09:18:09 +0100] "GET /index.php?main_page=product_info&cpath=1&products_id=16 HTTP/1.0" 200 40972 "-" "Domain Re-Animator Bot (http://domainreanimator.com) - support@domainreanimator.com"
78.129.161.54 - - [22/Aug/2016:09:18:11 +0100] "GET /pages/jasmine-essential-oil-skin-soother-84 HTTP/1.0" 200 30665 "-" "Domain Re-Animator Bot (http://domainreanimator.com) - support@domainreanimator.com"
78.129.161.54 - - [22/Aug/2016:09:18:13 +0100] "GET /pages/jojoba-oil-85 HTTP/1.0" 200 30578 "-" "Domain Re-Animator Bot (http://domainreanimator.com) - support@domainreanimator.com"
78.129.161.54 - - [22/Aug/2016:09:18:16 +0100] "GET /pages/juniper-essential-oil-86 HTTP/1.0" 200 30464 "-" "Domain Re-Animator Bot (http://domainreanimator.com) - support@domainreanimator.com"
78.129.161.54 - - [22/Aug/2016:09:18:19 +0100] "GET /pages/lavender-essential-oil-87 HTTP/1.0" 200 30409 "-" "Domain Re-Animator Bot (http://domainreanimator.com) - support@domainreanimator.com"
78.129.161.54 - - [22/Aug/2016:09:18:21 +0100] "GET /pages/macadamia-nut-oil-88 HTTP/1.0" 200 30334 "-" "Domain Re-Animator Bot (http://domainreanimator.com) - support@domainreanimator.com"
108.162.244.138 - - [22/Aug/2016:09:18:23 +0100] "GET /blog/tag/cure/ HTTP/1.0" 301 682 "-" "Mozilla/5.0 (compatible; Yahoo! Slurp; http://help.yahoo.com/help/us/ysearch/slurp)"
78.129.161.54 - - [22/Aug/2016:09:18:24 +0100] "GET /index.php?main_page=product_info&cpath=17&products_id=3 HTTP/1.0" 200 39956 "-" "Domain Re-Animator Bot (http://domainreanimator.com) - support@domainreanimator.com"
78.129.161.54 - - [22/Aug/2016:09:18:25 +0100] "GET /index.php?main_page=product_info&cpath=17&products_id=2 HTTP/1.0" 200 42558 "-" "Domain Re-Animator Bot (http://domainreanimator.com) - support@domainreanimator.com"
78.129.161.54 - - [22/Aug/2016:09:18:27 +0100] "GET /pages/manuka-oil-89 HTTP/1.0" 200 30358 "-" "Domain Re-Animator Bot (http://domainreanimator.com) - support@domainreanimator.com"
78.129.161.54 - - [22/Aug/2016:09:18:30 +0100] "GET /pages/neroli-essential-oil-90 HTTP/1.0" 200 30273 "-" "Domain Re-Animator Bot (http://domainreanimator.com) - support@domainreanimator.com"
78.129.161.54 - - [22/Aug/2016:09:18:32 +0100] "GET /pages/rose-geranium-essential-oil-91 HTTP/1.0" 200 30369 "-" "Domain Re-Animator Bot (http://domainreanimator.com) - support@domainreanimator.com"
78.129.161.54 - - [22/Aug/2016:09:18:35 +0100] "GET /index.php?main_page=product_info&cpath=1&products_id=4 HTTP/1.0" 200 40900 "-" "Domain Re-Animator Bot (http://domainreanimator.com) - support@domainreanimator.com"
78.129.161.54 - - [22/Aug/2016:09:18:36 +0100] "GET /pages/rose-water-92 HTTP/1.0" 200 30387 "-" "Domain Re-Animator Bot (http://domainreanimator.com) - support@domainreanimator.com"
78.129.161.54 - - [22/Aug/2016:09:18:39 +0100] "GET /pages/rosehip-oil-seed-extract-93 HTTP/1.0" 200 30841 "-" "Domain Re-Animator Bot (http://domainreanimator.com) - support@domainreanimator.com"
78.129.161.54 - - [22/Aug/2016:09:18:41 +0100] "GET /pages/rosemary-antioxidant-94 HTTP/1.0" 200 30222 "-" "Domain Re-Animator Bot (http://domainreanimator.com) - support@domainreanimator.com"
78.129.161.54 - - [22/Aug/2016:09:18:44 +0100] "GET /pages/shea-butter-96 HTTP/1.0" 200 30521 "-" "Domain Re-Animator Bot (http://domainreanimator.com) - support@domainreanimator.com"
78.129.161.54 - - [22/Aug/2016:09:18:47 +0100] "GET /index.php?main_page=product_info&cpath=4&products_id=8 HTTP/1.0" 404 31231 "-" "Domain Re-Animator Bot (http://domainreanimator.com) - support@domainreanimator.com"
78.129.161.54 - - [22/Aug/2016:09:18:48 +0100] "GET /pages/sweet-almond-oil-97 HTTP/1.0" 200 30376 "-" "Domain Re-Animator Bot (http://domainreanimator.com) - support@domainreanimator.com"
78.129.161.54 - - [22/Aug/2016:09:18:48 +0100] "GET /pages/pai-affiliate-program-earn-10-commission-on-referred-sales-142 HTTP/1.0" 200 33344 "http://www.paiskincare.com/pages/company-history-2" "Mozilla/5.0 (Windows NT 10.0; Win64; x64) AppleWebKit/537.36 (KHTML, like Gecko) Chrome/46.0.2486.0 Safari/537.36 Edge/13.10586"
78.129.161.54 - - [22/Aug/2016:09:18:50 +0100] "GET /index.php?main_page=product_info&cpath=17&products_id=16 HTTP/1.0" 200 40984 "-" "Domain Re-Animator Bot (http://domainreanimator.com) - support@domainreanimator.com"
78.129.161.54 - - [22/Aug/2016:09:18:52 +0100] "GET /pages/thistle-oil-98 HTTP/1.0" 200 30505 "-" "Domain Re-Animator Bot (http://domainreanimator.com) - support@domainreanimator.com"
162.158.77.28 - - [22/Aug/2016:09:18:53 +0100] "GET /blog/2013/04/10/facial-massage HTTP/1.0" 301 707 "-" "msnbot-media/1.1 (+http://search.msn.com/msnbot.htm)"
78.129.161.54 - - [22/Aug/2016:09:18:54 +0100] "GET /pages/vitamin-e-100 HTTP/1.0" 200 30332 "-" "Domain Re-Animator Bot (http://domainreanimator.com) - support@domainreanimator.com"
78.129.161.54 - - [22/Aug/2016:09:18:57 +0100] "GET /pages/water-101 HTTP/1.0" 200 30042 "-" "Domain Re-Animator Bot (http://domainreanimator.com) - support@domainreanimator.com"
78.129.161.54 - - [22/Aug/2016:09:19:06 +0100] "GET /gift-certificate-faq?item=1 HTTP/1.0" 200 32161 "-" "Domain Re-Animator Bot (http://domainreanimator.com) - support@domainreanimator.com"
78.129.161.54 - - [22/Aug/2016:09:19:08 +0100] "GET /blog/category/pai-news-and-press/ HTTP/1.0" 301 743 "http://www.paiskincare.com/pages/pai-affiliate-program-earn-10-commission-on-referred-sales-142" "Mozilla/5.0 (Windows NT 10.0; Win64; x64) AppleWebKit/537.36 (KHTML, like Gecko) Chrome/46.0.2486.0 Safari/537.36 Edge/13.10586"
78.129.161.54 - - [22/Aug/2016:09:19:09 +0100] "GET /gift-certificate-faq?item=3 HTTP/1.0" 200 31905 "-" "Domain Re-Animator Bot (http://domainreanimator.com) - support@domainreanimator.com"
78.129.161.54 - - [22/Aug/2016:09:19:12 +0100] "GET /gift-certificate-faq?item=4 HTTP/1.0" 200 32194 "-" "Domain Re-Animator Bot (http://domainreanimator.com) - support@domainreanimator.com"
162.158.76.130 - - [22/Aug/2016:09:19:17 +0100] "GET /blog/2012/10/09/spot-the-problem-what-spots-on-different-parts-of-the-face-mean/?utm_source=Pai%20Newsletter&utm_campaign=a8860cff6c-SERUM_PROMO_USA7_20_2015&utm_medium=email&utm_term=0_a3237af4f3-a8860cff6c-409151949 HTTP/1.0" 301 1031 "-" "Pinterest/0.2 (+http://www.pinterest.com/)"
162.158.76.130 - - [22/Aug/2016:09:19:17 +0100] "GET /index.php?main_page=oembed&url=http://www.paiskincare.com/blog/2012/10/09/spot-the-problem-what-spots-on-different-parts-of-the-face-mean/?utm_source=Pai%20Newsletter&utm_campaign=a8860cff6c-SERUM_PROMO_USA7_20_2015&utm_medium=email&utm_term=0_a3237af4f3-a8860cff6c-409151949 HTTP/1.0" 200 895 "-" "Pinterest/0.2 (+http://www.pinterest.com/)"
78.129.161.54 - - [22/Aug/2016:09:19:21 +0100] "GET /blog/2013/11/15/pai-wins-its-first-manufacturing-award/ HTTP/1.0" 301 815 "-" "Domain Re-Animator Bot (http://domainreanimator.com) - support@domainreanimator.com"
93.214.254.205 - - [22/Aug/2016:09:19:23 +0100] "GET /rosehip-bioregenerate-oil-22 HTTP/1.0" 200 11924 "https://www.google.de/" "Mozilla/5.0 (iPad; CPU OS 9_3_2 like Mac OS X) AppleWebKit/601.1.46 (KHTML, like Gecko) Version/9.0 Mobile/13F69 Safari/601.1"
86.180.76.207 - - [22/Aug/2016:09:19:35 +0100] "GET /cleanse-tone-2/ HTTP/1.0" 200 9329 "http://www.paiskincare.com/comfrey-calendula-calming-body-cream-200ml-16" "Mozilla/5.0 (Linux; Android 5.0; SM-G900F Build/LRX21T) AppleWebKit/537.36 (KHTML, like Gecko) Chrome/52.0.2743.98 Mobile Safari/537.36"
141.101.70.90 - - [22/Aug/2016:09:19:37 +0100] "POST /script_lnw/linnworks_xml.php?password=2d87fe22-bc7b-4768-b446-e3e6cd11935a HTTP/1.0" 200 29043 "-" "linnworks"
78.129.161.54 - - [22/Aug/2016:09:19:41 +0100] "GET /muslin-face-cloth-pack-of-91 HTTP/1.0" 200 34021 "http://www.paiskincare.com/cleanse-tone-2/" "Mozilla/5.0 (Linux; Android 5.0; SM-G900F Build/LRX21T) AppleWebKit/537.36 (KHTML, like Gecko) Chrome/52.0.2743.98 Mobile Safari/537.36"
78.129.161.54 - - [22/Aug/2016:09:19:46 +0100] "GET /cleanse-tone-2/ HTTP/1.0" 200 36028 "http://www.paiskincare.com/comfrey-calendula-calming-body-cream-200ml-16" "Mozilla/5.0 (Linux; Android 5.0; SM-G900F Build/LRX21T) AppleWebKit/537.36 (KHTML, like Gecko) Chrome/52.0.2743.98 Mobile Safari/537.36"
78.129.161.54 - - [22/Aug/2016:09:19:49 +0100] "GET /dual-effect-sensitive-skin-cloth-pack-of-88 HTTP/1.0" 200 34480 "http://www.paiskincare.com/cleanse-tone-2/" "Mozilla/5.0 (Linux; Android 5.0; SM-G900F Build/LRX21T) AppleWebKit/537.36 (KHTML, like Gecko) Chrome/52.0.2743.98 Mobile Safari/537.36"
162.158.108.166 - - [22/Aug/2016:09:19:53 +0100] "POST /index.php?main_page=product_info&products_id=93&cPath=35&action=add_product HTTP/1.0" 302 603 "http://www.paiskincare.com/apple-mallow-blossom-face-body-cream-93" "Mozilla/5.0 (Macintosh; Intel Mac OS X 10_11_3) AppleWebKit/601.4.4 (KHTML, like Gecko) Version/9.0.3 Safari/601.4.4"
78.129.161.54 - - [22/Aug/2016:09:19:53 +0100] "GET /index.php?main_page=shopping_cart HTTP/1.0" 301 539 "http://www.paiskincare.com/apple-mallow-blossom-face-body-cream-93" "Mozilla/5.0 (Macintosh; Intel Mac OS X 10_11_3) AppleWebKit/601.4.4 (KHTML, like Gecko) Version/9.0.3 Safari/601.4.4"
78.129.161.54 - - [22/Aug/2016:09:19:54 +0100] "GET /shopping-cart/ HTTP/1.0" 200 33257 "http://www.paiskincare.com/apple-mallow-blossom-face-body-cream-93" "Mozilla/5.0 (Macintosh; Intel Mac OS X 10_11_3) AppleWebKit/601.4.4 (KHTML, like Gecko) Version/9.0.3 Safari/601.4.4"
101.175.29.158 - - [22/Aug/2016:09:19:55 +0100] "GET / HTTP/1.0" 200 9173 "https://www.google.com.au/" "Mozilla/5.0 (Macintosh; Intel Mac OS X 10_10_3) AppleWebKit/537.36 (KHTML, like Gecko) Chrome/52.0.2743.116 Safari/537.36"
84.172.44.146 - - [22/Aug/2016:09:20:02 +0100] "GET / HTTP/1.0" 200 9171 "https://www.google.de/" "Mozilla/5.0 (Windows NT 10.0; WOW64) AppleWebKit/537.36 (KHTML, like Gecko) Chrome/50.0.2661.102 Safari/537.36"
78.129.161.54 - - [22/Aug/2016:09:20:09 +0100] "GET /?setcountry=1&setcurrency=GBP HTTP/1.0" 302 705 "http://www.paiskincare.com/" "Mozilla/5.0 (Windows NT 10.0; WOW64) AppleWebKit/537.36 (KHTML, like Gecko) Chrome/50.0.2661.102 Safari/537.36"
78.129.161.54 - - [22/Aug/2016:09:20:09 +0100] "GET /?currency=GBP HTTP/1.0" 302 550 "http://www.paiskincare.com/" "Mozilla/5.0 (Windows NT 10.0; WOW64) AppleWebKit/537.36 (KHTML, like Gecko) Chrome/50.0.2661.102 Safari/537.36"
78.129.161.54 - - [22/Aug/2016:09:20:09 +0100] "GET /index.php?main_page=index HTTP/1.0" 301 525 "http://www.paiskincare.com/" "Mozilla/5.0 (Windows NT 10.0; WOW64) AppleWebKit/537.36 (KHTML, like Gecko) Chrome/50.0.2661.102 Safari/537.36"
78.129.161.54 - - [22/Aug/2016:09:20:09 +0100] "GET / HTTP/1.0" 200 30486 "http://www.paiskincare.com/" "Mozilla/5.0 (Windows NT 10.0; WOW64) AppleWebKit/537.36 (KHTML, like Gecko) Chrome/50.0.2661.102 Safari/537.36"
78.129.161.54 - - [22/Aug/2016:09:20:12 +0100] "GET / HTTP/1.0" 200 30665 "-" "Mozilla/5.0 (Macintosh; Intel Mac OS X 10_11_3) AppleWebKit/601.4.4 (KHTML, like Gecko) Version/9.0.3 Safari/601.4.4"
79.178.103.105 - - [22/Aug/2016:09:20:15 +0100] "GET / HTTP/1.0" 301 499 "-" "Experibot_v1 [goo.gl/n6zrAf]"
79.178.103.105 - - [22/Aug/2016:09:20:16 +0100] "GET / HTTP/1.0" 200 8987 "-" "Experibot_v1 [goo.gl/n6zrAf]"
207.46.13.43 - - [22/Aug/2016:09:20:23 +0100] "GET /?awc=2753_1351872513_f711bdd032b3b1f249790609cbe58c5a HTTP/1.0" 200 9043 "-" "Mozilla/5.0 (compatible; bingbot/2.0; +http://www.bing.com/bingbot.htm)"
78.129.161.54 - - [22/Aug/2016:09:20:24 +0100] "GET /pages/trade-wholesale-enquiries-110 HTTP/1.0" 200 28110 "http://www.paiskincare.com/" "Mozilla/5.0 (Windows NT 10.0; WOW64) AppleWebKit/537.36 (KHTML, like Gecko) Chrome/50.0.2661.102 Safari/537.36"
78.129.161.54 - - [22/Aug/2016:09:20:28 +0100] "GET /cleanse-tone-2/ HTTP/1.0" 200 36028 "http://www.paiskincare.com/comfrey-calendula-calming-body-cream-200ml-16" "Mozilla/5.0 (Linux; Android 5.0; SM-G900F Build/LRX21T) AppleWebKit/537.36 (KHTML, like Gecko) Chrome/52.0.2743.98 Mobile Safari/537.36"
78.129.161.54 - - [22/Aug/2016:09:20:34 +0100] "GET /rice-plant-rosemary-bioaffinity-tonic-26 HTTP/1.0" 200 37620 "http://www.paiskincare.com/cleanse-tone-2/" "Mozilla/5.0 (Linux; Android 5.0; SM-G900F Build/LRX21T) AppleWebKit/537.36 (KHTML, like Gecko) Chrome/52.0.2743.98 Mobile Safari/537.36"
78.129.161.54 - - [22/Aug/2016:09:20:38 +0100] "GET / HTTP/1.0" 200 30486 "-" "Mozilla/5.0 (Windows NT 10.0; Win64; x64) AppleWebKit/537.36 (KHTML, like Gecko) Chrome/46.0.2486.0 Safari/537.36 Edge/13.10586"
78.129.161.54 - - [22/Aug/2016:09:20:39 +0100] "GET /pages/pai-affiliate-program-earn-10-commission-on-referred-sales-142 HTTP/1.0" 200 33344 "http://www.paiskincare.com/pages/trade-wholesale-enquiries-110" "Mozilla/5.0 (Windows NT 10.0; WOW64) AppleWebKit/537.36 (KHTML, like Gecko) Chrome/50.0.2661.102 Safari/537.36"
194.74.145.68 - - [22/Aug/2016:09:20:44 +0100] "GET / HTTP/1.0" 200 9172 "https://www.google.co.uk/" "Mozilla/5.0 (Windows NT 6.1) AppleWebKit/537.36 (KHTML, like Gecko) Chrome/51.0.2704.103 Safari/537.36"
78.129.161.54 - - [22/Aug/2016:09:20:51 +0100] "GET /index.php?main_page=oembed&url=http://europe.paiskincare.com/index.php?main_page=product_info&cPath=7&products_id=46&zenid=eed69f30686dd7daf8483d2828b220ee HTTP/1.0" 200 975 "-" "Pinterest/0.2 (+http://www.pinterest.com/)"
188.226.185.106 - - [22/Aug/2016:09:20:58 +0100] "GET / HTTP/1.0" 301 652 "-" "Mozilla/5.0 (Windows NT 6.2; WOW64) AppleWebKit/537.4 (KHTML, like Gecko) Chrome/98 Safari/537.4 (StatusCake)"
188.226.185.106 - - [22/Aug/2016:09:21:00 +0100] "GET / HTTP/1.0" 200 9171 "http://paiskincare.com/" "Mozilla/5.0 (Windows NT 6.2; WOW64) AppleWebKit/537.4 (KHTML, like Gecko) Chrome/98 Safari/537.4 (StatusCake)"
78.129.161.54 - - [22/Aug/2016:09:21:12 +0100] "POST / HTTP/1.0" 302 11934 "http://www.paiskincare.com/" "Mozilla/5.0 (Windows NT 10.0; Win64; x64) AppleWebKit/537.36 (KHTML, like Gecko) Chrome/46.0.2486.0 Safari/537.36 Edge/13.10586"
78.129.161.54 - - [22/Aug/2016:09:21:12 +0100] "GET /index.php?main_page=signup_success HTTP/1.0" 200 29276 "http://www.paiskincare.com/" "Mozilla/5.0 (Windows NT 10.0; Win64; x64) AppleWebKit/537.36 (KHTML, like Gecko) Chrome/46.0.2486.0 Safari/537.36 Edge/13.10586"
90.202.56.165 - - [22/Aug/2016:09:22:03 +0100] "GET /?setcountry=1&setcurrency=GBP&gclid=CJiEibjL1M4CFYYy0wodn4IK_w HTTP/1.0" 302 884 "https://www.google.co.uk/" "Mozilla/5.0 (Macintosh; Intel Mac OS X 10_11_6) AppleWebKit/601.7.7 (KHTML, like Gecko) Version/9.1.2 Safari/601.7.7"
78.129.161.54 - - [22/Aug/2016:09:22:04 +0100] "GET /?currency=GBP&gclid=CJiEibjL1M4CFYYy0wodn4IK_w HTTP/1.0" 302 583 "https://www.google.co.uk/" "Mozilla/5.0 (Macintosh; Intel Mac OS X 10_11_6) AppleWebKit/601.7.7 (KHTML, like Gecko) Version/9.1.2 Safari/601.7.7"
78.129.161.54 - - [22/Aug/2016:09:22:04 +0100] "GET /index.php?main_page=index&gclid=CJiEibjL1M4CFYYy0wodn4IK_w HTTP/1.0" 200 31140 "https://www.google.co.uk/" "Mozilla/5.0 (Macintosh; Intel Mac OS X 10_11_6) AppleWebKit/601.7.7 (KHTML, like Gecko) Version/9.1.2 Safari/601.7.7"
37.157.246.146 - - [22/Aug/2016:09:22:18 +0100] "GET / HTTP/1.0" 301 652 "-" "Mozilla/5.0 (Windows NT 6.2; WOW64) AppleWebKit/537.4 (KHTML, like Gecko) Chrome/98 Safari/537.4 (StatusCake)"
78.129.161.54 - - [22/Aug/2016:09:22:19 +0100] "GET / HTTP/1.0" 200 30692 "http://paiskincare.com/" "Mozilla/5.0 (Windows NT 6.2; WOW64) AppleWebKit/537.4 (KHTML, like Gecko) Chrome/98 Safari/537.4 (StatusCake)"
66.249.69.46 - - [22/Aug/2016:09:22:30 +0100] "GET / HTTP/1.0" 301 499 "-" "Mozilla/5.0 (compatible; Googlebot/2.1; +http://www.google.com/bot.html)"
66.249.69.90 - - [22/Aug/2016:09:22:31 +0100] "GET / HTTP/1.0" 200 8985 "-" "Mozilla/5.0 (compatible; Googlebot/2.1; +http://www.google.com/bot.html)"
66.249.69.94 - - [22/Aug/2016:09:22:43 +0100] "GET /chamomile-rosehip-calming-day-cream-2 HTTP/1.0" 200 12668 "http://obestreat.890m.com/index.php?id=28541" "Mozilla/5.0 (compatible; Googlebot/2.1; +http://www.google.com/bot.html)"
78.129.161.54 - - [22/Aug/2016:09:23:13 +0100] "GET /cleanse-tone-2/ HTTP/1.0" 200 36028 "http://www.paiskincare.com/comfrey-calendula-calming-body-cream-200ml-16" "Mozilla/5.0 (Linux; Android 5.0; SM-G900F Build/LRX21T) AppleWebKit/537.36 (KHTML, like Gecko) Chrome/52.0.2743.98 Mobile Safari/537.36"
78.129.161.54 - - [22/Aug/2016:09:23:19 +0100] "GET /muslin-face-cloth-pack-of-91 HTTP/1.0" 200 34021 "http://www.paiskincare.com/cleanse-tone-2/" "Mozilla/5.0 (Linux; Android 5.0; SM-G900F Build/LRX21T) AppleWebKit/537.36 (KHTML, like Gecko) Chrome/52.0.2743.98 Mobile Safari/537.36"
78.129.161.54 - - [22/Aug/2016:09:23:21 +0100] "GET /cleanse-tone-2/ HTTP/1.0" 200 36028 "http://www.paiskincare.com/comfrey-calendula-calming-body-cream-200ml-16" "Mozilla/5.0 (Linux; Android 5.0; SM-G900F Build/LRX21T) AppleWebKit/537.36 (KHTML, like Gecko) Chrome/52.0.2743.98 Mobile Safari/537.36"
78.129.161.54 - - [22/Aug/2016:09:23:27 +0100] "GET /lotus-orange-blossom-bioaffinity-tonic-25 HTTP/1.0" 200 37626 "http://www.paiskincare.com/cleanse-tone-2/" "Mozilla/5.0 (Linux; Android 5.0; SM-G900F Build/LRX21T) AppleWebKit/537.36 (KHTML, like Gecko) Chrome/52.0.2743.98 Mobile Safari/537.36"
162.158.57.154 - - [22/Aug/2016:09:23:33 +0100] "GET /blog/feed/ HTTP/1.0" 301 675 "-" "Mozilla/5.0 (Windows NT 6.1) AppleWebKit/537.36 (KHTML, like Gecko) Chrome/41.0.2228.0 Safari/537.36"
162.158.177.16 - - [22/Aug/2016:09:23:36 +0100] "GET /blog/2011/11/22/salt-soaks-for-problem-skin/ HTTP/1.0" 301 732 "-" "Mozilla/5.0 (compatible; Baiduspider/2.0; +http://www.baidu.com/search/spider.html)"
108.162.223.118 - - [22/Aug/2016:09:23:54 +0100] "GET /blog/2013/07/19/is-anything-more-hydrating-than-water/ HTTP/1.0" 301 749 "http://www.paiskincare.com/" "Mozilla/5.0 (Windows NT 6.1; WOW64; rv:33.0) Gecko/20100101 Firefox/33.0"
178.62.106.84 - - [22/Aug/2016:09:23:57 +0100] "GET / HTTP/1.0" 301 652 "-" "Mozilla/5.0 (Windows NT 6.2; WOW64) AppleWebKit/537.4 (KHTML, like Gecko) Chrome/98 Safari/537.4 (StatusCake)"
162.158.180.70 - - [22/Aug/2016:09:24:29 +0100] "GET /blog/feed/ HTTP/1.0" 301 675 "-" "Bloglovin/1.0 (http://www.bloglovin.com; 83 subscribers)"
208.115.111.69 - - [22/Aug/2016:09:24:58 +0100] "GET /?awc=2753_1278258843_8f803f49d67bbcd6de6838093f934a02 HTTP/1.0" 200 9044 "-" "Mozilla/5.0 (compatible; DotBot/1.1; http://www.opensiteexplorer.org/dotbot, help@moz.com)"
78.129.161.54 - - [22/Aug/2016:09:24:59 +0100] "GET /blog/2013/11/22/party-ready-skin-tips/feed/ HTTP/1.0" 301 791 "-" "Mozilla/5.0 (compatible; DotBot/1.1; http://www.opensiteexplorer.org/dotbot, help@moz.com)"
173.245.63.134 - - [22/Aug/2016:09:25:11 +0100] "GET /blog/tag/flawless/feed/ HTTP/1.0" 301 696 "-" "Mozilla/5.0 (compatible; bingbot/2.0; +http://www.bing.com/bingbot.htm)"
46.101.110.32 - - [22/Aug/2016:09:25:18 +0100] "GET / HTTP/1.0" 301 652 "-" "Mozilla/5.0 (Windows NT 6.2; WOW64) AppleWebKit/537.4 (KHTML, like Gecko) Chrome/98 Safari/537.4 (StatusCake)"
86.180.76.207 - - [22/Aug/2016:09:25:21 +0100] "GET /cleanse-tone-2/ HTTP/1.0" 200 9329 "http://www.paiskincare.com/comfrey-calendula-calming-body-cream-200ml-16" "Mozilla/5.0 (Linux; Android 5.0; SM-G900F Build/LRX21T) AppleWebKit/537.36 (KHTML, like Gecko) Chrome/52.0.2743.98 Mobile Safari/537.36"
46.101.110.32 - - [22/Aug/2016:09:25:21 +0100] "GET / HTTP/1.0" 200 9171 "http://paiskincare.com/" "Mozilla/5.0 (Windows NT 6.2; WOW64) AppleWebKit/537.4 (KHTML, like Gecko) Chrome/98 Safari/537.4 (StatusCake)"
78.129.161.54 - - [22/Aug/2016:09:25:22 +0100] "GET /comfrey-calendula-calming-body-cream-200ml-16 HTTP/1.0" 200 40869 "http://www.paiskincare.com/hand-body-17/" "Mozilla/5.0 (Linux; Android 5.0; SM-G900F Build/LRX21T) AppleWebKit/537.36 (KHTML, like Gecko) Chrome/52.0.2743.98 Mobile Safari/537.36"
78.129.161.54 - - [22/Aug/2016:09:25:32 +0100] "GET /hand-body-17/ HTTP/1.0" 200 34656 "http://www.paiskincare.com/moisturisers-1/" "Mozilla/5.0 (Linux; Android 5.0; SM-G900F Build/LRX21T) AppleWebKit/537.36 (KHTML, like Gecko) Chrome/52.0.2743.98 Mobile Safari/537.36"
78.129.161.54 - - [22/Aug/2016:09:25:46 +0100] "GET /pomegranate-pumpkin-seed-stretch-mark-system-34 HTTP/1.0" 200 40784 "http://www.paiskincare.com/hand-body-17/" "Mozilla/5.0 (Linux; Android 5.0; SM-G900F Build/LRX21T) AppleWebKit/537.36 (KHTML, like Gecko) Chrome/52.0.2743.98 Mobile Safari/537.36"
77.99.55.78 - - [22/Aug/2016:09:25:58 +0100] "GET / HTTP/1.0" 200 9163 "https://www.google.co.uk/" "Mozilla/5.0 (Windows NT 6.0) AppleWebKit/537.36 (KHTML, like Gecko) Chrome/49.0.2623.112 Safari/537.36"
162.158.77.28 - - [22/Aug/2016:09:26:43 +0100] "GET /blog/feed/ HTTP/1.0" 301 675 "http://www.paiskincare.com/blog/feed/" "SimplePie/1.3.1 (Feed Parser; http://simplepie.org; Allow like Gecko) Build/20130710002246"
78.129.161.54 - - [22/Aug/2016:09:26:58 +0100] "GET /comfrey-calendula-calming-body-cream-200ml-16 HTTP/1.0" 200 40928 "-" "Mozilla/5.0 (Windows NT 6.0) AppleWebKit/537.36 (KHTML, like Gecko) Chrome/49.0.2623.112 Safari/537.36"
108.61.119.153 - - [22/Aug/2016:09:26:59 +0100] "GET / HTTP/1.0" 301 652 "-" "Mozilla/5.0 (Windows NT 6.2; WOW64) AppleWebKit/537.4 (KHTML, like Gecko) Chrome/98 Safari/537.4 (StatusCake)"
108.61.119.153 - - [22/Aug/2016:09:27:01 +0100] "GET / HTTP/1.0" 200 9172 "http://paiskincare.com/" "Mozilla/5.0 (Windows NT 6.2; WOW64) AppleWebKit/537.4 (KHTML, like Gecko) Chrome/98 Safari/537.4 (StatusCake)"
78.129.161.54 - - [22/Aug/2016:09:27:03 +0100] "POST /index.php?main_page=product_info&products_id=16&cPath=17&number_of_uploads=0&action=add_product HTTP/1.0" 302 578 "http://www.paiskincare.com/comfrey-calendula-calming-body-cream-200ml-16" "Mozilla/5.0 (Windows NT 6.0) AppleWebKit/537.36 (KHTML, like Gecko) Chrome/49.0.2623.112 Safari/537.36"
78.129.161.54 - - [22/Aug/2016:09:27:03 +0100] "GET /index.php?main_page=shopping_cart&number_of_uploads=0 HTTP/1.0" 200 34128 "http://www.paiskincare.com/comfrey-calendula-calming-body-cream-200ml-16" "Mozilla/5.0 (Windows NT 6.0) AppleWebKit/537.36 (KHTML, like Gecko) Chrome/49.0.2623.112 Safari/537.36"
108.162.244.84 - - [22/Aug/2016:09:27:10 +0100] "GET /blog/2013/07/16/pai-hit-barrecore/ HTTP/1.0" 301 716 "-" "Mozilla/5.0 (compatible; bingbot/2.0; +http://www.bing.com/bingbot.htm)"
162.158.76.148 - - [22/Aug/2016:09:27:22 +0100] "HEAD /blog/2012/11/13/my-take-on-organic-hair-care/ HTTP/1.0" 301 422 "-" "Mozilla/5.0 (Windows NT 6.1; rv:12.0) Gecko/20120403211507         Firefox/12.0"
162.158.108.196 - - [22/Aug/2016:09:27:33 +0100] "GET /blog/tag/sandals/feed/ HTTP/1.0" 301 694 "-" "Mozilla/5.0 (compatible; AhrefsBot/5.1; +http://ahrefs.com/robot/)"
173.245.56.13 - - [22/Aug/2016:09:27:44 +0100] "HEAD /blog/2015/10/26/spectre-star-lea-seydoux-loves-pai/ HTTP/1.0" 301 428 "-" "Mozilla/5.0 (Macintosh; Intel Mac OS X 10_7_3) AppleWebKit/534.55.3         (KHTML, like Gecko) Version/5.1.5 Safari/534.55.3"
78.129.161.54 - - [22/Aug/2016:09:28:09 +0100] "GET /hand-body-17/ HTTP/1.0" 200 34656 "http://www.paiskincare.com/moisturisers-1/" "Mozilla/5.0 (Linux; Android 5.0; SM-G900F Build/LRX21T) AppleWebKit/537.36 (KHTML, like Gecko) Chrome/52.0.2743.98 Mobile Safari/537.36"
78.129.161.54 - - [22/Aug/2016:09:28:16 +0100] "GET /pomegranate-pumpkin-seed-stretch-mark-system-34 HTTP/1.0" 200 40784 "http://www.paiskincare.com/hand-body-17/" "Mozilla/5.0 (Linux; Android 5.0; SM-G900F Build/LRX21T) AppleWebKit/537.36 (KHTML, like Gecko) Chrome/52.0.2743.98 Mobile Safari/537.36"
86.137.9.145 - - [22/Aug/2016:09:28:20 +0100] "GET /hand-body-17/?zenid=955ln24jn1c14q631gelim1kt6 HTTP/1.0" 200 9514 "http://www.paiskincare.com/lotus-orange-blossom-bioaffinity-tonic-25" "Mozilla/5.0 (Macintosh; Intel Mac OS X 10_10_3) AppleWebKit/600.5.17 (KHTML, like Gecko) Version/8.0.5 Safari/600.5.17"
45.32.145.79 - - [22/Aug/2016:09:28:23 +0100] "GET / HTTP/1.0" 301 652 "-" "Mozilla/5.0 (Windows NT 6.2; WOW64) AppleWebKit/537.4 (KHTML, like Gecko) Chrome/98 Safari/537.4 (StatusCake)"
45.32.145.79 - - [22/Aug/2016:09:28:24 +0100] "GET / HTTP/1.0" 200 9170 "http://paiskincare.com/" "Mozilla/5.0 (Windows NT 6.2; WOW64) AppleWebKit/537.4 (KHTML, like Gecko) Chrome/98 Safari/537.4 (StatusCake)"
108.162.228.130 - - [22/Aug/2016:09:29:02 +0100] "GET /blog/feed/ HTTP/1.0" 301 675 "-" "Mozilla/5.0 (Windows NT 6.1; WOW64; rv:15.0) Gecko/20100101 Firefox/15.0.1"
78.129.161.54 - - [22/Aug/2016:09:29:24 +0100] "GET /masks-exfoliators-25/ HTTP/1.0" 200 33860 "http://www.paiskincare.com/pomegranate-pumpkin-seed-stretch-mark-system-34" "Mozilla/5.0 (Linux; Android 5.0; SM-G900F Build/LRX21T) AppleWebKit/537.36 (KHTML, like Gecko) Chrome/52.0.2743.98 Mobile Safari/537.36"
78.129.161.54 - - [22/Aug/2016:09:29:42 +0100] "GET /kukui-jojoba-bead-skin-brightening-exfoliator-32 HTTP/1.0" 200 38050 "http://www.paiskincare.com/masks-exfoliators-25/" "Mozilla/5.0 (Linux; Android 5.0; SM-G900F Build/LRX21T) AppleWebKit/537.36 (KHTML, like Gecko) Chrome/52.0.2743.98 Mobile Safari/537.36"
78.129.161.54 - - [22/Aug/2016:09:30:04 +0100] "GET / HTTP/1.0" 301 607 "-" "Mozilla/5.0 (Windows NT 6.2; WOW64) AppleWebKit/537.4 (KHTML, like Gecko) Chrome/98 Safari/537.4 (StatusCake)"
175.140.153.91 - - [22/Aug/2016:09:30:05 +0100] "GET / HTTP/1.0" 200 9173 "https://www.google.com/" "Mozilla/5.0 (Windows NT 10.0; WOW64) AppleWebKit/537.36 (KHTML, like Gecko) Chrome/52.0.2743.116 Safari/537.36"
78.129.161.54 - - [22/Aug/2016:09:30:07 +0100] "GET / HTTP/1.0" 200 30691 "http://paiskincare.com/" "Mozilla/5.0 (Windows NT 6.2; WOW64) AppleWebKit/537.4 (KHTML, like Gecko) Chrome/98 Safari/537.4 (StatusCake)"
162.158.76.238 - - [22/Aug/2016:09:30:13 +0100] "HEAD /blog/feed/ HTTP/1.0" 301 387 "-" "Slackbot 1.0 (+https://api.slack.com/robots)"
173.245.56.16 - - [22/Aug/2016:09:30:14 +0100] "GET /blog/feed/ HTTP/1.0" 301 675 "-" "Slackbot 1.0 (+https://api.slack.com/robots)"
162.158.57.154 - - [22/Aug/2016:09:30:17 +0100] "GET /blog/feed/ HTTP/1.0" 301 675 "-" "Mozilla/5.0 (Windows NT 6.1) AppleWebKit/537.36 (KHTML, like Gecko) Chrome/41.0.2228.0 Safari/537.36"
54.236.1.77 - - [22/Aug/2016:09:30:24 +0100] "GET /comfrey-calendula-calming-body-cream-200ml-16?zenid=h0tvfp72g5p0p2798rks37s9p2 HTTP/1.0" 200 12471 "-" "Pinterest/0.2 (+http://www.pinterest.com/)"
162.158.76.130 - - [22/Aug/2016:09:30:24 +0100] "GET /index.php?main_page=oembed&url=http://www.paiskincare.com/comfrey-calendula-calming-body-cream-200ml-16?zenid=h0tvfp72g5p0p2798rks37s9p2 HTTP/1.0" 200 1154 "-" "Pinterest/0.2 (+http://www.pinterest.com/)"
84.172.44.146 - - [22/Aug/2016:09:31:14 +0100] "GET /pages/pai-stockists-store-locator-62 HTTP/1.0" 200 11124 "https://www.google.de/" "Mozilla/5.0 (Windows NT 10.0; WOW64) AppleWebKit/537.36 (KHTML, like Gecko) Chrome/50.0.2661.102 Safari/537.36"
188.226.139.158 - - [22/Aug/2016:09:31:31 +0100] "GET / HTTP/1.0" 301 652 "-" "Mozilla/5.0 (Windows NT 6.2; WOW64) AppleWebKit/537.4 (KHTML, like Gecko) Chrome/98 Safari/537.4 (StatusCake)"
188.226.139.158 - - [22/Aug/2016:09:31:32 +0100] "GET / HTTP/1.0" 200 9170 "http://paiskincare.com/" "Mozilla/5.0 (Windows NT 6.2; WOW64) AppleWebKit/537.4 (KHTML, like Gecko) Chrome/98 Safari/537.4 (StatusCake)"
198.41.234.14 - - [22/Aug/2016:09:32:34 +0100] "GET /blog/tag/chemotherapy/ HTTP/1.0" 301 693 "-" "Mozilla/5.0 (compatible; Baiduspider/2.0; +http://www.baidu.com/search/spider.html)"
46.101.27.186 - - [22/Aug/2016:09:32:58 +0100] "GET / HTTP/1.0" 301 652 "-" "Mozilla/5.0 (Windows NT 6.2; WOW64) AppleWebKit/537.4 (KHTML, like Gecko) Chrome/98 Safari/537.4 (StatusCake)"
46.101.27.186 - - [22/Aug/2016:09:33:01 +0100] "GET / HTTP/1.0" 200 9172 "http://paiskincare.com/" "Mozilla/5.0 (Windows NT 6.2; WOW64) AppleWebKit/537.4 (KHTML, like Gecko) Chrome/98 Safari/537.4 (StatusCake)"
212.44.14.197 - - [22/Aug/2016:09:33:33 +0100] "GET / HTTP/1.0" 200 9174 "https://www.google.co.uk/" "Mozilla/5.0 (Windows NT 6.1) AppleWebKit/537.36 (KHTML, like Gecko) Chrome/52.0.2743.116 Safari/537.36"
108.162.244.138 - - [22/Aug/2016:09:33:39 +0100] "GET /blog/tag/spots/page/2/ HTTP/1.0" 301 695 "-" "Mozilla/5.0 (compatible; Yahoo! Slurp; http://help.yahoo.com/help/us/ysearch/slurp)"
78.129.161.54 - - [22/Aug/2016:09:34:21 +0100] "GET / HTTP/1.0" 200 30671 "-" "Mozilla/5.0 (iPhone; CPU iPhone OS 9_3_4 like Mac OS X) AppleWebKit/601.1.46 (KHTML, like Gecko) Version/9.0 Mobile/13G35 Safari/601.1"
178.62.106.84 - - [22/Aug/2016:09:34:33 +0100] "GET / HTTP/1.0" 301 652 "-" "Mozilla/5.0 (Windows NT 6.2; WOW64) AppleWebKit/537.4 (KHTML, like Gecko) Chrome/98 Safari/537.4 (StatusCake)"
178.62.106.84 - - [22/Aug/2016:09:34:35 +0100] "GET / HTTP/1.0" 200 9170 "http://paiskincare.com/" "Mozilla/5.0 (Windows NT 6.2; WOW64) AppleWebKit/537.4 (KHTML, like Gecko) Chrome/98 Safari/537.4 (StatusCake)"
78.129.161.54 - - [22/Aug/2016:09:34:55 +0100] "GET /index.php?main_page=oembed&url=http://www.paiskincare.com/blog/2015/07/03/how-much-moisturiser-should-i-use/ HTTP/1.0" 200 666 "-" "Pinterest/0.2 (+http://www.pinterest.com/)"
78.129.161.54 - - [22/Aug/2016:09:34:55 +0100] "GET /blog/2015/07/03/how-much-moisturiser-should-i-use/ HTTP/1.0" 301 805 "-" "Pinterest/0.2 (+http://www.pinterest.com/)"
109.153.123.44 - - [22/Aug/2016:09:34:56 +0100] "GET / HTTP/1.0" 200 9165 "-" "Mozilla/5.0 (iPad; CPU OS 7_0_2 like Mac OS X) AppleWebKit/537.51.1 (KHTML, like Gecko) Version/7.0 Mobile/11A501 Safari/9537.53"
78.129.161.54 - - [22/Aug/2016:09:34:58 +0100] "GET /index.php?main_page=product_info&products_id=22%3A4987f9666c41d0ac747ed74996cfb132 HTTP/1.0" 301 670 "-" "Pinterest/0.2 (+http://www.pinterest.com/)"
78.129.161.54 - - [22/Aug/2016:09:34:58 +0100] "GET /rosehip-bioregenerate-oil-22%3A4987f9666c41d0ac747ed74996cfb132 HTTP/1.0" 200 40501 "-" "Pinterest/0.2 (+http://www.pinterest.com/)"
78.129.161.54 - - [22/Aug/2016:09:34:58 +0100] "GET /index.php?main_page=oembed&url=http://www.paiskincare.com/index.php?main_page=product_info&products_id=22:4987f9666c41d0ac747ed74996cfb132 HTTP/1.0" 200 1354 "-" "Pinterest/0.2 (+http://www.pinterest.com/)"
78.129.161.54 - - [22/Aug/2016:09:34:58 +0100] "GET / HTTP/1.0" 200 30486 "-" "Mozilla/5.0 (iPad; CPU OS 7_0_2 like Mac OS X) AppleWebKit/537.51.1 (KHTML, like Gecko) Version/7.0 Mobile/11A501 Safari/9537.53"
78.129.161.54 - - [22/Aug/2016:09:35:15 +0100] "GET /index.php?main_page=product_info&products_id=12 HTTP/1.0" 301 552 "http://www.paiskincare.com/" "Mozilla/5.0 (iPad; CPU OS 7_0_2 like Mac OS X) AppleWebKit/537.51.1 (KHTML, like Gecko) Version/7.0 Mobile/11A501 Safari/9537.53"
78.129.161.54 - - [22/Aug/2016:09:35:15 +0100] "GET /cleanse-tone-starter-kit-12 HTTP/1.0" 200 37860 "http://www.paiskincare.com/" "Mozilla/5.0 (iPad; CPU OS 7_0_2 like Mac OS X) AppleWebKit/537.51.1 (KHTML, like Gecko) Version/7.0 Mobile/11A501 Safari/9537.53"
77.245.91.53 - - [22/Aug/2016:09:35:26 +0100] "HEAD / HTTP/1.0" 301 588 "-" "downnotifier.com monitoring"
77.245.91.53 - - [22/Aug/2016:09:35:28 +0100] "HEAD / HTTP/1.0" 200 587 "-" "downnotifier.com monitoring"
65.67.212.5 - - [22/Aug/2016:09:35:38 +0100] "GET / HTTP/1.0" 301 652 "http://ticketfortrip.com/" "Mozilla/5.0 (Windows NT 10.0; WOW64; rv:43.0) Gecko/20100101 Firefox/43.0"
65.67.212.5 - - [22/Aug/2016:09:35:54 +0100] "GET / HTTP/1.0" 200 9056 "http://ticketfortrip.com/" "Mozilla/5.0 (Windows NT 10.0; WOW64; rv:43.0) Gecko/20100101 Firefox/43.0"
78.129.161.54 - - [22/Aug/2016:09:36:04 +0100] "POST /index.php?main_page=product_info&products_id=12&cPath=6&number_of_uploads=0&action=add_product HTTP/1.0" 302 578 "http://www.paiskincare.com/cleanse-tone-starter-kit-12" "Mozilla/5.0 (iPad; CPU OS 7_0_2 like Mac OS X) AppleWebKit/537.51.1 (KHTML, like Gecko) Version/7.0 Mobile/11A501 Safari/9537.53"
78.129.161.54 - - [22/Aug/2016:09:36:04 +0100] "GET /index.php?main_page=shopping_cart&number_of_uploads=0 HTTP/1.0" 200 34384 "http://www.paiskincare.com/cleanse-tone-starter-kit-12" "Mozilla/5.0 (iPad; CPU OS 7_0_2 like Mac OS X) AppleWebKit/537.51.1 (KHTML, like Gecko) Version/7.0 Mobile/11A501 Safari/9537.53"
178.62.101.57 - - [22/Aug/2016:09:36:11 +0100] "GET / HTTP/1.0" 301 652 "-" "Mozilla/5.0 (Windows NT 6.2; WOW64) AppleWebKit/537.4 (KHTML, like Gecko) Chrome/98 Safari/537.4 (StatusCake)"
78.129.161.54 - - [22/Aug/2016:09:36:14 +0100] "GET / HTTP/1.0" 200 30692 "http://paiskincare.com/" "Mozilla/5.0 (Windows NT 6.2; WOW64) AppleWebKit/537.4 (KHTML, like Gecko) Chrome/98 Safari/537.4 (StatusCake)"
62.199.251.130 - - [22/Aug/2016:09:36:52 +0100] "GET / HTTP/1.0" 302 722 "-" "Mozilla/5.0 (Macintosh; Intel Mac OS X 10_10_5) AppleWebKit/601.6.17 (KHTML, like Gecko) Version/9.1.1 Safari/601.6.17"
85.133.38.160 - - [22/Aug/2016:09:37:41 +0100] "GET / HTTP/1.0" 200 9173 "https://www.google.co.uk/" "Mozilla/5.0 (Windows NT 6.1; WOW64) AppleWebKit/537.36 (KHTML, like Gecko) Chrome/52.0.2743.116 Safari/537.36"
